{"id":1409,"date":"2013-08-15T17:50:13","date_gmt":"2013-08-15T17:50:13","guid":{"rendered":"http:\/\/www.ciencianews.com.br\/homologacao\/?page_id=1409"},"modified":"2013-08-15T17:50:13","modified_gmt":"2013-08-15T17:50:13","slug":"alunos-11a-turma-de-pos-graduacao-lato-sensu-em-hematologia-laboratorial","status":"publish","type":"page","link":"https:\/\/www.ciencianews.com.br\/index.php\/publicacoes\/monografias\/monografias-pos-graduacao-lato-sensu-em-hematologia-laboratorial\/alunos-11a-turma-de-pos-graduacao-lato-sensu-em-hematologia-laboratorial\/","title":{"rendered":"Alunos &#8211; 11\u00aa Turma de P\u00f3s-Gradua\u00e7\u00e3o Lato Sensu em Hematologia Laboratorial"},"content":{"rendered":"<p style=\"text-align: center;\"><img loading=\"lazy\" decoding=\"async\" class=\"aligncenter size-full wp-image-1361\" alt=\"\" src=\"http:\/\/www.ciencianews.com.br\/homologacao\/wp-content\/uploads\/2013\/08\/foto11hematologialaboratorial.jpg\" width=\"650\" height=\"368\" srcset=\"https:\/\/www.ciencianews.com.br\/wp-content\/uploads\/2013\/08\/foto11hematologialaboratorial.jpg 650w, https:\/\/www.ciencianews.com.br\/wp-content\/uploads\/2013\/08\/foto11hematologialaboratorial-300x169.jpg 300w\" sizes=\"auto, (max-width: 650px) 100vw, 650px\" \/>\u00c1lvaro Alves Caetano, Dores do Indai\u00e1-MG<\/p>\n<p style=\"text-align: center;\">C\u00e1rila Legnari, Ribeir\u00e3o Preto-SP<\/p>\n<p style=\"text-align: center;\">Carlos Roberto Sanches Filho, Mirassol-SP<\/p>\n<p style=\"text-align: center;\">Daiani Bonif\u00e1cio Santana, V\u00e1rzea Grande-MT<\/p>\n<p style=\"text-align: center;\">Danyelle Rodrigues Afonso, Uberaba-MG<\/p>\n<p style=\"text-align: center;\">D\u00e9lio Mastrella Rosa, Uruana-GO<\/p>\n<p style=\"text-align: center;\">Eder do Nascimento Ruete, Adamantina-SP<\/p>\n<p style=\"text-align: center;\">Elisabete Maria Batistela, Santa Rita do Passa Quatro-SP<\/p>\n<p style=\"text-align: center;\">Erika Mouzinho Franco, Uberaba-MG<\/p>\n<p style=\"text-align: center;\">Fernanda Alves Ferreira, An\u00e1polis-GO<\/p>\n<p style=\"text-align: center;\">Geisibel de Oliveira Del Santo, Lambari D\u2019Oeste-MT<\/p>\n<p style=\"text-align: center;\">Gisele Muniz Neves, Votuporanga-SP<\/p>\n<p style=\"text-align: center;\">Glauce Maria dos Santos, Brasilia-DF<\/p>\n<p style=\"text-align: center;\">Gylson Lupinetti Aguiar, Dourados-MS<\/p>\n<p style=\"text-align: center;\">Henver Antonio Martins Quirino, Bras\u00edlia-DF<\/p>\n<p style=\"text-align: center;\">Jos\u00e9 Persival Rico, Bras\u00edlia-DF<\/p>\n<p style=\"text-align: center;\">Keila Rejane Guimar\u00e3es Vilela, Jata\u00ed-GO<\/p>\n<p style=\"text-align: center;\">Lenira Nunes Maluf, Frutal-MG<\/p>\n<p style=\"text-align: center;\">L\u00edvia Maria Ximenes Sab\u00f3ia, Bras\u00edlia-DF<\/p>\n<p style=\"text-align: center;\">Luiz Ant\u00f4nio Ximenes, Santo Antonio da Platina-PR<\/p>\n<p style=\"text-align: center;\">Luiz Roberto Assis, Jata\u00ed-GO<\/p>\n<p style=\"text-align: center;\">M\u00e1rcia Romanelli Stipp Pereira, Pirassununga-SP<\/p>\n<p style=\"text-align: center;\">Maria do Livramento Campos Cantanhede, Bras\u00edlia-DF<\/p>\n<p style=\"text-align: center;\">Maria Fernanda Pinto Figueiredo, Montes Claros-MG<\/p>\n<p style=\"text-align: center;\">Meyre Soares do Monte, Cuiab\u00e1-MT<\/p>\n<p style=\"text-align: center;\">M\u00f4nica Gouveia Prado Medeiros, Belo Horizonte-MG<\/p>\n<p style=\"text-align: center;\">M\u00f4nica da Silva Rocha, Belfor Roxo-RJ<\/p>\n<p style=\"text-align: center;\">Natsue do Nascimento Itonaga, Uberaba-MG<\/p>\n<p style=\"text-align: center;\">Paula Stipp Pereira, Pirassununga-SP<\/p>\n<p style=\"text-align: center;\">Pedro Rodrigues de Sant\u2019Ana Junior, Po\u00e7os de Caldas-MG<\/p>\n<p style=\"text-align: center;\">Rafaela Batistela Bittencourt de Oliveira, Pirassununga-SP<\/p>\n<p style=\"text-align: center;\">Rebeca Dias Costa, Bras\u00edlia-DF<\/p>\n<p style=\"text-align: center;\">Roberta Rodrigues Natalino, Pirassununga-SP<\/p>\n<p style=\"text-align: center;\">Rui Rebou\u00e7as Miotello, Gar\u00e7a-SP<\/p>\n<p style=\"text-align: center;\">Suellen Miranda Pietraroia, Terra Boa-PR<\/p>\n<p style=\"text-align: center;\">Tatiana Coutinho da Silva Hott, Bras\u00edlia-DF<\/p>\n<p style=\"text-align: center;\">Tatiane Cristina de Souza, Ribeir\u00e3o Preto-SP<\/p>\n<p style=\"text-align: center;\">Thais Janaina Castagnaro, S\u00e3o Manoel-SP<\/p>\n<p style=\"text-align: center;\">Valeria Millarch Barbosa e Silva, Siqueira Campos-PR<\/p>\n<p style=\"text-align: center;\">Viviane Cristina Drogomirecki, Go\u00e2nia-GO<\/p>\n<p style=\"text-align: center;\">Viviane Del Lama Cardoso, Ribeirao Preto-SP<\/p>\n<p style=\"text-align: center;\">Wilson Athayde Ribeiro, Montes Claros-MG<\/p>\n","protected":false},"excerpt":{"rendered":"<p>\u00c1lvaro Alves Caetano, Dores do Indai\u00e1-MG C\u00e1rila Legnari, Ribeir\u00e3o Preto-SP Carlos Roberto Sanches Filho, Mirassol-SP Daiani Bonif\u00e1cio Santana, V\u00e1rzea Grande-MT Danyelle Rodrigues Afonso, Uberaba-MG D\u00e9lio Mastrella Rosa, Uruana-GO Eder do Nascimento Ruete, Adamantina-SP Elisabete Maria Batistela, Santa Rita do Passa [&hellip;]<\/p>\n","protected":false},"author":1,"featured_media":0,"parent":1345,"menu_order":0,"comment_status":"closed","ping_status":"closed","template":"","meta":{"_uag_custom_page_level_css":"","_joinchat":[],"footnotes":""},"class_list":["post-1409","page","type-page","status-publish","hentry"],"uagb_featured_image_src":{"full":false,"thumbnail":false,"medium":false,"medium_large":false,"large":false,"1536x1536":false,"2048x2048":false,"post-thumbnail":false,"business-hub-blog":false,"business-hub-work":false},"uagb_author_info":{"display_name":"real","author_link":"https:\/\/www.ciencianews.com.br\/index.php\/author\/real\/"},"uagb_comment_info":0,"uagb_excerpt":"\u00c1lvaro Alves Caetano, Dores do Indai\u00e1-MG C\u00e1rila Legnari, Ribeir\u00e3o Preto-SP Carlos Roberto Sanches Filho, Mirassol-SP Daiani Bonif\u00e1cio Santana, V\u00e1rzea Grande-MT Danyelle Rodrigues Afonso, Uberaba-MG D\u00e9lio Mastrella Rosa, Uruana-GO Eder do Nascimento Ruete, Adamantina-SP Elisabete Maria Batistela, Santa Rita do Passa [&hellip;]","_links":{"self":[{"href":"https:\/\/www.ciencianews.com.br\/index.php\/wp-json\/wp\/v2\/pages\/1409","targetHints":{"allow":["GET"]}}],"collection":[{"href":"https:\/\/www.ciencianews.com.br\/index.php\/wp-json\/wp\/v2\/pages"}],"about":[{"href":"https:\/\/www.ciencianews.com.br\/index.php\/wp-json\/wp\/v2\/types\/page"}],"author":[{"embeddable":true,"href":"https:\/\/www.ciencianews.com.br\/index.php\/wp-json\/wp\/v2\/users\/1"}],"replies":[{"embeddable":true,"href":"https:\/\/www.ciencianews.com.br\/index.php\/wp-json\/wp\/v2\/comments?post=1409"}],"version-history":[{"count":1,"href":"https:\/\/www.ciencianews.com.br\/index.php\/wp-json\/wp\/v2\/pages\/1409\/revisions"}],"predecessor-version":[{"id":1410,"href":"https:\/\/www.ciencianews.com.br\/index.php\/wp-json\/wp\/v2\/pages\/1409\/revisions\/1410"}],"up":[{"embeddable":true,"href":"https:\/\/www.ciencianews.com.br\/index.php\/wp-json\/wp\/v2\/pages\/1345"}],"wp:attachment":[{"href":"https:\/\/www.ciencianews.com.br\/index.php\/wp-json\/wp\/v2\/media?parent=1409"}],"curies":[{"name":"wp","href":"https:\/\/api.w.org\/{rel}","templated":true}]}}

Alunos &#8211; 11ª Turma de Pós-Graduação Lato Sensu em Hematologia Laboratorial

<p style="text-align: center;"><img loading="lazy" decoding="async" class="aligncenter size-full wp-image-1361" alt="" src="http://www.ciencianews.com.br/homologacao/wp-content/uploads/2013/08/foto11hematologialaboratorial.jpg" width="650" height="368" srcset="https://www.ciencianews.com.br/wp-content/uploads/2013/08/foto11hematologialaboratorial.jpg 650w, https://www.ciencianews.com.br/wp-content/uploads/2013/08/foto11hematologialaboratorial-300x169.jpg 300w" sizes="auto, (max-width: 650px) 100vw, 650px" />Álvaro Alves Caetano, Dores do Indaiá-MG</p>
<p style="text-align: center;">Cárila Legnari, Ribeirão Preto-SP</p>
<p style="text-align: center;">Carlos Roberto Sanches Filho, Mirassol-SP</p>
<p style="text-align: center;">Daiani Bonifácio Santana, Várzea Grande-MT</p>
<p style="text-align: center;">Danyelle Rodrigues Afonso, Uberaba-MG</p>
<p style="text-align: center;">Délio Mastrella Rosa, Uruana-GO</p>
<p style="text-align: center;">Eder do Nascimento Ruete, Adamantina-SP</p>
<p style="text-align: center;">Elisabete Maria Batistela, Santa Rita do Passa Quatro-SP</p>
<p style="text-align: center;">Erika Mouzinho Franco, Uberaba-MG</p>
<p style="text-align: center;">Fernanda Alves Ferreira, Anápolis-GO</p>
<p style="text-align: center;">Geisibel de Oliveira Del Santo, Lambari D’Oeste-MT</p>
<p style="text-align: center;">Gisele Muniz Neves, Votuporanga-SP</p>
<p style="text-align: center;">Glauce Maria dos Santos, Brasilia-DF</p>
<p style="text-align: center;">Gylson Lupinetti Aguiar, Dourados-MS</p>
<p style="text-align: center;">Henver Antonio Martins Quirino, Brasília-DF</p>
<p style="text-align: center;">José Persival Rico, Brasília-DF</p>
<p style="text-align: center;">Keila Rejane Guimarães Vilela, Jataí-GO</p>
<p style="text-align: center;">Lenira Nunes Maluf, Frutal-MG</p>
<p style="text-align: center;">Lívia Maria Ximenes Sabóia, Brasília-DF</p>
<p style="text-align: center;">Luiz Antônio Ximenes, Santo Antonio da Platina-PR</p>
<p style="text-align: center;">Luiz Roberto Assis, Jataí-GO</p>
<p style="text-align: center;">Márcia Romanelli Stipp Pereira, Pirassununga-SP</p>
<p style="text-align: center;">Maria do Livramento Campos Cantanhede, Brasília-DF</p>
<p style="text-align: center;">Maria Fernanda Pinto Figueiredo, Montes Claros-MG</p>
<p style="text-align: center;">Meyre Soares do Monte, Cuiabá-MT</p>
<p style="text-align: center;">Mônica Gouveia Prado Medeiros, Belo Horizonte-MG</p>
<p style="text-align: center;">Mônica da Silva Rocha, Belfor Roxo-RJ</p>
<p style="text-align: center;">Natsue do Nascimento Itonaga, Uberaba-MG</p>
<p style="text-align: center;">Paula Stipp Pereira, Pirassununga-SP</p>
<p style="text-align: center;">Pedro Rodrigues de Sant’Ana Junior, Poços de Caldas-MG</p>
<p style="text-align: center;">Rafaela Batistela Bittencourt de Oliveira, Pirassununga-SP</p>
<p style="text-align: center;">Rebeca Dias Costa, Brasília-DF</p>
<p style="text-align: center;">Roberta Rodrigues Natalino, Pirassununga-SP</p>
<p style="text-align: center;">Rui Rebouças Miotello, Garça-SP</p>
<p style="text-align: center;">Suellen Miranda Pietraroia, Terra Boa-PR</p>
<p style="text-align: center;">Tatiana Coutinho da Silva Hott, Brasília-DF</p>
<p style="text-align: center;">Tatiane Cristina de Souza, Ribeirão Preto-SP</p>
<p style="text-align: center;">Thais Janaina Castagnaro, São Manoel-SP</p>
<p style="text-align: center;">Valeria Millarch Barbosa e Silva, Siqueira Campos-PR</p>
<p style="text-align: center;">Viviane Cristina Drogomirecki, Goânia-GO</p>
<p style="text-align: center;">Viviane Del Lama Cardoso, Ribeirao Preto-SP</p>
<p style="text-align: center;">Wilson Athayde Ribeiro, Montes Claros-MG</p>

<p>Álvaro Alves Caetano, Dores do Indaiá-MG Cárila Legnari, Ribeirão Preto-SP Carlos Roberto Sanches Filho, Mirassol-SP Daiani Bonifácio Santana, Várzea Grande-MT Danyelle Rodrigues Afonso, Uberaba-MG Délio Mastrella Rosa, Uruana-GO Eder do Nascimento Ruete, Adamantina-SP Elisabete Maria Batistela, Santa Rita do Passa [&hellip;]</p>

Álvaro Alves Caetano, Dores do Indaiá-MG Cárila Legnari, Ribeirão Preto-SP Carlos Roberto Sanches Filho, Mirassol-SP Daiani Bonifácio Santana, Várzea Grande-MT Danyelle Rodrigues Afonso, Uberaba-MG Délio Mastrella Rosa, Uruana-GO Eder do Nascimento Ruete, Adamantina-SP Elisabete Maria Batistela, Santa Rita do Passa [&hellip;]
