{"id":2558,"date":"2014-12-04T17:20:54","date_gmt":"2014-12-04T17:20:54","guid":{"rendered":"http:\/\/www.ciencianews.com.br\/?page_id=2558"},"modified":"2015-08-22T14:16:09","modified_gmt":"2015-08-22T14:16:09","slug":"quick-class-aula-rapida","status":"publish","type":"page","link":"https:\/\/www.ciencianews.com.br\/index.php\/quick-class-aula-rapida\/","title":{"rendered":"QUICK-CLASS (Aula R\u00e1pida)"},"content":{"rendered":"<h2 style=\"text-align: center;\"><span style=\"text-decoration: underline;\"><strong>Plaquetas<\/strong><\/span><\/h2>\n<p>&nbsp;<\/p>\n<h5 style=\"text-align: center;\"><em><span style=\"color: #0000ff;\"><span style=\"color: #0000ff;\"><strong><a title=\"QUICK-CLASS (Aula R\u00e1pida) \u2013 Plaquetas\" href=\"http:\/\/www.ciencianews.com.br\/index.php\/quick-class-aula-rapida-plaquetas\/\">Plaquetog\u00eanese da Medula ao Sangue Perif\u00e9rico<\/a><\/strong><\/span><\/span><em><\/em><\/em><\/h5>\n<h5 style=\"text-align: center;\"><em><span style=\"color: #0000ff;\"><span style=\"color: #0000ff;\"><strong><a title=\"QUICK-CLASS (Aula R\u00e1pida) \u2013 Plaquetas\" href=\"http:\/\/www.ciencianews.com.br\/index.php\/quick-class-aula-rapida\/quick-class-aula-rapida-plaquetas-2\/\">Fun\u00e7\u00f5es das Plaquetas<\/a><\/strong><\/span><\/span><em><\/em><\/em><\/h5>\n<h5 style=\"text-align: center;\"><em><span style=\"color: #0000ff;\"><span style=\"color: #0000ff;\"><strong><a title=\"QUICK-CLASS (Aula R\u00e1pida) \u2013 Plaquetas\" href=\"http:\/\/www.ciencianews.com.br\/index.php\/quick-class-aula-rapida\/quick-class-aula-rapida-plaquetas-3\/\">Estrutura Qu\u00edmica das Plaquetas e suas Fun\u00e7\u00f5es<\/a><\/strong><\/span><\/span><em><\/em><\/em><\/h5>\n<h5 style=\"text-align: center;\"><em><span style=\"color: #0000ff;\"><span style=\"color: #0000ff;\"><strong><a title=\"QUICK-CLASS (Aula R\u00e1pida) \u2013 Plaquetas\" href=\"http:\/\/www.ciencianews.com.br\/index.php\/quick-class-aula-rapida\/quick-class-aula-rapida-plaquetas-4\/\">Import\u00e2ncia Cl\u00ednica da Avalia\u00e7\u00e3o das Plaquetas<\/a><\/strong><\/span><\/span><em><\/em><\/em><\/h5>\n<h5 style=\"text-align: center;\"><em><span style=\"color: #0000ff;\"><span style=\"color: #0000ff;\"><strong><a title=\"QUICK-CLASS (Aula R\u00e1pida) \u2013 Plaquetas\" href=\"http:\/\/www.ciencianews.com.br\/index.php\/quick-class-aula-rapida\/quick-class-aula-rapida-plaquetas-5\/\">Avalia\u00e7\u00e3o Laboratorial das Plaquetas<\/a><\/strong><\/span><\/span><em><\/em><\/em><\/h5>\n<h5 style=\"text-align: center;\"><em><span style=\"color: #0000ff;\"><span style=\"color: #0000ff;\"><strong><a title=\"QUICK-CLASS (Aula R\u00e1pida) \u2013 Plaquetas\" href=\"http:\/\/www.ciencianews.com.br\/index.php\/quick-class-aula-rapida\/quick-class-aula-rapida-plaquetas-5\/\">Plaquetopenias Adquiridas e suas Causas<\/a><\/strong><\/span><\/span><em><\/em><\/em><\/h5>\n<h5 style=\"text-align: center;\"><em><span style=\"color: #0000ff;\"><span style=\"color: #0000ff;\"><strong><a title=\"QUICK-CLASS (Aula R\u00e1pida) \u2013 Plaquetas\" href=\"http:\/\/www.ciencianews.com.br\/index.php\/quick-class-aula-rapida\/quick-class-aula-rapida-plaquetas-7\/\">Trombocitopatias Adquiridas<\/a><\/strong><\/span><\/span><em><\/em><\/em><\/h5>\n<h5 style=\"text-align: center;\"><em><span style=\"color: #0000ff;\"><span style=\"color: #0000ff;\"><strong><a title=\"QUICK-CLASS (Aula R\u00e1pida) \u2013 Plaquetas\" href=\"http:\/\/www.ciencianews.com.br\/index.php\/quick-class-aula-rapida\/quick-class-aula-rapida-plaquetas-8\/\">Trombocitopatias Heredit\u00e1rias<\/a><\/strong><\/span><\/span><em><\/em><\/em><\/h5>\n<h5 style=\"text-align: center;\"><em><span style=\"color: #0000ff;\"><span style=\"color: #0000ff;\"><strong><a title=\"QUICK-CLASS (Aula R\u00e1pida) \u2013 Plaquetas\" href=\"http:\/\/www.ciencianews.com.br\/index.php\/quick-class-aula-rapida\/quick-class-aula-rapida-plaquetas-9\/\">Tempo de Sangramento | Retrata\u00e7\u00e3o do Co\u00e1gulo | Prova do La\u00e7o<\/a><\/strong><\/span><\/span><em><\/em><\/em><\/h5>\n<h5 style=\"text-align: center;\"><em><span style=\"color: #0000ff;\"><span style=\"color: #0000ff;\"><strong><a title=\"QUICK-CLASS (Aula R\u00e1pida) \u2013 Plaquetas\" href=\"http:\/\/www.ciencianews.com.br\/index.php\/quick-class-aula-rapida\/quick-class-aula-rapida-plaquetas-10\/\">Agrega\u00e7\u00e3o Plaquet\u00e1ria<\/a><\/strong><\/span><\/span><em><\/em><\/em><\/h5>\n<p>&nbsp;<\/p>\n","protected":false},"excerpt":{"rendered":"<p>Plaquetas &nbsp; Plaquetog\u00eanese da Medula ao Sangue Perif\u00e9rico Fun\u00e7\u00f5es das Plaquetas Estrutura Qu\u00edmica das Plaquetas e suas Fun\u00e7\u00f5es Import\u00e2ncia Cl\u00ednica da Avalia\u00e7\u00e3o das Plaquetas Avalia\u00e7\u00e3o Laboratorial das Plaquetas Plaquetopenias Adquiridas e suas Causas Trombocitopatias Adquiridas Trombocitopatias Heredit\u00e1rias Tempo de Sangramento [&hellip;]<\/p>\n","protected":false},"author":2,"featured_media":0,"parent":0,"menu_order":0,"comment_status":"closed","ping_status":"closed","template":"","meta":{"_uag_custom_page_level_css":"","_joinchat":[],"footnotes":""},"class_list":["post-2558","page","type-page","status-publish","hentry"],"uagb_featured_image_src":{"full":false,"thumbnail":false,"medium":false,"medium_large":false,"large":false,"1536x1536":false,"2048x2048":false,"post-thumbnail":false,"business-hub-blog":false,"business-hub-work":false},"uagb_author_info":{"display_name":"admin","author_link":"https:\/\/www.ciencianews.com.br\/index.php\/author\/admin\/"},"uagb_comment_info":0,"uagb_excerpt":"Plaquetas &nbsp; Plaquetog\u00eanese da Medula ao Sangue Perif\u00e9rico Fun\u00e7\u00f5es das Plaquetas Estrutura Qu\u00edmica das Plaquetas e suas Fun\u00e7\u00f5es Import\u00e2ncia Cl\u00ednica da Avalia\u00e7\u00e3o das Plaquetas Avalia\u00e7\u00e3o Laboratorial das Plaquetas Plaquetopenias Adquiridas e suas Causas Trombocitopatias Adquiridas Trombocitopatias Heredit\u00e1rias Tempo de Sangramento [&hellip;]","_links":{"self":[{"href":"https:\/\/www.ciencianews.com.br\/index.php\/wp-json\/wp\/v2\/pages\/2558","targetHints":{"allow":["GET"]}}],"collection":[{"href":"https:\/\/www.ciencianews.com.br\/index.php\/wp-json\/wp\/v2\/pages"}],"about":[{"href":"https:\/\/www.ciencianews.com.br\/index.php\/wp-json\/wp\/v2\/types\/page"}],"author":[{"embeddable":true,"href":"https:\/\/www.ciencianews.com.br\/index.php\/wp-json\/wp\/v2\/users\/2"}],"replies":[{"embeddable":true,"href":"https:\/\/www.ciencianews.com.br\/index.php\/wp-json\/wp\/v2\/comments?post=2558"}],"version-history":[{"count":15,"href":"https:\/\/www.ciencianews.com.br\/index.php\/wp-json\/wp\/v2\/pages\/2558\/revisions"}],"predecessor-version":[{"id":3062,"href":"https:\/\/www.ciencianews.com.br\/index.php\/wp-json\/wp\/v2\/pages\/2558\/revisions\/3062"}],"wp:attachment":[{"href":"https:\/\/www.ciencianews.com.br\/index.php\/wp-json\/wp\/v2\/media?parent=2558"}],"curies":[{"name":"wp","href":"https:\/\/api.w.org\/{rel}","templated":true}]}}