{"id":2562,"date":"2014-12-04T17:35:49","date_gmt":"2014-12-04T17:35:49","guid":{"rendered":"http:\/\/www.ciencianews.com.br\/?page_id=2562"},"modified":"2014-12-09T10:08:47","modified_gmt":"2014-12-09T10:08:47","slug":"quick-class-aula-rapida-plaquetas","status":"publish","type":"page","link":"https:\/\/www.ciencianews.com.br\/index.php\/quick-class-aula-rapida\/quick-class-aula-rapida-plaquetas\/","title":{"rendered":"QUICK-CLASS (Aula R\u00e1pida) &#8211; Plaquetas"},"content":{"rendered":"<h1 style=\"text-align: center;\"><strong>Plaquetog\u00eanese da Medula ao Sangue Perif\u00e9rico<\/strong><\/h1>\n<p style=\"text-align: center;\"><iframe loading=\"lazy\" src=\"\/\/www.youtube.com\/embed\/MlMdTy0Trgg\" height=\"315\" width=\"420\" allowfullscreen=\"\" frameborder=\"0\"><\/iframe><\/p>\n<h3><strong>Pr\u00f3xima Aula:\u00a0<\/strong><em><strong><a title=\"QUICK-CLASS (Aula R\u00e1pida) \u2013 Plaquetas\" href=\"http:\/\/www.ciencianews.com.br\/index.php\/quick-class-aula-rapida\/quick-class-aula-rapida-plaquetas-2\/\">Fun\u00e7\u00f5es das Plaquetas<\/a><\/strong><\/em><\/h3>\n","protected":false},"excerpt":{"rendered":"<p>Plaquetog\u00eanese da Medula ao Sangue Perif\u00e9rico Pr\u00f3xima Aula:\u00a0Fun\u00e7\u00f5es das Plaquetas<\/p>\n","protected":false},"author":2,"featured_media":0,"parent":2558,"menu_order":0,"comment_status":"closed","ping_status":"closed","template":"","meta":{"_uag_custom_page_level_css":"","_joinchat":[],"footnotes":""},"class_list":["post-2562","page","type-page","status-publish","hentry"],"uagb_featured_image_src":{"full":false,"thumbnail":false,"medium":false,"medium_large":false,"large":false,"1536x1536":false,"2048x2048":false,"post-thumbnail":false,"business-hub-blog":false,"business-hub-work":false},"uagb_author_info":{"display_name":"admin","author_link":"https:\/\/www.ciencianews.com.br\/index.php\/author\/admin\/"},"uagb_comment_info":0,"uagb_excerpt":"Plaquetog\u00eanese da Medula ao Sangue Perif\u00e9rico Pr\u00f3xima Aula:\u00a0Fun\u00e7\u00f5es das Plaquetas","_links":{"self":[{"href":"https:\/\/www.ciencianews.com.br\/index.php\/wp-json\/wp\/v2\/pages\/2562","targetHints":{"allow":["GET"]}}],"collection":[{"href":"https:\/\/www.ciencianews.com.br\/index.php\/wp-json\/wp\/v2\/pages"}],"about":[{"href":"https:\/\/www.ciencianews.com.br\/index.php\/wp-json\/wp\/v2\/types\/page"}],"author":[{"embeddable":true,"href":"https:\/\/www.ciencianews.com.br\/index.php\/wp-json\/wp\/v2\/users\/2"}],"replies":[{"embeddable":true,"href":"https:\/\/www.ciencianews.com.br\/index.php\/wp-json\/wp\/v2\/comments?post=2562"}],"version-history":[{"count":20,"href":"https:\/\/www.ciencianews.com.br\/index.php\/wp-json\/wp\/v2\/pages\/2562\/revisions"}],"predecessor-version":[{"id":2744,"href":"https:\/\/www.ciencianews.com.br\/index.php\/wp-json\/wp\/v2\/pages\/2562\/revisions\/2744"}],"up":[{"embeddable":true,"href":"https:\/\/www.ciencianews.com.br\/index.php\/wp-json\/wp\/v2\/pages\/2558"}],"wp:attachment":[{"href":"https:\/\/www.ciencianews.com.br\/index.php\/wp-json\/wp\/v2\/media?parent=2562"}],"curies":[{"name":"wp","href":"https:\/\/api.w.org\/{rel}","templated":true}]}}