{"id":2605,"date":"2014-12-04T19:14:30","date_gmt":"2014-12-04T19:14:30","guid":{"rendered":"http:\/\/www.ciencianews.com.br\/?page_id=2605"},"modified":"2014-12-05T19:51:57","modified_gmt":"2014-12-05T19:51:57","slug":"quick-class-aula-rapida-plaquetas-3","status":"publish","type":"page","link":"https:\/\/www.ciencianews.com.br\/index.php\/quick-class-aula-rapida\/quick-class-aula-rapida-plaquetas-3\/","title":{"rendered":"QUICK-CLASS (Aula R\u00e1pida) &#8211; Plaquetas"},"content":{"rendered":"<h1 style=\"text-align: center;\">Estrutura Qu\u00edmica das Plaquetas e suas Fun\u00e7\u00f5es<\/h1>\n<p style=\"text-align: center;\"><iframe loading=\"lazy\" src=\"\/\/www.youtube.com\/embed\/uuwixP5KsVE\" height=\"315\" width=\"420\" allowfullscreen=\"\" frameborder=\"0\"><\/iframe><\/p>\n<h3><strong>Pr\u00f3xima Aula:\u00a0<\/strong><em><strong><a title=\"QUICK-CLASS (Aula R\u00e1pida) \u2013 Plaquetas\" href=\"http:\/\/www.ciencianews.com.br\/index.php\/quick-class-aula-rapida\/quick-class-aula-rapida-plaquetas-4\/\">Import\u00e2ncia Cl\u00ednica da Avalia\u00e7\u00e3o das Plaquetas<\/a><\/strong><\/em><\/h3>\n","protected":false},"excerpt":{"rendered":"<p>Estrutura Qu\u00edmica das Plaquetas e suas Fun\u00e7\u00f5es Pr\u00f3xima Aula:\u00a0Import\u00e2ncia Cl\u00ednica da Avalia\u00e7\u00e3o das Plaquetas<\/p>\n","protected":false},"author":2,"featured_media":0,"parent":2558,"menu_order":0,"comment_status":"closed","ping_status":"closed","template":"","meta":{"_uag_custom_page_level_css":"","_joinchat":[],"footnotes":""},"class_list":["post-2605","page","type-page","status-publish","hentry"],"uagb_featured_image_src":{"full":false,"thumbnail":false,"medium":false,"medium_large":false,"large":false,"1536x1536":false,"2048x2048":false,"post-thumbnail":false,"business-hub-blog":false,"business-hub-work":false},"uagb_author_info":{"display_name":"admin","author_link":"https:\/\/www.ciencianews.com.br\/index.php\/author\/admin\/"},"uagb_comment_info":0,"uagb_excerpt":"Estrutura Qu\u00edmica das Plaquetas e suas Fun\u00e7\u00f5es Pr\u00f3xima Aula:\u00a0Import\u00e2ncia Cl\u00ednica da Avalia\u00e7\u00e3o das Plaquetas","_links":{"self":[{"href":"https:\/\/www.ciencianews.com.br\/index.php\/wp-json\/wp\/v2\/pages\/2605","targetHints":{"allow":["GET"]}}],"collection":[{"href":"https:\/\/www.ciencianews.com.br\/index.php\/wp-json\/wp\/v2\/pages"}],"about":[{"href":"https:\/\/www.ciencianews.com.br\/index.php\/wp-json\/wp\/v2\/types\/page"}],"author":[{"embeddable":true,"href":"https:\/\/www.ciencianews.com.br\/index.php\/wp-json\/wp\/v2\/users\/2"}],"replies":[{"embeddable":true,"href":"https:\/\/www.ciencianews.com.br\/index.php\/wp-json\/wp\/v2\/comments?post=2605"}],"version-history":[{"count":10,"href":"https:\/\/www.ciencianews.com.br\/index.php\/wp-json\/wp\/v2\/pages\/2605\/revisions"}],"predecessor-version":[{"id":2738,"href":"https:\/\/www.ciencianews.com.br\/index.php\/wp-json\/wp\/v2\/pages\/2605\/revisions\/2738"}],"up":[{"embeddable":true,"href":"https:\/\/www.ciencianews.com.br\/index.php\/wp-json\/wp\/v2\/pages\/2558"}],"wp:attachment":[{"href":"https:\/\/www.ciencianews.com.br\/index.php\/wp-json\/wp\/v2\/media?parent=2605"}],"curies":[{"name":"wp","href":"https:\/\/api.w.org\/{rel}","templated":true}]}}