{"id":2761,"date":"2014-12-09T11:57:50","date_gmt":"2014-12-09T11:57:50","guid":{"rendered":"http:\/\/www.ciencianews.com.br\/?page_id=2761"},"modified":"2014-12-09T12:17:51","modified_gmt":"2014-12-09T12:17:51","slug":"livro-livre-doenca-das-celulas-falciformes","status":"publish","type":"page","link":"https:\/\/www.ciencianews.com.br\/index.php\/livro-livre-doenca-das-celulas-falciformes\/","title":{"rendered":"Livro Livre &#8211; Doen\u00e7a das C\u00e9lulas Falciformes"},"content":{"rendered":"<h2 style=\"text-align: center;\"><strong>Doen\u00e7a das C\u00e9lulas Falciformes<\/strong><\/h2>\n<p>&nbsp;<\/p>\n<h5 style=\"text-align: center;\"><em><span style=\"color: #0000ff;\"><span style=\"color: #0000ff;\"><strong><a  href=\"\/arquivos\/ACET\/IMAGENS\/cds_livros\/Doen\u00e7a das c\u00e9lulas falciformes\/Apresenta\u00e7\u00e3o.pdf\" target=\"_blank\">Apresenta\u00e7\u00e3o<\/a><\/strong><\/span><\/span><em><\/em><\/em><\/h5>\n<h5 style=\"text-align: center;\"><em><span style=\"color: #0000ff;\"><span style=\"color: #0000ff;\"><strong><a  href=\"\/arquivos\/ACET\/IMAGENS\/cds_livros\/Doen\u00e7a das c\u00e9lulas falciformes\/Pref\u00e1cio.pdf\" target=\"_blank\">Pref\u00e1cio<\/a><\/strong><\/span><\/span><em><\/em><\/em><\/h5>\n<h5 style=\"text-align: center;\"><em><span style=\"color: #0000ff;\"><span style=\"color: #0000ff;\"><strong><a  href=\"\/arquivos\/ACET\/IMAGENS\/cds_livros\/Doen\u00e7a das c\u00e9lulas falciformes\/Sum\u00e1rio.pdf\" target=\"_blank\">Sum\u00e1rio<\/a><\/strong><\/span><\/span><em><\/em><\/em><\/h5>\n<h5 style=\"text-align: center;\"><em><span style=\"color: #0000ff;\"><span style=\"color: #0000ff;\"><strong><a  href=\"\/arquivos\/ACET\/IMAGENS\/cds_livros\/Doen\u00e7a das c\u00e9lulas falciformes\/Cap\u00edtulo 01.pdf\" target=\"_blank\">Cap\u00edtulo 01<\/a><\/strong><\/span><\/span><em><\/em><\/em><\/h5>\n<h5 style=\"text-align: center;\"><em><span style=\"color: #0000ff;\"><span style=\"color: #0000ff;\"><strong><a  href=\"\/arquivos\/ACET\/IMAGENS\/cds_livros\/Doen\u00e7a das c\u00e9lulas falciformes\/Cap\u00edtulo 02.pdf\" target=\"_blank\">Cap\u00edtulo 02<\/a><\/strong><\/span><\/span><em><\/em><\/em><\/h5>\n<h5 style=\"text-align: center;\"><em><span style=\"color: #0000ff;\"><span style=\"color: #0000ff;\"><strong><a  href=\"\/arquivos\/ACET\/IMAGENS\/cds_livros\/Doen\u00e7a das c\u00e9lulas falciformes\/Cap\u00edtulo 03.pdf\" target=\"_blank\">Cap\u00edtulo 03<\/a><\/strong><\/span><\/span><em><\/em><\/em><\/h5>\n<h5 style=\"text-align: center;\"><em><span style=\"color: #0000ff;\"><span style=\"color: #0000ff;\"><strong><a  href=\"\/arquivos\/ACET\/IMAGENS\/cds_livros\/Doen\u00e7a das c\u00e9lulas falciformes\/Cap\u00edtulo 04.pdf\" target=\"_blank\">Cap\u00edtulo 04<\/a><\/strong><\/span><\/span><em><\/em><\/em><\/h5>\n<h5 style=\"text-align: center;\"><em><span style=\"color: #0000ff;\"><span style=\"color: #0000ff;\"><strong><a  href=\"\/arquivos\/ACET\/IMAGENS\/cds_livros\/Doen\u00e7a das c\u00e9lulas falciformes\/Cap\u00edtulo 05.pdf\" target=\"_blank\">Cap\u00edtulo 05<\/a><\/strong><\/span><\/span><em><\/em><\/em><\/h5>\n<h5 style=\"text-align: center;\"><em><span style=\"color: #0000ff;\"><span style=\"color: #0000ff;\"><strong><a  href=\"\/arquivos\/ACET\/IMAGENS\/cds_livros\/Doen\u00e7a das c\u00e9lulas falciformes\/Cap\u00edtulo 06.pdf\" target=\"_blank\">Cap\u00edtulo 06<\/a><\/strong><\/span><\/span><em><\/em><\/em><\/h5>\n<h5 style=\"text-align: center;\"><em><span style=\"color: #0000ff;\"><span style=\"color: #0000ff;\"><strong><a  href=\"\/arquivos\/ACET\/IMAGENS\/cds_livros\/Doen\u00e7a das c\u00e9lulas falciformes\/Cap\u00edtulo 07.pdf\" target=\"_blank\">Cap\u00edtulo 07<\/a><\/strong><\/span><\/span><em><\/em><\/em><\/h5>\n<h5 style=\"text-align: center;\"><em><span style=\"color: #0000ff;\"><span style=\"color: #0000ff;\"><strong><a  href=\"\/arquivos\/ACET\/IMAGENS\/cds_livros\/Doen\u00e7a das c\u00e9lulas falciformes\/Cap\u00edtulo 08.pdf\" target=\"_blank\">Cap\u00edtulo 08<\/a><\/strong><\/span><\/span><em><\/em><\/em><\/h5>\n<h5 style=\"text-align: center;\"><em><span style=\"color: #0000ff;\"><span style=\"color: #0000ff;\"><strong><a  href=\"\/arquivos\/ACET\/IMAGENS\/cds_livros\/Doen\u00e7a das c\u00e9lulas falciformes\/Cap\u00edtulo 09.pdf\" target=\"_blank\">Cap\u00edtulo 09<\/a><\/strong><\/span><\/span><em><\/em><\/em><\/h5>\n<h5 style=\"text-align: center;\"><em><span style=\"color: #0000ff;\"><span style=\"color: #0000ff;\"><strong><a  href=\"\/arquivos\/ACET\/IMAGENS\/cds_livros\/Doen\u00e7a das c\u00e9lulas falciformes\/Cap\u00edtulo 10.pdf\" target=\"_blank\">Cap\u00edtulo 10<\/a><\/strong><\/span><\/span><em><\/em><\/em><\/h5>\n<h5 style=\"text-align: center;\"><em><span style=\"color: #0000ff;\"><span style=\"color: #0000ff;\"><strong><a  href=\"\/arquivos\/ACET\/IMAGENS\/cds_livros\/Doen\u00e7a das c\u00e9lulas falciformes\/Cap\u00edtulo 11.pdf\" target=\"_blank\">Cap\u00edtulo 11<\/a><\/strong><\/span><\/span><em><\/em><\/em><\/h5>\n<h5 style=\"text-align: center;\"><em><span style=\"color: #0000ff;\"><span style=\"color: #0000ff;\"><strong><a  href=\"\/arquivos\/ACET\/IMAGENS\/cds_livros\/Doen\u00e7a das c\u00e9lulas falciformes\/Cap\u00edtulo 12.pdf\" target=\"_blank\">Cap\u00edtulo 12<\/a><\/strong><\/span><\/span><em><\/em><\/em><\/h5>\n<h5 style=\"text-align: center;\"><em><span style=\"color: #0000ff;\"><span style=\"color: #0000ff;\"><strong><a  href=\"\/arquivos\/ACET\/IMAGENS\/cds_livros\/Doen\u00e7a das c\u00e9lulas falciformes\/Cap\u00edtulo 13.pdf\" target=\"_blank\">Cap\u00edtulo 13<\/a><\/strong><\/span><\/span><em><\/em><\/em><\/h5>\n<h5 style=\"text-align: center;\"><em><span style=\"color: #0000ff;\"><span style=\"color: #0000ff;\"><strong><a  href=\"\/arquivos\/ACET\/IMAGENS\/cds_livros\/Doen\u00e7a das c\u00e9lulas falciformes\/Cap\u00edtulo 14.pdf\" target=\"_blank\">Cap\u00edtulo 14<\/a><\/strong><\/span><\/span><em><\/em><\/em><\/h5>\n<h5 style=\"text-align: center;\"><em><span style=\"color: #0000ff;\"><span style=\"color: #0000ff;\"><strong><a  href=\"\/arquivos\/ACET\/IMAGENS\/cds_livros\/Doen\u00e7a das c\u00e9lulas falciformes\/Cap\u00edtulo 15.pdf\" target=\"_blank\">Cap\u00edtulo 15<\/a><\/strong><\/span><\/span><em><\/em><\/em><\/h5>\n<h5 style=\"text-align: center;\"><em><span style=\"color: #0000ff;\"><span style=\"color: #0000ff;\"><strong><a  href=\"\/arquivos\/ACET\/IMAGENS\/cds_livros\/Doen\u00e7a das c\u00e9lulas falciformes\/Refer\u00eancias Bibliogr\u00e1ficas.pdf\" target=\"_blank\">Refer\u00eancia Bibliogr\u00e1ficas<\/a><\/strong><\/span><\/span><em><\/em><\/em><\/h5>\n","protected":false},"excerpt":{"rendered":"<p>Doen\u00e7a das C\u00e9lulas Falciformes &nbsp; Apresenta\u00e7\u00e3o Pref\u00e1cio Sum\u00e1rio Cap\u00edtulo 01 Cap\u00edtulo 02 Cap\u00edtulo 03 Cap\u00edtulo 04 Cap\u00edtulo 05 Cap\u00edtulo 06 Cap\u00edtulo 07 Cap\u00edtulo 08 Cap\u00edtulo 09 Cap\u00edtulo 10 Cap\u00edtulo 11 Cap\u00edtulo 12 Cap\u00edtulo 13 Cap\u00edtulo 14 Cap\u00edtulo 15 Refer\u00eancia Bibliogr\u00e1ficas<\/p>\n","protected":false},"author":1,"featured_media":0,"parent":0,"menu_order":0,"comment_status":"closed","ping_status":"closed","template":"","meta":{"_uag_custom_page_level_css":"","_joinchat":[],"footnotes":""},"class_list":["post-2761","page","type-page","status-publish","hentry"],"uagb_featured_image_src":{"full":false,"thumbnail":false,"medium":false,"medium_large":false,"large":false,"1536x1536":false,"2048x2048":false,"post-thumbnail":false,"business-hub-blog":false,"business-hub-work":false},"uagb_author_info":{"display_name":"real","author_link":"https:\/\/www.ciencianews.com.br\/index.php\/author\/real\/"},"uagb_comment_info":0,"uagb_excerpt":"Doen\u00e7a das C\u00e9lulas Falciformes &nbsp; Apresenta\u00e7\u00e3o Pref\u00e1cio Sum\u00e1rio Cap\u00edtulo 01 Cap\u00edtulo 02 Cap\u00edtulo 03 Cap\u00edtulo 04 Cap\u00edtulo 05 Cap\u00edtulo 06 Cap\u00edtulo 07 Cap\u00edtulo 08 Cap\u00edtulo 09 Cap\u00edtulo 10 Cap\u00edtulo 11 Cap\u00edtulo 12 Cap\u00edtulo 13 Cap\u00edtulo 14 Cap\u00edtulo 15 Refer\u00eancia Bibliogr\u00e1ficas","_links":{"self":[{"href":"https:\/\/www.ciencianews.com.br\/index.php\/wp-json\/wp\/v2\/pages\/2761","targetHints":{"allow":["GET"]}}],"collection":[{"href":"https:\/\/www.ciencianews.com.br\/index.php\/wp-json\/wp\/v2\/pages"}],"about":[{"href":"https:\/\/www.ciencianews.com.br\/index.php\/wp-json\/wp\/v2\/types\/page"}],"author":[{"embeddable":true,"href":"https:\/\/www.ciencianews.com.br\/index.php\/wp-json\/wp\/v2\/users\/1"}],"replies":[{"embeddable":true,"href":"https:\/\/www.ciencianews.com.br\/index.php\/wp-json\/wp\/v2\/comments?post=2761"}],"version-history":[{"count":7,"href":"https:\/\/www.ciencianews.com.br\/index.php\/wp-json\/wp\/v2\/pages\/2761\/revisions"}],"predecessor-version":[{"id":2763,"href":"https:\/\/www.ciencianews.com.br\/index.php\/wp-json\/wp\/v2\/pages\/2761\/revisions\/2763"}],"wp:attachment":[{"href":"https:\/\/www.ciencianews.com.br\/index.php\/wp-json\/wp\/v2\/media?parent=2761"}],"curies":[{"name":"wp","href":"https:\/\/api.w.org\/{rel}","templated":true}]}}