{"id":2909,"date":"2015-04-02T14:07:10","date_gmt":"2015-04-02T14:07:10","guid":{"rendered":"http:\/\/www.ciencianews.com.br\/?page_id=2909"},"modified":"2016-05-23T14:22:21","modified_gmt":"2016-05-23T14:22:21","slug":"aula-cancer","status":"publish","type":"page","link":"https:\/\/www.ciencianews.com.br\/index.php\/aula-cancer\/","title":{"rendered":"Aula &#8211; C\u00e2ncer"},"content":{"rendered":"<blockquote>\n<h4 style=\"text-align: center;\"><strong>QUICK-CLASS (Aulas R\u00e1pidas)<\/strong><\/h4>\n<h4 style=\"text-align: center;\"><em><strong>TEMA: <span style=\"color: #4f95ff;\">C\u00e2ncer<\/span><\/strong><\/em><\/h4>\n<h4 style=\"text-align: center;\"><em><strong>IDIOMA: Portugu\u00eas\n<\/p><\/blockquote>\n<h3 style=\"text-align: center;\">\n[wpcol_1third id=&#8221;&#8221; class=&#8221;&#8221; style=&#8221;&#8221;] Aula 1 <a href=\"https:\/\/www.youtube.com\/embed\/a4YfIm0tk3k\" target=\"_blank\"><img loading=\"lazy\" decoding=\"async\" class=\"alignnone size-thumbnail wp-image-2859\" alt=\"Cancer\" src=\"\/arquivos\/ACET\/IMAGENS\/QuickClass\/Cancer\/cancer1.png\" width=\"150\" height=\"150\" \/><\/a><br \/>\n[\/wpcol_1third]<br \/>\n[wpcol_1third id=&#8221;&#8221; class=&#8221;&#8221; style=&#8221;&#8221;] Aula 2 <a href=\"https:\/\/www.youtube.com\/embed\/h_Ejehidn7A\" target=\"_blank\"><img loading=\"lazy\" decoding=\"async\" class=\"alignnone size-thumbnail wp-image-2860\" alt=\"Cancer\" src=\"\/arquivos\/ACET\/IMAGENS\/QuickClass\/Cancer\/cancer2.png\" width=\"150\" height=\"150\" \/><\/a><br \/>\n[\/wpcol_1third]<br \/>\n[wpcol_1third_end id=&#8221;&#8221; class=&#8221;&#8221; style=&#8221;&#8221;] Aula 3 <a href=\"https:\/\/www.youtube.com\/embed\/6ZBjRys_ABk\" target=\"_blank\"><img loading=\"lazy\" decoding=\"async\" class=\"alignnone size-thumbnail wp-image-2861\" alt=\"Quick-Anem-3\" src=\"\/arquivos\/ACET\/IMAGENS\/QuickClass\/Cancer\/cancer3.png\" width=\"150\" height=\"150\" \/><\/a><br \/>\n[\/wpcol_1third_end]<br \/>\n[wpcol_1third id=&#8221;&#8221; class=&#8221;&#8221; style=&#8221;&#8221;] Aula 4 <a href=\"https:\/\/www.youtube.com\/embed\/8nnqVVPc8cA\" target=\"_blank\"><img loading=\"lazy\" decoding=\"async\" class=\"alignnone size-thumbnail wp-image-2862\" alt=\"Quick-Anem-4\" src=\"\/arquivos\/ACET\/IMAGENS\/QuickClass\/Cancer\/cancer4.png\" width=\"150\" height=\"150\" \/><\/a><br \/>\n[\/wpcol_1third]<br \/>\n[wpcol_1third_end id=&#8221;&#8221; class=&#8221;&#8221; style=&#8221;&#8221;] Aula 5 <a href=\"https:\/\/www.youtube.com\/embed\/eJfUYZt9C28\" target=\"_blank\"><img loading=\"lazy\" decoding=\"async\" class=\"alignnone size-thumbnail wp-image-2863\" alt=\"Quick-Anem-5\" src=\"\/arquivos\/ACET\/IMAGENS\/QuickClass\/Cancer\/cancer5.png\" width=\"150\" height=\"150\" \/><\/a>[\/wpcol_1third_end]<\/h3>\n<p>&nbsp;<br \/>\n&nbsp;&nbsp;<\/p>\n<blockquote>\n<h4 style=\"text-align: center;\"><strong>QUICK-CLASS <\/strong><\/h4>\n<h4 style=\"text-align: center;\"><em><strong>THEME: <span style=\"color: #4f95ff;\">Cancer<\/span><\/strong><\/em><\/h4>\n<h4 style=\"text-align: center;\"><em><strong>LANGUAGE: English\n<\/p><\/blockquote>\n<h3 style=\"text-align: center;\">\n[wpcol_1third id=&#8221;&#8221; class=&#8221;&#8221; style=&#8221;&#8221;] Class 1 <a href=\"https:\/\/www.youtube.com\/embed\/Dia88ZE9uHM\" target=\"_blank\"><img loading=\"lazy\" decoding=\"async\" class=\"alignnone size-thumbnail wp-image-2859\" alt=\"Cancer\" src=\"\/arquivos\/ACET\/IMAGENS\/QuickClass\/Cancer\/cancer1_img_ingles.png\" width=\"150\" height=\"150\" \/><\/a><br \/>\n[\/wpcol_1third]<br \/>\n[wpcol_1third id=&#8221;&#8221; class=&#8221;&#8221; style=&#8221;&#8221;] Class 2 <a href=\"https:\/\/www.youtube.com\/embed\/OD-H3ZKxLF8\" target=\"_blank\"><img loading=\"lazy\" decoding=\"async\" class=\"alignnone size-thumbnail wp-image-2860\" alt=\"Cancer\" src=\"\/arquivos\/ACET\/IMAGENS\/QuickClass\/Cancer\/cancer2_img_ingles.png\" width=\"150\" height=\"150\" \/><\/a><br \/>\n[\/wpcol_1third]<br \/>\n[wpcol_1third id=&#8221;&#8221; class=&#8221;&#8221; style=&#8221;&#8221;] Class 3 <a href=\"https:\/\/www.youtube.com\/embed\/7St9CdL3sCs\" target=\"_blank\"><img loading=\"lazy\" decoding=\"async\" class=\"alignnone size-thumbnail wp-image-2861\" alt=\"Quick-Anem-3\" src=\"\/arquivos\/ACET\/IMAGENS\/QuickClass\/Cancer\/cancer3_img_ingles.png\" width=\"150\" height=\"150\" \/><\/a><br \/>\n[\/wpcol_1third]<br \/>\n[wpcol_1third_end id=&#8221;&#8221; class=&#8221;&#8221; style=&#8221;&#8221;] class 4 <a href=\"https:\/\/www.youtube.com\/embed\/DMnMywJJqb4\" target=\"_blank\"><img loading=\"lazy\" decoding=\"async\" class=\"alignnone size-thumbnail wp-image-2862\" alt=\"Quick-Anem-4\" src=\"\/arquivos\/ACET\/IMAGENS\/QuickClass\/Cancer\/cancer4_img_ingles.png\" width=\"150\" height=\"150\" \/><\/a><br \/>\n[\/wpcol_1third_end]<br \/>\n<\/h3>\n<p>&nbsp;<br \/>\n&nbsp;&nbsp;<\/p>\n<blockquote>\n<h4 style=\"text-align: center;\"><strong>QUICK-CLASS <\/strong><\/h4>\n<h4 style=\"text-align: center;\"><em><strong>TEMA: <span style=\"color: #4f95ff;\">Fumo e C\u00e2ncer<\/span><\/strong><\/em><\/h4>\n<\/blockquote>\n<h3 style=\"text-align: center;\">\n[wpcol_1third id=&#8221;&#8221; class=&#8221;&#8221; style=&#8221;&#8221;] <a href=\"https:\/\/www.youtube.com\/embed\/gqqCXMxxiMQ\" target=\"_blank\"><img loading=\"lazy\" decoding=\"async\" class=\"alignnone size-thumbnail wp-image-2859\" alt=\"Fumo e C\u00e2ncer\" src=\"\/arquivos\/ACET\/IMAGENS\/QuickClass\/Cancer\/fumo_cancer.png\" width=\"150\" height=\"150\" \/><\/a><br \/>\n[\/wpcol_1third]<br \/>\n[wpcol_1third id=&#8221;&#8221; class=&#8221;&#8221; style=&#8221;&#8221;] [\/wpcol_1third]<br \/>\n[wpcol_1third_end id=&#8221;&#8221; class=&#8221;&#8221; style=&#8221;&#8221;] [\/wpcol_1third_end]<\/p>\n","protected":false},"excerpt":{"rendered":"<p>QUICK-CLASS (Aulas R\u00e1pidas) TEMA: C\u00e2ncer IDIOMA: Portugu\u00eas [wpcol_1third id=&#8221;&#8221; class=&#8221;&#8221; style=&#8221;&#8221;] Aula 1 [\/wpcol_1third] [wpcol_1third id=&#8221;&#8221; class=&#8221;&#8221; style=&#8221;&#8221;] Aula 2 [\/wpcol_1third] [wpcol_1third_end id=&#8221;&#8221; class=&#8221;&#8221; style=&#8221;&#8221;] Aula 3 [\/wpcol_1third_end] [wpcol_1third id=&#8221;&#8221; class=&#8221;&#8221; style=&#8221;&#8221;] Aula 4 [\/wpcol_1third] [wpcol_1third_end id=&#8221;&#8221; class=&#8221;&#8221; style=&#8221;&#8221;] Aula [&hellip;]<\/p>\n","protected":false},"author":1,"featured_media":0,"parent":0,"menu_order":0,"comment_status":"closed","ping_status":"closed","template":"","meta":{"_uag_custom_page_level_css":"","_joinchat":[],"footnotes":""},"class_list":["post-2909","page","type-page","status-publish","hentry"],"uagb_featured_image_src":{"full":false,"thumbnail":false,"medium":false,"medium_large":false,"large":false,"1536x1536":false,"2048x2048":false,"post-thumbnail":false,"business-hub-blog":false,"business-hub-work":false},"uagb_author_info":{"display_name":"real","author_link":"https:\/\/www.ciencianews.com.br\/index.php\/author\/real\/"},"uagb_comment_info":0,"uagb_excerpt":"QUICK-CLASS (Aulas R\u00e1pidas) TEMA: C\u00e2ncer IDIOMA: Portugu\u00eas [wpcol_1third id=&#8221;&#8221; class=&#8221;&#8221; style=&#8221;&#8221;] Aula 1 [\/wpcol_1third] [wpcol_1third id=&#8221;&#8221; class=&#8221;&#8221; style=&#8221;&#8221;] Aula 2 [\/wpcol_1third] [wpcol_1third_end id=&#8221;&#8221; class=&#8221;&#8221; style=&#8221;&#8221;] Aula 3 [\/wpcol_1third_end] [wpcol_1third id=&#8221;&#8221; class=&#8221;&#8221; style=&#8221;&#8221;] Aula 4 [\/wpcol_1third] [wpcol_1third_end id=&#8221;&#8221; class=&#8221;&#8221; style=&#8221;&#8221;] Aula [&hellip;]","_links":{"self":[{"href":"https:\/\/www.ciencianews.com.br\/index.php\/wp-json\/wp\/v2\/pages\/2909","targetHints":{"allow":["GET"]}}],"collection":[{"href":"https:\/\/www.ciencianews.com.br\/index.php\/wp-json\/wp\/v2\/pages"}],"about":[{"href":"https:\/\/www.ciencianews.com.br\/index.php\/wp-json\/wp\/v2\/types\/page"}],"author":[{"embeddable":true,"href":"https:\/\/www.ciencianews.com.br\/index.php\/wp-json\/wp\/v2\/users\/1"}],"replies":[{"embeddable":true,"href":"https:\/\/www.ciencianews.com.br\/index.php\/wp-json\/wp\/v2\/comments?post=2909"}],"version-history":[{"count":20,"href":"https:\/\/www.ciencianews.com.br\/index.php\/wp-json\/wp\/v2\/pages\/2909\/revisions"}],"predecessor-version":[{"id":3467,"href":"https:\/\/www.ciencianews.com.br\/index.php\/wp-json\/wp\/v2\/pages\/2909\/revisions\/3467"}],"wp:attachment":[{"href":"https:\/\/www.ciencianews.com.br\/index.php\/wp-json\/wp\/v2\/media?parent=2909"}],"curies":[{"name":"wp","href":"https:\/\/api.w.org\/{rel}","templated":true}]}}