{"id":3150,"date":"2015-09-28T12:55:10","date_gmt":"2015-09-28T12:55:10","guid":{"rendered":"http:\/\/www.ciencianews.com.br\/?page_id=3150"},"modified":"2015-10-03T14:06:35","modified_gmt":"2015-10-03T14:06:35","slug":"aula-linfocitos-atipicos","status":"publish","type":"page","link":"https:\/\/www.ciencianews.com.br\/index.php\/aulas-rapidas\/aula-linfocitos-atipicos\/","title":{"rendered":"Aula &#8211; Linf\u00f3citos At\u00edpicos"},"content":{"rendered":"<blockquote>\n<h4 style=\"text-align: center;\"><strong>QUICK-CLASS (Aulas R\u00e1pidas)<\/strong><\/h4>\n<h4 style=\"text-align: center;\"><em><strong>TEMA: <span style=\"color: #4f95ff;\">Linf\u00f3citos At\u00edpicos<\/span><\/strong><\/em><\/h4>\n<\/blockquote>\n<h3 style=\"text-align: center;\">[wpcol_1third id=&#8221;&#8221; class=&#8221;&#8221; style=&#8221;&#8221;] Linf\u00f3citos At\u00edpicos &#8211; Aula 1 <a href=\"https:\/\/www.youtube.com\/embed\/LaTWUYdA5lA\" target=\"_blank\"><img loading=\"lazy\" decoding=\"async\" class=\"alignnone size-thumbnail wp-image-2859\" alt=\"Quick-Anem-1\" src=\"http:\/\/www.ciencianews.com.br\/wp-content\/uploads\/2015\/09\/imagens_aula_rapida_linfocitos_atipicos-150x150.png\" width=\"150\" height=\"150\" \/><\/a>[\/wpcol_1third][wpcol_1third id=&#8221;&#8221; class=&#8221;&#8221; style=&#8221;&#8221;][\/wpcol_1third][wpcol_1third_end id=&#8221;&#8221; class=&#8221;&#8221; style=&#8221;&#8221;][\/wpcol_1third_end]<\/h3>\n","protected":false},"excerpt":{"rendered":"<p>QUICK-CLASS (Aulas R\u00e1pidas) TEMA: Linf\u00f3citos At\u00edpicos [wpcol_1third id=&#8221;&#8221; class=&#8221;&#8221; style=&#8221;&#8221;] Linf\u00f3citos At\u00edpicos &#8211; Aula 1 [\/wpcol_1third][wpcol_1third id=&#8221;&#8221; class=&#8221;&#8221; style=&#8221;&#8221;][\/wpcol_1third][wpcol_1third_end id=&#8221;&#8221; class=&#8221;&#8221; style=&#8221;&#8221;][\/wpcol_1third_end]<\/p>\n","protected":false},"author":1,"featured_media":0,"parent":2998,"menu_order":0,"comment_status":"closed","ping_status":"closed","template":"","meta":{"_uag_custom_page_level_css":"","_joinchat":[],"footnotes":""},"class_list":["post-3150","page","type-page","status-publish","hentry"],"uagb_featured_image_src":{"full":false,"thumbnail":false,"medium":false,"medium_large":false,"large":false,"1536x1536":false,"2048x2048":false,"post-thumbnail":false,"business-hub-blog":false,"business-hub-work":false},"uagb_author_info":{"display_name":"real","author_link":"https:\/\/www.ciencianews.com.br\/index.php\/author\/real\/"},"uagb_comment_info":0,"uagb_excerpt":"QUICK-CLASS (Aulas R\u00e1pidas) TEMA: Linf\u00f3citos At\u00edpicos [wpcol_1third id=&#8221;&#8221; class=&#8221;&#8221; style=&#8221;&#8221;] Linf\u00f3citos At\u00edpicos &#8211; Aula 1 [\/wpcol_1third][wpcol_1third id=&#8221;&#8221; class=&#8221;&#8221; style=&#8221;&#8221;][\/wpcol_1third][wpcol_1third_end id=&#8221;&#8221; class=&#8221;&#8221; style=&#8221;&#8221;][\/wpcol_1third_end]","_links":{"self":[{"href":"https:\/\/www.ciencianews.com.br\/index.php\/wp-json\/wp\/v2\/pages\/3150","targetHints":{"allow":["GET"]}}],"collection":[{"href":"https:\/\/www.ciencianews.com.br\/index.php\/wp-json\/wp\/v2\/pages"}],"about":[{"href":"https:\/\/www.ciencianews.com.br\/index.php\/wp-json\/wp\/v2\/types\/page"}],"author":[{"embeddable":true,"href":"https:\/\/www.ciencianews.com.br\/index.php\/wp-json\/wp\/v2\/users\/1"}],"replies":[{"embeddable":true,"href":"https:\/\/www.ciencianews.com.br\/index.php\/wp-json\/wp\/v2\/comments?post=3150"}],"version-history":[{"count":9,"href":"https:\/\/www.ciencianews.com.br\/index.php\/wp-json\/wp\/v2\/pages\/3150\/revisions"}],"predecessor-version":[{"id":6788,"href":"https:\/\/www.ciencianews.com.br\/index.php\/wp-json\/wp\/v2\/pages\/3150\/revisions\/6788"}],"up":[{"embeddable":true,"href":"https:\/\/www.ciencianews.com.br\/index.php\/wp-json\/wp\/v2\/pages\/2998"}],"wp:attachment":[{"href":"https:\/\/www.ciencianews.com.br\/index.php\/wp-json\/wp\/v2\/media?parent=3150"}],"curies":[{"name":"wp","href":"https:\/\/api.w.org\/{rel}","templated":true}]}}