{"id":3880,"date":"2016-12-17T19:58:31","date_gmt":"2016-12-17T19:58:31","guid":{"rendered":"http:\/\/www.ciencianews.com.br\/?page_id=3880"},"modified":"2018-01-22T15:32:45","modified_gmt":"2018-01-22T15:32:45","slug":"backup_pagina_inicial-17-12-2016","status":"publish","type":"page","link":"https:\/\/www.ciencianews.com.br\/index.php\/backup_pagina_inicial-17-12-2016\/","title":{"rendered":"backup_pagina_inicial-22-01-2018"},"content":{"rendered":"<h1 align=\"center\"><span style=\"color: #000000;\"><strong>Academia de Ci\u00eancia e Tecnologia<\/strong><\/span><\/h1>\n<h3 style=\"text-align: center;\"><span style=\"text-decoration: underline;\"><a title=\"AC&amp;T \u2013 Instituto de P\u00f3s Gradua\u00e7\u00e3o nas \u00c1reas Biol\u00f3gicas\" href=\"http:\/\/www.ciencianews.com.br\/index.php\/home\/act-instituto-de-pos-graduacao-nas-areas-biologicas\/\"><strong>Instituto de P\u00f3s Gradua\u00e7\u00e3o em An\u00e1lises Cl\u00ednicas e Hematol\u00f3gicas<\/strong><\/a><\/span><\/h3>\n<\/p>\n<h3 style=\"text-align: center; color: #000000;\"><span style=\"text-decoration: underline;\"><strong>Cursos de P\u00f3s Gradua\u00e7\u00e3o Lato-Sensu<\/strong><\/a><\/span><\/h3>\n<p><!--center>[meteor_slideshow]<\/center--><\/p>\n<div style=\"text-align: center;\">\n<p><a href=\"http:\/\/www.ciencianews.com.br\/index.php\/publicacoes\/no-you-tube\/\"><img loading=\"lazy\" decoding=\"async\" src=\"http:\/\/www.ciencianews.com.br\/wp-content\/uploads\/2017\/04\/youtube.jpg\" alt=\"youtube\" width=\"235\" height=\"30\" class=\"alignnone size-full wp-image-4087\" \/><\/a><a href=\"https:\/\/www.facebook.com\/Academia-de-Ci\u00eancia-e-Tecnologia-173959839754175\/\" target=\"_blank\"><img loading=\"lazy\" decoding=\"async\" src=\"http:\/\/www.ciencianews.com.br\/wp-content\/uploads\/2017\/01\/facebook-30x30ligue2.png\" alt=\"facebook-30x30ligue2\" width=\"209\" height=\"30\" class=\"alignnone size-full wp-image-3978\" \/><\/a><img loading=\"lazy\" decoding=\"async\" src=\"http:\/\/www.ciencianews.com.br\/wp-content\/uploads\/2017\/01\/whatsapp30x30ligue2.jpg\" alt=\"whatsapp30x30ligue2\" width=\"164\" height=\"30\" class=\"alignnone size-full wp-image-3979\" \/><a href=\"http:\/\/www.ciencianews.com.br\/index.php\/publicacoes\/blog-cientifico-da-act\/\" target=\"_blank\"><img loading=\"lazy\" decoding=\"async\" src=\"http:\/\/www.ciencianews.com.br\/wp-content\/uploads\/2017\/02\/chat1.jpg\" alt=\"chat\" width=\"163\" height=\"32\" class=\"alignnone size-full wp-image-4034\" \/><\/a><br \/>\n<\/DIV><\/p>\n<p>&nbsp;<br \/>\n<!--\nparte 1\n--><\/p>\n<div style=\"text-align: left;\">\n<img loading=\"lazy\" decoding=\"async\" src=\"http:\/\/www.ciencianews.com.br\/wp-content\/uploads\/2017\/09\/graduacao.png\" alt=\"pos_graduacao\" width=\"663\" height=\"52\" \/>\n<\/div>\n<p><a href=\"\/arquivos\/ACET\/IMAGENS\/pos-graduacao\/hematologia_essencial\/hematologia_essencial.pdf\" target=\"_blank\"><img loading=\"lazy\" decoding=\"async\" src=\"http:\/\/www.ciencianews.com.br\/wp-content\/uploads\/2013\/07\/pos-graduacao.jpg\" alt=\"pos graduacao\" width=\"940\" height=\"352\" class=\"aligncenter size-full wp-image-4513\" srcset=\"https:\/\/www.ciencianews.com.br\/wp-content\/uploads\/2013\/07\/pos-graduacao-300x112.jpg 300w, https:\/\/www.ciencianews.com.br\/wp-content\/uploads\/2013\/07\/pos-graduacao-250x93.jpg 250w\" sizes=\"auto, (max-width: 940px) 100vw, 940px\" \/><\/a><\/p>\n<div style=\"text-align: center; font-size: 16px; color: #000000;font-weight: bold\">\n<u>Fa\u00e7a sua reserva de vaga:<\/u><br \/>\n<a href=\"http:\/\/www.ciencianews.com.br\/index.php\/contato\/\"><img loading=\"lazy\" decoding=\"async\" src=\"http:\/\/www.ciencianews.com.br\/arquivos\/ACET\/IMAGENS\/pos-graduacao\/hematologia_essencial\/email.png\" title=\"a.c.t@terra.com.br\" width=\"50\" height=\"50\"><\/a> <\/img><img loading=\"lazy\" decoding=\"async\" src=\"http:\/\/www.ciencianews.com.br\/arquivos\/ACET\/IMAGENS\/pos-graduacao\/hematologia_essencial\/whatsapp.png\" title=\"(17) 99729-6760\" width=\"50\" height=\"50\"> <\/img>\n<\/div>\n<p>&nbsp;<\/p>\n<div style=\"text-align: left;\">\n<img loading=\"lazy\" decoding=\"async\" src=\"http:\/\/www.ciencianews.com.br\/wp-content\/uploads\/2017\/09\/aperfei\u00e7oamento.png\" alt=\"aperfeicoamento\" width=\"654\" height=\"54\"\/>\n<\/div>\n<div style=\"text-align: center;\">\n<a href=\"http:\/\/www.ciencianews.com.br\/index.php\/cursos\/aperfeicoamento\/\" target=\"_blank\"><img loading=\"lazy\" decoding=\"async\" src=\"\/arquivos\/ACET\/IMAGENS\/Cursos\/interpretacao_hemograma_online\/interpretacao_hemograma.jpg\" alt=\"Divulga\u00e7\u00e3o\" width=\"700\" height=\"350\"\/><\/a>\n<\/div>\n<div style=\"text-align: center;\">\n<img loading=\"lazy\" decoding=\"async\" src=\"http:\/\/www.ciencianews.com.br\/wp-content\/uploads\/2017\/09\/separacao-1.png\" alt=\"separacao 1\" width=\"811\" height=\"50\"  \/><\/p>\n<p><!--a href=\"http:\/\/www.cienciadocancer.com\" target=\"_blank\"><img loading=\"lazy\" decoding=\"async\" src=\"http:\/\/www.ciencianews.com.br\/wp-content\/uploads\/2013\/07\/cancer_banner.png\" alt=\"Imagem2\" width=\"900\" height=\"300\" class=\"alignnone size-full wp-image-4465\" \/><\/a--><br \/>\n<iframe loading=\"lazy\" width=\"760\" height=\"515\" src=\"https:\/\/www.youtube.com\/embed\/BnraASefaj8?autoplay=1&#038;loop=1&#038;playlist=BnraASefaj8;rel=0&amp;controls=0&amp;showinfo=0&amp;ecver=1\" frameborder=\"0\" gesture=\"media\" allow=\"encrypted-media\" allowfullscreen><\/iframe><\/p>\n<p><img loading=\"lazy\" decoding=\"async\" src=\"http:\/\/www.ciencianews.com.br\/wp-content\/uploads\/2017\/09\/separacao-2.png\" alt=\"separacao 2\" width=\"811\" height=\"50\" class=\"alignnone size-full wp-image-4402\" srcset=\"https:\/\/www.ciencianews.com.br\/wp-content\/uploads\/2017\/09\/separacao-2.png 811w, https:\/\/www.ciencianews.com.br\/wp-content\/uploads\/2017\/09\/separacao-2-300x18.png 300w, https:\/\/www.ciencianews.com.br\/wp-content\/uploads\/2017\/09\/separacao-2-250x15.png 250w, https:\/\/www.ciencianews.com.br\/wp-content\/uploads\/2017\/09\/separacao-2-680x42.png 680w\" sizes=\"auto, (max-width: 811px) 100vw, 811px\" \/>\n<\/div>\n<div style=\"text-align: left;\">\n<img loading=\"lazy\" decoding=\"async\" src=\"http:\/\/www.ciencianews.com.br\/wp-content\/uploads\/2017\/09\/artigos_cientificos_nossos_alunos.png\" alt=\"artigos_cientificos_nossos_alunos\" width=\"882\" height=\"43\" \/>\n<\/div>\n<div style=\"text-align: left;\">\n[ezcol_1third]<\/p>\n<div style=\"text-align: center;\">\n<img loading=\"lazy\" decoding=\"async\" src=\"http:\/\/www.ciencianews.com.br\/wp-content\/uploads\/2017\/09\/1-doenca-falciforme.png\" alt=\"1-doenca falciforme\" width=\"300\" height=\"158\"\/><\/div>\n<div style=\"color: #000000; text-align: left; font-size: 15px; font-weight: bold;\"><a href=\"http:\/\/www.ciencianews.com.br\/arquivos\/ACET\/IMAGENS\/Artigos_cientificos\/1-Pros e contras no uso da hidroxiureia no tratamento da doenca falciforme.pdf\" target=\"_blank\">PR\u00d3S E CONTRA O USO DE HDROXIUR\u00c9IA NA ANEMIA FALCIFORME <\/a><\/div>\n<p>[\/ezcol_1third]<br \/>\n[ezcol_1third]<br \/>\n<img loading=\"lazy\" decoding=\"async\" class=\"alignleft size-full wp-image-4469\" src=\"http:\/\/www.ciencianews.com.br\/wp-content\/uploads\/2017\/09\/2-Altera\u00e7\u00f5es-hematol\u00f3gicas-causadas-por-medicamentos.png\" alt=\"2- Altera\u00e7\u00f5es hematol\u00f3gicas causadas por medicamentos\" width=\"347\" height=\"158\" \/><\/p>\n<div style=\"color: #000000; text-align: left; font-size: 15px; font-weight: bold;\"><a href=\"http:\/\/www.ciencianews.com.br\/arquivos\/ACET\/IMAGENS\/Artigos_cientificos\/2- Alteracoes hematologicas causadas por medicamentos.pdf\" target=\"_blank\">ALTERA\u00c7\u00d5ES HEMATOL\u00d3GICAS POR USO DE MEDICAMENTOS <\/a><\/div>\n<p>[\/ezcol_1third]<br \/>\n[ezcol_1third_end]<br \/>\n<img loading=\"lazy\" decoding=\"async\" class=\"alignleft size-full wp-image-4470\" src=\"http:\/\/www.ciencianews.com.br\/wp-content\/uploads\/2017\/09\/3-Diagn\u00f3stico-laboratorial-da-LLA.png\" alt=\"3- Diagnostico laboratorial da LLA.pdf\" width=\"347\" height=\"158\"\/><\/p>\n<div style=\"color: #000000; text-align: left; font-size: 15px; font-weight: bold;\"><a href=\"http:\/\/www.ciencianews.com.br\/arquivos\/ACET\/IMAGENS\/Artigos_cientificos\/3- Diagnostico laboratorial da LLA.pdf\" target=\"_blank\">DIAGN\u00d3STICO LABORATORIAL DA LLA <\/a><\/div>\n<p>[\/ezcol_1third_end]<\/p>\n<\/div>\n<p>&nbsp;<br \/>\n&nbsp;<\/p>\n<p><!--\nparte 3\n--><\/p>\n<div style=\"text-align: left;\">\n<img loading=\"lazy\" decoding=\"async\" src=\"http:\/\/www.ciencianews.com.br\/wp-content\/uploads\/2017\/05\/aulas_rapidas.png\" alt=\"aulas_rapidas\" width=\"424\" height=\"42\" class=\"alignnone size-full wp-image-4237\" srcset=\"https:\/\/www.ciencianews.com.br\/wp-content\/uploads\/2017\/05\/aulas_rapidas.png 424w, https:\/\/www.ciencianews.com.br\/wp-content\/uploads\/2017\/05\/aulas_rapidas-300x30.png 300w, https:\/\/www.ciencianews.com.br\/wp-content\/uploads\/2017\/05\/aulas_rapidas-250x25.png 250w\" sizes=\"auto, (max-width: 424px) 100vw, 424px\" \/>\n<\/div>\n<div style=\"text-align: left;\">\n[ezcol_1third]<br \/>\n<img loading=\"lazy\" decoding=\"async\" src=\"http:\/\/www.ciencianews.com.br\/wp-content\/uploads\/2017\/09\/hemograma_anemia.jpg\" alt=\"Hemograma_anemia\" width=\"347\" height=\"148\" \/><\/p>\n<div style=\"color: #000000; text-align: left; font-size: 15px; font-weight: bold;\"><a href=\"http:\/\/www.ciencianews.com.br\/index.php\/videos-cientificos\/hemograma-nas-anemias\" target=\"_blank\">O HEMOGRAMA NAS ANEMIAS <\/a><\/div>\n<p>[\/ezcol_1third]<br \/>\n[ezcol_1third]<br \/>\n<img loading=\"lazy\" decoding=\"async\" class=\"alignleft size-full wp-image-3589\" src=\"http:\/\/www.ciencianews.com.br\/wp-content\/uploads\/2017\/09\/analisar_hemograma.jpg\" alt=\"analisar_hemograma\" width=\"347\" height=\"158\" \/><\/p>\n<div style=\"color: #000000; text-align: left; font-size: 15px; font-weight: bold;\"><a href=\"http:\/\/www.ciencianews.com.br\/index.php\/videos-cientificos\/como-analisar-o-hemograma\" target=\"_blank\">COMO ANALISAR O HEMOGRAMA<\/a><\/div>\n<p>[\/ezcol_1third]<br \/>\n[ezcol_1third_end]<br \/>\n<img loading=\"lazy\" decoding=\"async\" class=\"alignleft size-full wp-image-3589\" src=\"http:\/\/www.ciencianews.com.br\/wp-content\/uploads\/2017\/09\/hemograma_nas_infeccoes.png\" alt=\"hemograma_infeccoes\" width=\"347\" height=\"158\" \/><\/p>\n<div style=\"color: #000000; text-align: left; font-size: 15px; font-weight: bold;\"><a href=\"http:\/\/www.ciencianews.com.br\/index.php\/fotos-e-videos\/hemograma\/\" target=\"_blank\">O HEMOGRAMA NAS INFEC\u00c7\u00d5ES <\/a><\/div>\n<p>[\/ezcol_1third_end]\n<\/p><\/div>\n<p>&nbsp;<br \/>\n&nbsp;<\/p>\n<p><!--\nparte 4\n--><\/p>\n<div style=\"text-align: left;\">\n<img loading=\"lazy\" decoding=\"async\" class=\"alignleft size-full wp-image-3600\" src=\"http:\/\/www.ciencianews.com.br\/wp-content\/uploads\/2016\/11\/mais_ciencia.png\" alt=\"mais_ciencia\" width=\"424\" height=\"40\" srcset=\"https:\/\/www.ciencianews.com.br\/wp-content\/uploads\/2016\/11\/mais_ciencia.png 424w, https:\/\/www.ciencianews.com.br\/wp-content\/uploads\/2016\/11\/mais_ciencia-300x28.png 300w, https:\/\/www.ciencianews.com.br\/wp-content\/uploads\/2016\/11\/mais_ciencia-250x24.png 250w\" sizes=\"auto, (max-width: 424px) 100vw, 424px\" \/>\n<\/div>\n<p>&nbsp;<br \/>\n&nbsp;<\/p>\n<div style=\"text-align: left;\">\n[ezcol_1third]<br \/>\n<!--img src=\"http:\/\/www.ciencianews.com.br\/wp-content\/uploads\/2017\/04\/livro_capa_alterado.png\" alt=\"Livro\" width=\"100\" height=\"158\" \/><\/a>\n\n\n<div style=\"color: #000000; text-align: left; font-size: 15px; font-weight: bold;\">LAN\u00c7AMENTO - 2\u00aa EDI\u00c7\u00c3O<\/div>\n\n\n\n\n<div style=\"color: #000000; text-align: left;font-size: 15px\">Livro - Doen\u00e7as que Alteram os Exames Hematol\u00f3gicos (2017)<\/div>\n\n\n\n\n<div style=\"color: #ffffff; text-align: center;font-size: 15px;font-weight: bold;background-color: lightblue\"><a href=\"http:\/\/www.ciencianews.com.br\/index.php\/home\/livros-online\/\">Adquira o seu<\/a><\/div-->\n<div style=\"text-align: center;\">\n<img loading=\"lazy\" decoding=\"async\" src=\"http:\/\/www.ciencianews.com.br\/wp-content\/uploads\/2017\/04\/livro_capa_alterado.png\" alt=\"pos_img1\" width=\"150\" height=\"158\" \/><\/center>\n<\/div>\n<div style=\"color: #000000; text-align: left; font-size: 15px; font-weight: bold;\"><a href=\"http:\/\/www.ciencianews.com.br\/index.php\/home\/livros-online\/\">LAN\u00c7AMENTO &#8211; 2\u00aa EDI\u00c7\u00c3O<\/a><\/div>\n<div style=\"color: #000000; text-align: left;font-size: 15px\">Livro &#8211; Doen\u00e7as que Alteram os Exames Hematol\u00f3gicos (2017)<\/div>\n<div style=\"color: #ffffff; text-align: center;font-size: 15px;font-weight: bold;background-color: lightblue\"><a href=\"http:\/\/www.ciencianews.com.br\/index.php\/home\/livros-online\/\">Adquira o seu<\/a><\/div>\n<p>[\/ezcol_1third] <\/p>\n<p>[ezcol_1third]<br \/>\n<img loading=\"lazy\" decoding=\"async\" class=\"alignleft size-full wp-image-3589\" src=\"http:\/\/www.ciencianews.com.br\/wp-content\/uploads\/2017\/09\/medula_ossea.jpg\" alt=\"medula\" width=\"347\" height=\"158\" \/><\/p>\n<div style=\"color: #000000; text-align: left; font-size: 15px; font-weight: bold;\"><a href=\"\/arquivos\/ACET\/IMAGENS\/app_windows\/medula.exe\" target=\"_blank\">MEDULA (Somente Windows)<\/a><\/div>\n<p><!--img class=\"alignleft size-full wp-image-3589\" src=\"http:\/\/www.ciencianews.com.br\/wp-content\/uploads\/2017\/04\/aula_mieloma.png\" alt=\"aula_mieloma\" width=\"347\" height=\"158\" \/>\n\n\n<div style=\"color: #000000; text-align: left; font-size: 15px; font-weight: bold;\"><a href=\"https:\/\/www.youtube.com\/embed\/ghzHQ5WKQho\" target=\"_blank\">AULA: MIELOMA M\u00daLTIPLO<\/a><\/div-->\n<p>[\/ezcol_1third]<br \/>\n[ezcol_1third_end]<br \/>\n<img loading=\"lazy\" decoding=\"async\" class=\"alignleft size-full wp-image-3589\" src=\"http:\/\/www.ciencianews.com.br\/wp-content\/uploads\/2017\/09\/biologia_cancer.jpg\" alt=\"biologia_cancer\" width=\"347\" height=\"158\" \/><\/p>\n<div style=\"color: #000000; text-align: left; font-size: 15px; font-weight: bold;\"><a href=\"http:\/\/www.ciencianews.com.br\/index.php\/videos-cientificos\/biologia-do-cancer-conhecer-prevenir-e-vencer\/\" target=\"_blank\">BIOLOGIA DO C\u00c2NCER (CONHECER, PREVENIR E VENCER) &#8211; V\u00cdDEO<\/a><\/div>\n<p>[\/ezcol_1third_end]\n<\/p><\/div>\n<div style=\"text-align: center;\">\n<img loading=\"lazy\" decoding=\"async\" src=\"http:\/\/www.ciencianews.com.br\/wp-content\/uploads\/2017\/09\/separacao-1.png\" alt=\"separacao 1\" width=\"811\" height=\"50\"  \/><\/p>\n<h2>Que c\u00e9lulas s\u00e3o estas ? <\/h2>\n<p><!--a href=\"\/arquivos\/ACET\/IMAGENS\/formaturas\/hematologia_clinica_laboratorial_molecular\/Outubro-2016aNovembro-2017\/formatura_alunos_gr.jpg\" rel=\u201dlightbox\u201d data-lightbox-type=\u201diframe\u201d ><img loading=\"lazy\" decoding=\"async\" src=\"\/arquivos\/ACET\/IMAGENS\/formaturas\/hematologia_clinica_laboratorial_molecular\/Outubro-2016aNovembro-2017\/formatura_alunos_pequena.jpg\" alt=\"Formandos 2017\" width=\"700\" height=\"460\"\/><\/a--><br \/>\n<iframe loading=\"lazy\" width=\"760\" height=\"515\" src=\"https:\/\/www.youtube.com\/embed\/TLno4o1KR-g?autoplay=1&#038;loop=1&#038;playlist=TLno4o1KR-g;rel=0&amp;controls=0&amp;showinfo=0&amp;ecver=1\" frameborder=\"0\" gesture=\"media\" allow=\"encrypted-media\" allowfullscreen><\/iframe><\/p>\n<p><img loading=\"lazy\" decoding=\"async\" src=\"http:\/\/www.ciencianews.com.br\/wp-content\/uploads\/2017\/09\/separacao-2.png\" alt=\"separacao 2\" width=\"811\" height=\"50\" class=\"alignnone size-full wp-image-4402\" srcset=\"https:\/\/www.ciencianews.com.br\/wp-content\/uploads\/2017\/09\/separacao-2.png 811w, https:\/\/www.ciencianews.com.br\/wp-content\/uploads\/2017\/09\/separacao-2-300x18.png 300w, https:\/\/www.ciencianews.com.br\/wp-content\/uploads\/2017\/09\/separacao-2-250x15.png 250w, https:\/\/www.ciencianews.com.br\/wp-content\/uploads\/2017\/09\/separacao-2-680x42.png 680w\" sizes=\"auto, (max-width: 811px) 100vw, 811px\" \/>\n<\/div>\n<p><!--\nparte 5\n--><\/p>\n<div style=\"text-align: left;\">\n<img loading=\"lazy\" decoding=\"async\" src=\"http:\/\/www.ciencianews.com.br\/wp-content\/uploads\/2016\/11\/Link_Parceiros.png\" alt=\"pos_img1\" width=\"180\" height=\"42\" \/>\n<\/div>\n<p>&nbsp;<\/p>\n<div style=\"text-align: center;\">\n[ezcol_1third]<br \/>\n<a href=\"http:\/\/hemoglobinopatias.com.br\/\" target=\"_blank\"><img loading=\"lazy\" decoding=\"async\"  src=\"http:\/\/www.ciencianews.com.br\/wp-content\/uploads\/2016\/11\/btn_hemo.png\" alt=\"pos_img1\" width=\"180\" height=\"32\" \/><\/a><br \/>\n<a href=\"http:\/\/www.talassemias.com.br\/\" target=\"_blank\"><img loading=\"lazy\" decoding=\"async\"  src=\"http:\/\/www.ciencianews.com.br\/wp-content\/uploads\/2016\/11\/btn_tala.png\" alt=\"pos_img1\" width=\"180\" height=\"32\" \/><\/a><br \/>\n[\/ezcol_1third]<br \/>\n[ezcol_1third]<br \/>\n<a href=\"http:\/\/www.cienciadocancer.com\/\" target=\"_blank\"><img loading=\"lazy\" decoding=\"async\"  src=\"http:\/\/www.ciencianews.com.br\/wp-content\/uploads\/2016\/11\/btn_bio.png\" alt=\"pos_img1\" width=\"180\" height=\"32\" \/><\/a><br \/>\n<a href=\"http:\/\/www.institutonaoum.com.br\/\" target=\"_blank\"><img loading=\"lazy\" decoding=\"async\"  src=\"http:\/\/www.ciencianews.com.br\/wp-content\/uploads\/2016\/11\/btn_inst.png\" alt=\"pos_img1\" width=\"180\" height=\"32\" \/><br \/>\n[\/ezcol_1third]<br \/>\n[ezcol_1third_end]<br \/>\n<a href=\"http:\/\/www.cdalab.com.br\/\" target=\"_blank\"><img loading=\"lazy\" decoding=\"async\"  src=\"http:\/\/www.ciencianews.com.br\/wp-content\/uploads\/2017\/02\/btn_cda_lab.png\" alt=\"btn_cda_lab\" width=\"180\" height=\"32\" \/><\/a><br \/>\n<a href=\"http:\/\/faceres.com.br\/\" target=\"_blank\"><img loading=\"lazy\" decoding=\"async\"  src=\"http:\/\/www.ciencianews.com.br\/wp-content\/uploads\/2017\/02\/btn_faceres.png\" alt=\"btn_faceres\" width=\"180\" height=\"32\" \/><\/a><br \/>\n[\/ezcol_1third_end]\n<\/div>\n<p>&nbsp;<br \/>\n&nbsp;<\/p>\n<div style=\"text-align: left;background-color: #8B8989\">\n[ezcol_1half]<br \/>\n&nbsp;<br \/>\n<!--iframe src=\"https:\/\/www.youtube.com\/embed\/_4qONCahX3g\" width=\"500\" height=\"300\" frameborder=\"0\" allowfullscreen=\"allowfullscreen\"><\/iframe--><\/p>\n<div style=\"text-align: center;\">\n<img loading=\"lazy\" decoding=\"async\" src=\"http:\/\/www.ciencianews.com.br\/wp-content\/uploads\/2017\/05\/mosaico.png\" alt=\"mosaico\" width=\"399\" height=\"242\" \/><br \/>\n<center><\/p>\n<div style=\"color: #ffffff; text-align: center;font-size: 15px;font-weight: bold;background-color: lightblue;right: 100px; width: 100%\"><a href=\"http:\/\/www.ciencianews.com.br\/index.php\/fotos-das-turmas\/\"\">Clique e veja as Turmas de P\u00f3s Gradua\u00e7\u00e3o da AC&#038;T !<\/a><\/div>\n<p><\/center>\n<\/div>\n<p>[\/ezcol_1half]<br \/>\n[ezcol_1half_end]<br \/>\n&nbsp;<\/p>\n<div style=\"text-align: center;\">\n<iframe loading=\"lazy\" width=\"399\" height=\"246\" src=\"https:\/\/www.youtube.com\/embed\/_4qONCahX3g\" frameborder=\"0\" allowfullscreen><\/iframe><br \/>\n<center><\/p>\n<div style=\"color: #2E2E2E; text-align: center;font-size: 15px;font-weight: bold;background-color: lightblue;right: 100px; width: 100%\">Um dia de Aula na Academia !<\/div>\n<p><\/center>\n<\/div>\n<p>\t<!--h3 style=\"text-align: center;\">Dia de Aula na AC&T<\/h3-->\n[\/ezcol_1half_end]<br \/>\n<\/DIV><\/p>\n<div style=\"text-align: center;\">\n<div style=\"color: #000000; font-size: 25px;font-weight: bold;\">Academia de Ci\u00eancia e Tecnologia<\/div>\n<div style=\"color: #000000;  font-size: 17px;\">E-mail: a.c.t@terra.com.br<\/div>\n<div style=\"color: #000000;  font-size: 17px;\">Telefone (Phone): (55 17) 3233-4490<\/div>\n<div style=\"color: #000000;  font-size: 17px;\">Endere\u00e7o (Address): Rua Bonf\u00e1 Natale,1860<\/div>\n<div style=\"color: #000000;  font-size: 17px;\">CEP (Zip Code): 15020-130 &#8211; S\u00e3o Jos\u00e9 do Rio Preto,SP.<\/div>\n<\/div>\n","protected":false},"excerpt":{"rendered":"<p>Academia de Ci\u00eancia e Tecnologia Instituto de P\u00f3s Gradua\u00e7\u00e3o em An\u00e1lises Cl\u00ednicas e Hematol\u00f3gicas Cursos de P\u00f3s Gradua\u00e7\u00e3o Lato-Sensu &nbsp; Fa\u00e7a sua reserva de vaga: &nbsp; [ezcol_1third] PR\u00d3S E CONTRA O USO DE HDROXIUR\u00c9IA NA ANEMIA FALCIFORME [\/ezcol_1third] [ezcol_1third] ALTERA\u00c7\u00d5ES [&hellip;]<\/p>\n","protected":false},"author":1,"featured_media":0,"parent":0,"menu_order":0,"comment_status":"closed","ping_status":"closed","template":"","meta":{"_uag_custom_page_level_css":"","_joinchat":[],"footnotes":""},"class_list":["post-3880","page","type-page","status-publish","hentry"],"uagb_featured_image_src":{"full":false,"thumbnail":false,"medium":false,"medium_large":false,"large":false,"1536x1536":false,"2048x2048":false,"post-thumbnail":false,"business-hub-blog":false,"business-hub-work":false},"uagb_author_info":{"display_name":"real","author_link":"https:\/\/www.ciencianews.com.br\/index.php\/author\/real\/"},"uagb_comment_info":0,"uagb_excerpt":"Academia de Ci\u00eancia e Tecnologia Instituto de P\u00f3s Gradua\u00e7\u00e3o em An\u00e1lises Cl\u00ednicas e Hematol\u00f3gicas Cursos de P\u00f3s Gradua\u00e7\u00e3o Lato-Sensu &nbsp; Fa\u00e7a sua reserva de vaga: &nbsp; [ezcol_1third] PR\u00d3S E CONTRA O USO DE HDROXIUR\u00c9IA NA ANEMIA FALCIFORME [\/ezcol_1third] [ezcol_1third] ALTERA\u00c7\u00d5ES [&hellip;]","_links":{"self":[{"href":"https:\/\/www.ciencianews.com.br\/index.php\/wp-json\/wp\/v2\/pages\/3880","targetHints":{"allow":["GET"]}}],"collection":[{"href":"https:\/\/www.ciencianews.com.br\/index.php\/wp-json\/wp\/v2\/pages"}],"about":[{"href":"https:\/\/www.ciencianews.com.br\/index.php\/wp-json\/wp\/v2\/types\/page"}],"author":[{"embeddable":true,"href":"https:\/\/www.ciencianews.com.br\/index.php\/wp-json\/wp\/v2\/users\/1"}],"replies":[{"embeddable":true,"href":"https:\/\/www.ciencianews.com.br\/index.php\/wp-json\/wp\/v2\/comments?post=3880"}],"version-history":[{"count":4,"href":"https:\/\/www.ciencianews.com.br\/index.php\/wp-json\/wp\/v2\/pages\/3880\/revisions"}],"predecessor-version":[{"id":4515,"href":"https:\/\/www.ciencianews.com.br\/index.php\/wp-json\/wp\/v2\/pages\/3880\/revisions\/4515"}],"wp:attachment":[{"href":"https:\/\/www.ciencianews.com.br\/index.php\/wp-json\/wp\/v2\/media?parent=3880"}],"curies":[{"name":"wp","href":"https:\/\/api.w.org\/{rel}","templated":true}]}}