{"id":4061,"date":"2017-03-09T11:41:49","date_gmt":"2017-03-09T11:41:49","guid":{"rendered":"http:\/\/www.ciencianews.com.br\/?page_id=4061"},"modified":"2018-02-06T17:22:45","modified_gmt":"2018-02-06T17:22:45","slug":"blog-cientifico-da-act","status":"publish","type":"page","link":"https:\/\/www.ciencianews.com.br\/index.php\/publicacoes\/blog-cientifico-da-act\/","title":{"rendered":"Blog Cient\u00edfico da AC&#038;T"},"content":{"rendered":"<p><strong>Blog Cient\u00edfico da AC&#038;T, escolha seu tema e comente !!!<\/strong><\/p>\n<ol>\n<li>\n<h4><em><strong><a title=\"A CONTAGEM CORRIGIDA DE RETICUL\u00d3CITOS\" href=\"http:\/\/www.ciencianews.com.br\/index.php\/blog-cientifico-06022018\/\" target=\"_blank\"> A CONTAGEM CORRIGIDA DE RETICUL\u00d3CITOS <\/a><\/strong> &#8211; Publicado em 06\/02\/2017<\/em><\/h4>\n<\/li>\n<li>\n<h4><em><strong><a title=\"EOSINOFILIA DE CAUSA AMBIENTAL\" href=\"http:\/\/www.ciencianews.com.br\/index.php\/blog-cientifico-31112017\/\" target=\"_blank\"> EOSINOFILIA DE CAUSA AMBIENTAL <\/a><\/strong> &#8211; Publicado em 30\/11\/2017<\/em><\/h4>\n<\/li>\n<li>\n<h4><em><strong><a title=\"SOMOS TODOS ETERNOS\" href=\"http:\/\/www.ciencianews.com.br\/index.php\/blog-cientifico-27102017\/\" target=\"_blank\"> SOMOS TODOS ETERNOS <\/a><\/strong> &#8211; Publicado em 27\/10\/2017<\/em><\/h4>\n<\/li>\n<li>\n<h4><em><strong><a title=\"O TS NO PA\u00cdS DA JBS\" href=\"http:\/\/www.ciencianews.com.br\/index.php\/blog-cientifico-09102017\" target=\"_blank\"> O TS NO PA\u00cdS DA JBS <\/a><\/strong> &#8211; Publicado em 09\/10\/2017<\/em><\/h4>\n<\/li>\n<li>\n<h4><em><strong><a title=\"O HEMOGRAMA NAS INFEC\u00c7\u00d5ES\" href=\"http:\/\/www.ciencianews.com.br\/index.php\/blog-cientifico-14082017\" target=\"_blank\"> O HEMOGRAMA NAS INFEC\u00c7\u00d5ES <\/a><\/strong> &#8211; Publicado em 14\/08\/2017<\/em><\/h4>\n<\/li>\n<li>\n<h4><em><strong><a title=\"MORFOLOGIA HEMATOL\u00d3GICA EM \u00c9POCA DE AUTOMA\u00c7\u00c3O\" href=\"http:\/\/www.ciencianews.com.br\/index.php\/blog-cientifico-08062017\/\" target=\"_blank\"> MORFOLOGIA HEMATOL\u00d3GICA EM \u00c9POCA DE AUTOMA\u00c7\u00c3O <\/a><\/strong> &#8211; Publicado em 08\/06\/2017<\/em><\/h4>\n<\/li>\n<li>\n<h4><em><strong><a title=\"MIELOMA M\u00daLTIPLO COM \u00caNFASE NO DIAGN\u00d3STICO LABORATORIAL\" href=\"http:\/\/www.ciencianews.com.br\/index.php\/blog-cientifico-03052017\/\" target=\"_blank\"> MIELOMA M\u00daLTIPLO COM \u00caNFASE NO DIAGN\u00d3STICO LABORATORIAL <\/a><\/strong> &#8211; Publicado em 03\/05\/2017<\/em><\/h4>\n<\/li>\n<li>\n<h4><em><strong><a title=\"POR QUE O TEMPO DE PROTROMBINA (TP) PODE ESTAR DIMINU\u00cdDO OU \u201cENCURTADO\u201d\" href=\"http:\/\/www.ciencianews.com.br\/index.php\/blog-cientifico-30032017\/\" target=\"_blank\"> POR QUE O TEMPO DE PROTROMBINA (TP) PODE ESTAR DIMINU\u00cdDO OU \u201cENCURTADO\u201d?<\/a><\/strong> &#8211; Publicado em 30\/03\/2017<\/em><\/h4>\n<\/li>\n<li>\n<h4><em><strong><a title=\"O JEJUM EM EXAMES DE SANGUE\" href=\"http:\/\/www.ciencianews.com.br\/index.php\/blog-cientifico-07032016\/\" target=\"_blank\"> O JEJUM EM EXAMES DE SANGUE<\/a><\/strong> &#8211; Publicado em 07\/03\/2017<\/em><\/h4>\n<\/li>\n<li>\n<h4><em><strong><a title=\"DUAS PERGUNTAS SOBRE MORFOLOGIA DAS C\u00c9LULAS NO HEMOGRAMA\" href=\"http:\/\/www.ciencianews.com.br\/index.php\/blog-cientifico\/\" target=\"_blank\"> DUAS PERGUNTAS SOBRE MORFOLOGIA DAS C\u00c9LULAS NO HEMOGRAMA<\/a><\/strong> &#8211; Publicado em 22\/02\/2017<\/em><\/h4>\n<\/li>\n<\/ol>\n","protected":false},"excerpt":{"rendered":"<p>Blog Cient\u00edfico da AC&#038;T, escolha seu tema e comente !!! A CONTAGEM CORRIGIDA DE RETICUL\u00d3CITOS &#8211; Publicado em 06\/02\/2017 EOSINOFILIA DE CAUSA AMBIENTAL &#8211; Publicado em 30\/11\/2017 SOMOS TODOS ETERNOS &#8211; Publicado em 27\/10\/2017 O TS NO PA\u00cdS DA JBS [&hellip;]<\/p>\n","protected":false},"author":1,"featured_media":0,"parent":1073,"menu_order":0,"comment_status":"closed","ping_status":"closed","template":"","meta":{"_uag_custom_page_level_css":"","_joinchat":[],"footnotes":""},"class_list":["post-4061","page","type-page","status-publish","hentry"],"uagb_featured_image_src":{"full":false,"thumbnail":false,"medium":false,"medium_large":false,"large":false,"1536x1536":false,"2048x2048":false,"post-thumbnail":false,"business-hub-blog":false,"business-hub-work":false},"uagb_author_info":{"display_name":"real","author_link":"https:\/\/www.ciencianews.com.br\/index.php\/author\/real\/"},"uagb_comment_info":0,"uagb_excerpt":"Blog Cient\u00edfico da AC&#038;T, escolha seu tema e comente !!! A CONTAGEM CORRIGIDA DE RETICUL\u00d3CITOS &#8211; Publicado em 06\/02\/2017 EOSINOFILIA DE CAUSA AMBIENTAL &#8211; Publicado em 30\/11\/2017 SOMOS TODOS ETERNOS &#8211; Publicado em 27\/10\/2017 O TS NO PA\u00cdS DA JBS [&hellip;]","_links":{"self":[{"href":"https:\/\/www.ciencianews.com.br\/index.php\/wp-json\/wp\/v2\/pages\/4061","targetHints":{"allow":["GET"]}}],"collection":[{"href":"https:\/\/www.ciencianews.com.br\/index.php\/wp-json\/wp\/v2\/pages"}],"about":[{"href":"https:\/\/www.ciencianews.com.br\/index.php\/wp-json\/wp\/v2\/types\/page"}],"author":[{"embeddable":true,"href":"https:\/\/www.ciencianews.com.br\/index.php\/wp-json\/wp\/v2\/users\/1"}],"replies":[{"embeddable":true,"href":"https:\/\/www.ciencianews.com.br\/index.php\/wp-json\/wp\/v2\/comments?post=4061"}],"version-history":[{"count":14,"href":"https:\/\/www.ciencianews.com.br\/index.php\/wp-json\/wp\/v2\/pages\/4061\/revisions"}],"predecessor-version":[{"id":4529,"href":"https:\/\/www.ciencianews.com.br\/index.php\/wp-json\/wp\/v2\/pages\/4061\/revisions\/4529"}],"up":[{"embeddable":true,"href":"https:\/\/www.ciencianews.com.br\/index.php\/wp-json\/wp\/v2\/pages\/1073"}],"wp:attachment":[{"href":"https:\/\/www.ciencianews.com.br\/index.php\/wp-json\/wp\/v2\/media?parent=4061"}],"curies":[{"name":"wp","href":"https:\/\/api.w.org\/{rel}","templated":true}]}}