{"id":45,"date":"2013-07-11T15:16:52","date_gmt":"2013-07-11T15:16:52","guid":{"rendered":"http:\/\/localhost\/wordpress\/?page_id=45"},"modified":"2016-06-09T16:22:57","modified_gmt":"2016-06-09T16:22:57","slug":"pos-graduacao","status":"publish","type":"page","link":"https:\/\/www.ciencianews.com.br\/index.php\/pos-graduacao\/","title":{"rendered":"P\u00f3s Gradua\u00e7\u00e3o"},"content":{"rendered":"<table width=\"100%\" border=\"0\" cellspacing=\"4\" cellpadding=\"0\">\n<tbody>\n<tr>\n<td valign=\"top\" width=\"197\">\n<h5 style=\"text-align: center;\" align=\"center\"><b>\u00a0\u00a0\u00a0Curso<\/b><\/h5>\n<\/td>\n<td style=\"text-align: center;\" valign=\"top\" width=\"79\">\n<h5 align=\"center\"><b>\u00a0\u00a0 Tipo<\/b><\/h5>\n<\/td>\n<td style=\"text-align: center;\" valign=\"top\" width=\"59\">\n<h5 align=\"center\"><b>Dura\u00e7\u00e3o<\/b><\/h5>\n<\/td>\n<td style=\"text-align: center;\" valign=\"top\" width=\"48\">\n<h5 align=\"center\"><b>\u00a0Vagas<\/b><\/h5>\n<\/td>\n<td style=\"text-align: center;\" valign=\"top\" width=\"73\">\n<h5 align=\"center\"><b>\u00a0\u00a0\u00a0\u00a0 In\u00edcio<\/b><\/h5>\n<\/td>\n<td valign=\"top\" width=\"85\">\n<h5 style=\"text-align: center;\" align=\"center\"><b>\u00a0\u00a0 T\u00e9rmino<\/b><\/h5>\n<\/td>\n<td width=\"2\"><\/td>\n<\/tr>\n<tr>\n<td>\n<p align=\"center\"><span style=\"color: #0000ff;\"><span style=\"color: #0000ff;\"><strong><a href=\"\"><span style=\"text-decoration: underline;\">Hematologia Cl\u00ednica e Laboratorial<\/span><\/a><\/strong><\/span><\/span><\/p>\n<\/td>\n<td>\n<p align=\"center\">P\u00f3s-gradua\u00e7\u00e3o<\/p>\n<\/td>\n<td>\n<p align=\"center\">13 meses<\/p>\n<\/td>\n<td>\n<p align=\"center\">60 vagas<\/p>\n<\/td>\n<td>\n<p align=\"center\">Outubro de 2016<\/p>\n<\/td>\n<td>\n<p align=\"center\">Novembro de 2017<\/p>\n<\/td>\n<td><\/td>\n<\/tr>\n<tr>\n<td valign=\"top\">\n<p align=\"center\">Coord.: Prof. Dr. Paulo Cesar Naoum<\/p>\n<\/td>\n<td><\/td>\n<td><\/td>\n<td><\/td>\n<td><\/td>\n<td><\/td>\n<td><\/td>\n<\/tr>\n<tr>\n<td><\/td>\n<td><\/td>\n<td><\/td>\n<td><\/td>\n<td><\/td>\n<td><\/td>\n<\/tr>\n<td><\/td>\n<td><\/td>\n<td><\/td>\n<td><\/td>\n<td><\/td>\n<td><\/td>\n<\/tr>\n<tr>\n<td><\/td>\n<td><\/td>\n<td><\/td>\n<td><\/td>\n<td><\/td>\n<\/tr>\n<tr>\n<td><\/td>\n<td><\/td>\n<td><\/td>\n<td><\/td>\n<td><\/td>\n<\/tr>\n<\/tr>\n<\/tbody>\n<\/table>\n<p style=\"text-align: center;\"><a title=\"Acesso a P\u00f3s Gradua\u00e7\u00e3o Online !\" href=\"http:\/\/www.ciencianews.com.br\/index.php\/cursos\/acesso-a-pos-graduacao-online\/\"><img loading=\"lazy\" decoding=\"async\" class=\"size-full wp-image-2348 aligncenter\" alt=\"posonline\" src=\"http:\/\/www.ciencianews.com.br\/wp-content\/uploads\/2013\/07\/posonline.png\" width=\"280\" height=\"68\" srcset=\"https:\/\/www.ciencianews.com.br\/wp-content\/uploads\/2013\/07\/posonline.png 280w, https:\/\/www.ciencianews.com.br\/wp-content\/uploads\/2013\/07\/posonline-250x60.png 250w\" sizes=\"auto, (max-width: 280px) 100vw, 280px\" \/><\/a><\/p>\n<p><strong style=\"line-height: 1.7;\"><span style=\"text-decoration: underline;\">Hematologia Cl\u00ednica:<\/span><\/strong><span style=\"line-height: 1.7;\">\u00a0O Dr. Fl\u00e1vio Augusto Naoum atende consultas na \u00e1rea de hematologia geral em consult\u00f3rio pr\u00f3prio localizado dentro do pr\u00e9dio principal da AC&amp;T. S\u00e3o realizadas consultas particulares e tamb\u00e9m pelos conv\u00eanios Unimed e BenSa\u00fade.<\/span><\/p>\n<p><span style=\"text-decoration: underline;\"><strong>Citologia Hematol\u00f3gica:<\/strong><\/span>\u00a0A AC&amp;T coloca-se \u00e0 disposi\u00e7\u00e3o para auxilio t\u00e9cnico na identifica\u00e7\u00e3o de altera\u00e7\u00f5es celulares nas principais hemopatias que acometem os eritr\u00f3citos, leuc\u00f3citos e plaquetas. Para este atendimento diferenciado \u00e9 necess\u00e1rio enviar l\u00e2minas coradas e n\u00e3o corada, al\u00e9m dos dados referentes ao paciente e os valores hematim\u00e9tricos.<\/p>\n<blockquote>\n<h4 style=\"text-align: center;\"><strong><span style=\"color: #3366ff;\">Informa\u00e7\u00f5es<\/span><\/strong>\u00a0&#8211; Agendar com Yone ou Magaly, das 8:00 \u00e0s 16:00 horas, de seg. a sexta. Fone: (17) 3233-4490<\/h4>\n<\/blockquote>\n","protected":false},"excerpt":{"rendered":"<p>\u00a0\u00a0\u00a0Curso \u00a0\u00a0 Tipo Dura\u00e7\u00e3o \u00a0Vagas \u00a0\u00a0\u00a0\u00a0 In\u00edcio \u00a0\u00a0 T\u00e9rmino Hematologia Cl\u00ednica e Laboratorial P\u00f3s-gradua\u00e7\u00e3o 13 meses 60 vagas Outubro de 2016 Novembro de 2017 Coord.: Prof. Dr. Paulo Cesar Naoum Hematologia Cl\u00ednica:\u00a0O Dr. Fl\u00e1vio Augusto Naoum atende consultas na \u00e1rea [&hellip;]<\/p>\n","protected":false},"author":2,"featured_media":0,"parent":0,"menu_order":0,"comment_status":"closed","ping_status":"open","template":"","meta":{"_uag_custom_page_level_css":"","_joinchat":[],"footnotes":""},"class_list":["post-45","page","type-page","status-publish","hentry"],"uagb_featured_image_src":{"full":false,"thumbnail":false,"medium":false,"medium_large":false,"large":false,"1536x1536":false,"2048x2048":false,"post-thumbnail":false,"business-hub-blog":false,"business-hub-work":false},"uagb_author_info":{"display_name":"admin","author_link":"https:\/\/www.ciencianews.com.br\/index.php\/author\/admin\/"},"uagb_comment_info":0,"uagb_excerpt":"\u00a0\u00a0\u00a0Curso \u00a0\u00a0 Tipo Dura\u00e7\u00e3o \u00a0Vagas \u00a0\u00a0\u00a0\u00a0 In\u00edcio \u00a0\u00a0 T\u00e9rmino Hematologia Cl\u00ednica e Laboratorial P\u00f3s-gradua\u00e7\u00e3o 13 meses 60 vagas Outubro de 2016 Novembro de 2017 Coord.: Prof. Dr. Paulo Cesar Naoum Hematologia Cl\u00ednica:\u00a0O Dr. Fl\u00e1vio Augusto Naoum atende consultas na \u00e1rea [&hellip;]","_links":{"self":[{"href":"https:\/\/www.ciencianews.com.br\/index.php\/wp-json\/wp\/v2\/pages\/45","targetHints":{"allow":["GET"]}}],"collection":[{"href":"https:\/\/www.ciencianews.com.br\/index.php\/wp-json\/wp\/v2\/pages"}],"about":[{"href":"https:\/\/www.ciencianews.com.br\/index.php\/wp-json\/wp\/v2\/types\/page"}],"author":[{"embeddable":true,"href":"https:\/\/www.ciencianews.com.br\/index.php\/wp-json\/wp\/v2\/users\/2"}],"replies":[{"embeddable":true,"href":"https:\/\/www.ciencianews.com.br\/index.php\/wp-json\/wp\/v2\/comments?post=45"}],"version-history":[{"count":48,"href":"https:\/\/www.ciencianews.com.br\/index.php\/wp-json\/wp\/v2\/pages\/45\/revisions"}],"predecessor-version":[{"id":3476,"href":"https:\/\/www.ciencianews.com.br\/index.php\/wp-json\/wp\/v2\/pages\/45\/revisions\/3476"}],"wp:attachment":[{"href":"https:\/\/www.ciencianews.com.br\/index.php\/wp-json\/wp\/v2\/media?parent=45"}],"curies":[{"name":"wp","href":"https:\/\/api.w.org\/{rel}","templated":true}]}}