{"id":5029,"date":"2019-08-14T14:46:34","date_gmt":"2019-08-14T14:46:34","guid":{"rendered":"http:\/\/www.ciencianews.com.br\/?page_id=5029"},"modified":"2026-02-05T14:48:06","modified_gmt":"2026-02-05T14:48:06","slug":"artigos-de-hemoterapia-banco-de-sangue","status":"publish","type":"page","link":"https:\/\/www.ciencianews.com.br\/index.php\/home\/biblioteca_digital\/biblioteca-digital-hemoterapia\/b-d-hemoterapia-banco-de-sangue\/artigos-de-hemoterapia-banco-de-sangue\/","title":{"rendered":"ARTIGOS DE HEMOTERAPIA &#8211; BANCO DE SANGUE"},"content":{"rendered":"<h1 align=\"center\"><span style=\"color: #000000;\"><strong> ARTIGOS &#8211; BANCO DE SANGUE <\/strong><\/span><\/h1>\n<p><strong>Escolha o tema de sua prefer\u00eancia:<\/strong><\/p>\n<ol>\n<li style=\"list-style-type: none;\">\n<ol>\n<li><strong><a title=\"CRIOPRESERVA\u00c7\u00c3O DE PLAQUETAS\" href=\"http:\/\/www.ciencianews.com.br\/arquivos\/ACET\/IMAGENS\/biblioteca-digital\/hemoterapia\/banco-sangue\/1-Criopreservacao-de-plaquetas.pdf\" target=\"_blank\" rel=\"noopener noreferrer\"> CRIOPRESERVA\u00c7\u00c3O DE PLAQUETAS <\/a><\/strong><\/li>\n<li><strong><a title=\"INCIDENTES TRANSFUSIONAIS - REA\u00c7OES IMEDIATAS E TARDIAS \" href=\"http:\/\/www.ciencianews.com.br\/arquivos\/ACET\/IMAGENS\/biblioteca-digital\/hemoterapia\/banco-sangue\/2-Incidentes-transfusionais-reacoes-imediatas-e-tardias.pdf\" target=\"_blank\" rel=\"noopener noreferrer\"> INCIDENTES TRANSFUSIONAIS &#8211; REA\u00c7OES IMEDIATAS E TARDIAS <\/a><\/strong><\/li>\n<li><strong><a title=\"O USO DO TESTE DE \u00c1CIDOS NUCLEICOS\" href=\"http:\/\/www.ciencianews.com.br\/arquivos\/ACET\/IMAGENS\/biblioteca-digital\/hemoterapia\/banco-sangue\/3-O-uso-doteste-de-acidos-nucleicos.pdf\" target=\"_blank\" rel=\"noopener noreferrer\"> O USO DO TESTE DE \u00c1CIDOS NUCLEICOS<\/a><\/strong><\/li>\n<li><strong><a title=\"FREQU\u00caNCIA ABO E FATOR RH EM DOADORES DE BANCO DE SANGUE\" href=\"http:\/\/www.ciencianews.com.br\/arquivos\/ACET\/IMAGENS\/biblioteca-digital\/hemoterapia\/banco-sangue\/4-Frequencia-ABO-e-fator-RH-em-doadores-de-banco-de-sangue.pdf\" target=\"_blank\" rel=\"noopener noreferrer\"> FREQU\u00caNCIA ABO E FATOR RH EM DOADORES DE BANCO DE SANGUE <\/a><\/strong><\/li>\n<li><strong><a title=\"CONTAMINA\u00c7\u00c3O BACTERIANA EM CONCENTRADOS PLAQUET\u00c1RIOS\" href=\"http:\/\/www.ciencianews.com.br\/arquivos\/ACET\/IMAGENS\/biblioteca-digital\/hemoterapia\/banco-sangue\/5-Contaminacao-bacteriana-em-concentrados-plaquetarios.pdf\" target=\"_blank\" rel=\"noopener noreferrer\"> CONTAMINA\u00c7\u00c3O BACTERIANA EM CONCENTRADOS PLAQUET\u00c1RIOS <\/a><\/strong><\/li>\n<li><strong><a title=\"SORO PREVAL\u00caNCIA NOS TESTES SOROL\u00d3GICOS DE BANCO DE SANGUE\" href=\"http:\/\/www.ciencianews.com.br\/arquivos\/ACET\/IMAGENS\/biblioteca-digital\/hemoterapia\/banco-sangue\/6-Soro-prevalencia-nos-testes-sorologicos-de-banco-de-sangues.pdf\" target=\"_blank\" rel=\"noopener noreferrer\"> SORO PREVAL\u00caNCIA NOS TESTES SOROL\u00d3GICOS DE BANCO DE SANGUE <\/a><\/strong><\/li>\n<li><strong><a title=\"AN\u00c1LISES DAS PRINCIPAIS CAUSAS DE INAPTID\u00c3O PARA DOA\u00c7\u00c3O DE SANGUE\" href=\"http:\/\/www.ciencianews.com.br\/arquivos\/ACET\/IMAGENS\/biblioteca-digital\/hemoterapia\/banco-sangue\/7-Analises-das-principais-causas-de-inaptidao-para-doacao-de-sangue.pdf\" target=\"_blank\" rel=\"noopener noreferrer\"> AN\u00c1LISES DAS PRINCIPAIS CAUSAS DE INAPTID\u00c3O PARA DOA\u00c7\u00c3O DE SANGUE <\/a><\/strong><\/li>\n<li><strong><a title=\"UTILIZA\u00c7\u00c3O DO PLASMA RICO EM PLAQUETAS\" href=\"http:\/\/www.ciencianews.com.br\/arquivos\/ACET\/IMAGENS\/biblioteca-digital\/hemoterapia\/banco-sangue\/8-Utilizacao-do-plasma-rico-em-plaquetas.pdf\" target=\"_blank\" rel=\"noopener noreferrer\"> UTILIZA\u00c7\u00c3O DO PLASMA RICO EM PLAQUETAS <\/a><\/strong><\/li>\n<li><strong><a title=\"PRODU\u00c7\u00c3O DE HEMOCOMPONENTES\" href=\"http:\/\/www.ciencianews.com.br\/arquivos\/ACET\/IMAGENS\/biblioteca-digital\/hemoterapia\/banco-sangue\/9-Producao-de-hemocomponentes.pdf\" target=\"_blank\" rel=\"noopener noreferrer\"> PRODU\u00c7\u00c3O DE HEMOCOMPONENTES<\/a><\/strong><\/li>\n<li><strong><a title=\"TRALI LES\u00c3O PULMONAR AGUDA RELACIONADA A TRANSFUS\u00c3O \" href=\"http:\/\/www.ciencianews.com.br\/arquivos\/ACET\/IMAGENS\/biblioteca-digital\/hemoterapia\/banco-sangue\/10-TRALI-lesao-pulmonar-aguda-relacionada-a-transfusao.pdf\" target=\"_blank\" rel=\"noopener noreferrer\"> TRALI LES\u00c3O PULMONAR AGUDA RELACIONADA A TRANSFUS\u00c3O <\/a><\/strong><\/li>\n<li><strong><a title=\"IMPORT\u00c3NCIA DO NAT NA SEGURAN\u00c7A TRANSFUSIONAL\" href=\"http:\/\/www.ciencianews.com.br\/arquivos\/ACET\/IMAGENS\/biblioteca-digital\/hemoterapia\/banco-sangue\/11-Importancia-do-NAT-na-seguranca-transfusional.pdf\" target=\"_blank\" rel=\"noopener noreferrer\"> IMPORT\u00c3NCIA DO NAT NA SEGURAN\u00c7A TRANSFUSIONAL <\/a><\/strong><\/li>\n<li><strong><a title=\"HEMOCOMPONENTES PRODU\u00c7\u00c3O, PROCEDIMENTOS ESPECIAIS E USO CL\u00cdNICO\" href=\"http:\/\/www.ciencianews.com.br\/arquivos\/ACET\/IMAGENS\/biblioteca-digital\/hemoterapia\/banco-sangue\/12-Hemocomponentes-producao-procedimentos-especiais-e-uso-clinico.pdf\" target=\"_blank\" rel=\"noopener noreferrer\"> HEMOCOMPONENTES PRODU\u00c7\u00c3O, PROCEDIMENTOS ESPECIAIS E USO CL\u00cdNICO <\/a><\/strong><\/li>\n<li><strong><a title=\"DIFERENTES METODOLOGIAS EMPREGADAS EM EMOCENTROS PARA TRIAGEM DE HEPATITE C EM DOADORES\" href=\"http:\/\/www.ciencianews.com.br\/arquivos\/ACET\/IMAGENS\/biblioteca-digital\/hemoterapia\/banco-sangue\/13-Diferentes-metodologias-empregadas-em-emocentros-para-triagem-de-Hepatite-C-em-doadores.pdf\" target=\"_blank\" rel=\"noopener noreferrer\"> DIFERENTES METODOLOGIAS EMPREGADAS EM EMOCENTROS PARA TRIAGEM DE HEPATITE C EM DOADORES <\/a><\/strong><\/li>\n<li><strong><a title=\"ALOIMUNIZA\u00c7\u00c3O EM PACIENTES TRANSFUNDIDOS COM CONCENTRADOS DE HEMACIAS\" href=\"http:\/\/www.ciencianews.com.br\/arquivos\/ACET\/IMAGENS\/biblioteca-digital\/hemoterapia\/banco-sangue\/14-Aloimunizacao-em-pacientes-transfundidos-com-concentrados-de-Hemacias.pdf\" target=\"_blank\" rel=\"noopener noreferrer\"> ALOIMUNIZA\u00c7\u00c3O EM PACIENTES TRANSFUNDIDOS COM CONCENTRADOS DE HEMACIAS <\/a><\/strong><\/li>\n<li><strong><a title=\"A IMPORT\u00c2NCIA DO TESTE DE \u00c1CIDO NUCLEICO NAT NOS VANCOS DE SANGUE DO BRASIL \" href=\"http:\/\/www.ciencianews.com.br\/arquivos\/ACET\/IMAGENS\/biblioteca-digital\/hemoterapia\/banco-sangue\/15-A-inportancia-do-teste-de-acido-nucleico-NAT-nos-bancos-de-sangue-do-Brasil.pdf\" target=\"_blank\" rel=\"noopener noreferrer\"> A IMPORT\u00c2NCIA DO TESTE DE \u00c1CIDO NUCLEICO NAT NOS VANCOS DE SANGUE DO BRASIL <\/a><\/strong><\/li>\n<li><strong><a title=\"PREVAL\u00caNCIA DAS ALTERA\u00c7\u00d5ES SOROL\u00d3GICAS EM DOADORES DE SANGUE NO BANCO SANGUE DE MARING\u00c1 - PR\" href=\"http:\/\/www.ciencianews.com.br\/arquivos\/ACET\/IMAGENS\/biblioteca-digital\/hemoterapia\/banco-sangue\/16-Prevalencia-das-alteracoes-sorologicas-em-doadores-de-sangue-no-Banco-de-Sangue-de-Maringa-PR.pdf\" target=\"_blank\" rel=\"noopener noreferrer\"> PREVAL\u00caNCIA DAS ALTERA\u00c7\u00d5ES SOROL\u00d3GICAS EM DOADORES DE SANGUE NO BANCO SANGUE DE MARING\u00c1 &#8211; PR <\/a><\/strong><\/li>\n<li><strong><a title=\"REA\u00c7\u00d5ES TRANSFUSIONAIS IMEDIATAS\" href=\"http:\/\/www.ciencianews.com.br\/arquivos\/ACET\/IMAGENS\/biblioteca-digital\/hemoterapia\/banco-sangue\/17-Reacoes-transfusionais-imediatas.pdf\" target=\"_blank\" rel=\"noopener noreferrer\"> REA\u00c7\u00d5ES TRANSFUSIONAIS IMEDIATAS<\/a><\/strong><\/li>\n<li><strong><a title=\"PERCENTUAL DOS GRUPOS SANGUINEOS ABO E RHD EM RELA\u00c7\u00c3O A GRUPOS \u00c9TNICOS EM UM BANCO DE SANGUE NA CIDADE DE MARING\u00c1 - PR NO PER\u00cdODO DE 2011\" href=\"http:\/\/www.ciencianews.com.br\/arquivos\/ACET\/IMAGENS\/biblioteca-digital\/hemoterapia\/banco-sangue\/18-PERCENTUAL.pdf\" target=\"_blank\" rel=\"noopener noreferrer\"> PERCENTUAL DOS GRUPOS SANGUINEOS ABO E RHD EM RELA\u00c7\u00c3O A GRUPOS \u00c9TNICOS EM UM BANCO DE SANGUE NA CIDADE DE MARING\u00c1 &#8211; PR NO PER\u00cdODO DE 2011<\/a><\/strong><\/li>\n<li><strong><a title=\"ESTUDO COMPARATIVO DA PREVAL\u00caNCIA DAS CAUSAS DE INAPTID\u00c3O TEMPOR\u00c1RIA EM DOADORES DE SANGUE\" href=\"http:\/\/www.ciencianews.com.br\/arquivos\/ACET\/IMAGENS\/biblioteca-digital\/hemoterapia\/banco-sangue\/19-EST.PDF\" target=\"_blank\" rel=\"noopener noreferrer\"> ESTUDO COMPARATIVO DA PREVAL\u00caNCIA DAS CAUSAS DE INAPTID\u00c3O TEMPOR\u00c1RIA EM DOADORES DE SANGUE<\/a><\/strong><\/li>\n<li><strong><a title=\"AVALIA\u00c7\u00c3O LABORATORIAL DAS LES\u00d5ES DE ARMAZENAMENTO DURANTE A CONSERVA\u00c7\u00c3O DE SANGUE TOTAL\" href=\"http:\/\/www.ciencianews.com.br\/arquivos\/ACET\/IMAGENS\/biblioteca-digital\/hemoterapia\/banco-sangue\/20-Avaliacao-laboratorial-das-lesoes-de-armazenamento-durante-a-conservacao-de-sangue-total.pdf\" target=\"_blank\" rel=\"noopener noreferrer\"> AVALIA\u00c7\u00c3O LABORATORIAL DAS LES\u00d5ES DE ARMAZENAMENTO DURANTE A CONSERVA\u00c7\u00c3O DE SANGUE TOTAL <\/a><\/strong><\/li>\n<li><strong><a title=\"AVALIA\u00c7\u00c3O DO CONHECIMENTO DOS PROFISSIONAIS DA ENFERMAGEM EM HEMOTERAPIA E SEGURAN\u00c7A TRANSFUSIONAL EM UM HOSPITAL EM MONTES CLAROS \u2013 MG\" href=\"http:\/\/www.ciencianews.com.br\/arquivos\/ACET\/IMAGENS\/biblioteca-digital\/hemoterapia\/banco-sangue\/21-AVA.pdf\" target=\"_blank\" rel=\"noopener noreferrer\"> AVALIA\u00c7\u00c3O DO CONHECIMENTO DOS PROFISSIONAIS DA ENFERMAGEM EM HEMOTERAPIA E SEGURAN\u00c7A TRANSFUSIONAL EM UM HOSPITAL EM MONTES CLAROS \u2013 MG <\/a><\/strong><\/li>\n<li><strong><a title=\"AVALIA\u00c7\u00c3O DE ENSAIO QUIMIOLUMINESCENTE AUTOMATIZADO EM ROTINA DE TRIAGEM SOROL\u00d3GICA DE DOADORES DE SANGUE DO HOSPITAL FEDERAL DOS SERVIDORES DO ESTADO - RJ\" href=\"http:\/\/www.ciencianews.com.br\/arquivos\/ACET\/IMAGENS\/biblioteca-digital\/hemoterapia\/banco-sangue\/22-AVA.pdf\" target=\"_blank\" rel=\"noopener noreferrer\"> AVALIA\u00c7\u00c3O DE ENSAIO QUIMIOLUMINESCENTE AUTOMATIZADO EM ROTINA DE TRIAGEM SOROL\u00d3GICA DE DOADORES DE SANGUE DO HOSPITAL FEDERAL DOS SERVIDORES DO ESTADO &#8211; RJ <\/a><\/strong><\/li>\n<li><strong><a title=\"REA\u00c7\u00d5ES TRANSFUSIONAIS\" href=\"http:\/\/www.ciencianews.com.br\/arquivos\/ACET\/IMAGENS\/biblioteca-digital\/hemoterapia\/banco-sangue\/23-Reacoes-transfusionais.pdf\" target=\"_blank\" rel=\"noopener noreferrer\"> REA\u00c7\u00d5ES TRANSFUSIONAIS <\/a><\/strong><\/li>\n<li><strong><a title=\"TRANSFUS\u00c3O SANGU\u00cdNEA E UTILIZA\u00c7\u00c3O DE HEMODERIVADOS EM REC\u00c9M-NASCIDOS\" href=\"http:\/\/www.ciencianews.com.br\/arquivos\/ACET\/IMAGENS\/biblioteca-digital\/hemoterapia\/banco-sangue\/24-Transfusao-sanguinea-e-utilizacao-de-hemoderivados-em-recem-nascidos.pdf\" target=\"_blank\" rel=\"noopener noreferrer\"> TRANSFUS\u00c3O SANGU\u00cdNEA E UTILIZA\u00c7\u00c3O DE HEMODERIVADOS EM REC\u00c9M-NASCIDOS <\/a><\/strong><\/li>\n<li><strong><a title=\"O IMPACTO DO TESTE NAT NA DOA\u00c7\u00c3O DE SANGUE\" href=\"http:\/\/www.ciencianews.com.br\/arquivos\/ACET\/IMAGENS\/biblioteca-digital\/hemoterapia\/banco-sangue\/25-Impacto-do-teste-NAT-na-doacao-de-sangue.pdf\" target=\"_blank\" rel=\"noopener noreferrer\"> O IMPACTO DO TESTE NAT NA DOA\u00c7\u00c3O DE SANGUE <\/a><\/strong><\/li>\n<li><strong><a title=\"O MANEJO DA REFRATARIEDADE PLAQUET\u00c1RIA\" href=\"http:\/\/www.ciencianews.com.br\/arquivos\/ACET\/IMAGENS\/biblioteca-digital\/hematologia\/plaquetas_coagulopatias\/alteracao_plaquetas\/24.pdf\" target=\"_blank\" rel=\"noopener noreferrer\">O MANEJO DA REFRATARIEDADE PLAQUET\u00c1RIA<\/a><\/strong><\/li>\n<li><strong><a title=\"AN\u00c1LISE DE POSS\u00cdVEL AUMENTO DA TAXA DE MORBOMORTALIDADE E POSS\u00cdVEIS COMPLICA\u00c7\u00d5ES ASSOCIADAS \u00c0 TRANSFUS\u00c3O DE CONCENTRADO DE HEM\u00c1CIAS EM PACIENTES CARDIOVASCULARES\" href=\"http:\/\/www.ciencianews.com.br\/arquivos\/ACET\/IMAGENS\/biblioteca-digital\/hematologia\/plaquetas_coagulopatias\/alteracao_plaquetas\/27.pdf\" target=\"_blank\" rel=\"noopener noreferrer\">AN\u00c1LISE DE POSS\u00cdVEL AUMENTO DA TAXA DE MORBOMORTALIDADE E POSS\u00cdVEIS COMPLICA\u00c7\u00d5ES ASSOCIADAS \u00c0 TRANSFUS\u00c3O DE CONCENTRADO DE HEM\u00c1CIAS EM PACIENTES CARDIOVASCULARES<\/a><\/strong><\/li>\n<li><strong><a title=\"ENTENDIMENTO SOBRE O PROCESSO DO CICLO DO SANGUE PARA SEGURAN\u00c7A DO PACIENTE NA TERAPIA TRANSFUSIONAL\" href=\"http:\/\/www.ciencianews.com.br\/arquivos\/ACET\/IMAGENS\/biblioteca-digital\/hematologia\/plaquetas_coagulopatias\/alteracao_plaquetas\/28.pdf\" target=\"_blank\" rel=\"noopener noreferrer\">ENTENDIMENTO SOBRE O PROCESSO DO CICLO DO SANGUE PARA SEGURAN\u00c7A DO PACIENTE NA TERAPIA TRANSFUSIONAL<\/a><\/strong><\/li>\n<li><strong><a title=\"DIFICULDADES TRANSFUSIONAIS NOS PACIENTES PORTADORES DE DOEN\u00c7A FALCIFORME\" href=\"http:\/\/www.ciencianews.com.br\/arquivos\/ACET\/IMAGENS\/biblioteca-digital\/hematologia\/plaquetas_coagulopatias\/alteracao_plaquetas\/29.pdf\" target=\"_blank\" rel=\"noopener noreferrer\">DIFICULDADES TRANSFUSIONAIS NOS PACIENTES PORTADORES DE DOEN\u00c7A FALCIFORME<\/a><\/strong><\/li>\n<li><strong><a title=\"REA\u00c7\u00c3O TRANSFUSIONAL COM FOCO NA TRALI\" href=\"http:\/\/www.ciencianews.com.br\/arquivos\/ACET\/IMAGENS\/biblioteca-digital\/hematologia\/plaquetas_coagulopatias\/alteracao_plaquetas\/30.pdf\" target=\"_blank\" rel=\"noopener noreferrer\">REA\u00c7\u00c3O TRANSFUSIONAL COM FOCO NA TRALI<\/a><\/strong><\/li>\n<li><strong><a title=\"PAR\u00c2METROS TRANSFUSIONAIS PARA S\u00cdNDROME HELLP\" href=\"http:\/\/www.ciencianews.com.br\/arquivos\/ACET\/IMAGENS\/biblioteca-digital\/hematologia\/plaquetas_coagulopatias\/alteracao_plaquetas\/31.pdf\" target=\"_blank\" rel=\"noopener noreferrer\">PAR\u00c2METROS TRANSFUSIONAIS PARA S\u00cdNDROME HELLP<\/a><\/strong><\/li>\n<li><strong><a title=\"TECNOLOGIA DE REDU\u00c7\u00c3O DE PAT\u00d3GENOS\" href=\"http:\/\/www.ciencianews.com.br\/arquivos\/ACET\/IMAGENS\/biblioteca-digital\/hematologia\/plaquetas_coagulopatias\/alteracao_plaquetas\/32.pdf\" target=\"_blank\" rel=\"noopener noreferrer\">TECNOLOGIA DE REDU\u00c7\u00c3O DE PAT\u00d3GENOS<\/a><\/strong><\/li>\n<li><strong><a title=\"PROCESSO HEMOTER\u00c1PICO E AS INDICA\u00c7\u00d5ES DE BOLSA FILTRADA\" href=\"http:\/\/www.ciencianews.com.br\/arquivos\/ACET\/IMAGENS\/biblioteca-digital\/hematologia\/plaquetas_coagulopatias\/alteracao_plaquetas\/33.pdf\" target=\"_blank\" rel=\"noopener noreferrer\">PROCESSO HEMOTER\u00c1PICO E AS INDICA\u00c7\u00d5ES DE BOLSA FILTRADA<\/a><\/strong><\/li>\n<li><strong><a title=\"AF\u00c9RESE TERAP\u00caUTICA, REVIS\u00c3O\" href=\"http:\/\/www.ciencianews.com.br\/arquivos\/ACET\/IMAGENS\/biblioteca-digital\/hematologia\/plaquetas_coagulopatias\/alteracao_plaquetas\/34.pdf\" target=\"_blank\" rel=\"noopener noreferrer\">AF\u00c9RESE TERAP\u00caUTICA, REVIS\u00c3O<\/a><\/strong><\/li>\n<li><a href=\"http:\/\/www.ciencianews.com.br\/arquivos\/ACET\/IMAGENS\/biblioteca-digital\/hemoterapia\/banco-sangue\/TCC Renan Serrano Lopes \u2013 Hemoterapia \u2013 Banco de Sangue.pdf\" data-wplink-url-error=\"true\"><strong>IMPORT\u00c2NCIA DA PESQUISA DE ANTICORPOS IRREGULARES EM PACIENTES COM NECESSIDADE TRANSFUSIONAL<\/strong><\/a><\/li>\n<li><a href=\"http:\/\/www.ciencianews.com.br\/arquivos\/ACET\/IMAGENS\/biblioteca-digital\/hemoterapia\/banco-sangue\/TCC Thais Bianca Barrere \u2013 Hemoterapia \u2013 Banco de Sangue.pdf\" data-wplink-url-error=\"true\"><strong>REA\u00c7\u00d5ES TRANSFUSIONAIS POR CONTAMINA\u00c7\u00c3O BACTERIANA DOS HEMOCOMPONENTES<\/strong><\/a><\/li>\n<li><a href=\"http:\/\/www.ciencianews.com.br\/arquivos\/ACET\/IMAGENS\/biblioteca-digital\/hemoterapia\/banco-sangue\/TCC Vit\u00f3ria de Morais Predebon \u2013 Hemoterapia \u2013 Banco de Sangue.pdf\" data-wplink-url-error=\"true\"><strong>FREQU\u00caNCIA DE ANTICORPOS IRREGULARES EM DOADORES DE <\/strong><strong>SANGUE EM UM BANCO DE SANGUE PRIVADO, DO DISTRITO <\/strong><strong>FEDERAL<\/strong><\/a><\/li>\n<li><a href=\"https:\/\/www.ciencianews.com.br\/arquivos\/ACET\/IMAGENS\/biblioteca-digital\/hemoterapia\/banco-sangue\/CONTAMINA%C3%87%C3%83O%20BACTERIANA%20EM%20CONCENTRADOS%20PLAQUET%C3%81RIOS%20%20-%20Elaine%20Cristina%20Heinst.pdf\"><strong>CONTAMINA\u00c7\u00c3O BACTERIANA EM CONCENTRADOS PLAQUET\u00c1RIOS<\/strong><\/a><\/li>\n<li><a href=\"https:\/\/www.ciencianews.com.br\/arquivos\/ACET\/IMAGENS\/biblioteca-digital\/hemoterapia\/banco-sangue\/INTERFER%C3%8ANCIA%20DO%20DARATUMUMAB%20NOS%20TESTES%20PR%C3%89%20TRANSFUSIONAIS%20EM%20%20-%20Mariana%20Ap.%20Oliveira%20da%20Silva.pdf\"><strong>INTERFER\u00caNCIA DO DARATUMUMAB NOS TESTES PR\u00c9 TRANSFUSIONAIS EM PACIENTES PORTADORES DE MIELOMA M\u00daLTIPLO <\/strong><\/a><\/li>\n<li><a href=\"https:\/\/www.ciencianews.com.br\/arquivos\/ACET\/IMAGENS\/biblioteca-digital\/hemoterapia\/banco-sangue\/REA%C3%87%C3%95ES%20TRANSFUSIONAIS%20LEVANTAMENTO%20DE%20DADOS%20DE%20%20-%20Vit%C3%B3ria%20Miranda%20Machado.pdf\"><strong>REA\u00c7\u00d5ES TRANSFUSIONAIS LEVANTAMENTO DE DADOS DE 2010 a 2015<\/strong><\/a><\/li>\n<li><a href=\"https:\/\/ciencianews.com.br\/arquivos\/ACET\/IMAGENS\/biblioteca-digital\/hemoterapia\/banco-sangue\/2023-Evid%C3%AAncias%20na%20rotina%20transfusional%20de%20rec%C3%A9m%20nascidos%20at%C3%A9%204%20meses%20de%20uma%20maternidade%20do%20complexo%20hospitalar%20da%20upe%20-%20Gisely%20Juliane%20Barbosa%20de%20Albertim.pdf\"><strong>EVID\u00caNCIAS NA ROTINA TRANSFUSIONAL DE REC\u00c9M NASCIDOS AT\u00c9 4 MESES DE UMA MATERNIDADE DO COMPLEXO HOSPITALAR DA UPE<\/strong><\/a><\/li>\n<li><a href=\"https:\/\/ciencianews.com.br\/arquivos\/ACET\/IMAGENS\/biblioteca-digital\/hemoterapia\/banco-sangue\/2023-Tecnologia%20de%20redu%C3%A7%C3%A3o%20de%20pat%C3%B3genos%20Intercept%E2%84%A2%20Blood%20System%20-%20Ana%20Carolina%20Evaristo%20Faria.pdf\"><strong>TECNOLOGIA DE REDU\u00c7\u00c3O DE PAT\u00d3GENOS (INTERCEPT&#x2122; BLOOD SYSTEM)<\/strong><\/a><\/li>\n<li><a href=\"https:\/\/ciencianews.com.br\/arquivos\/ACET\/IMAGENS\/biblioteca-digital\/hemoterapia\/banco-sangue\/2026_Seguranca_transfusional_e_Reacoes_Adversas.pdf\" target=\"_blank\" rel=\"noopener\"><strong>SEGURAN\u00c7A TRANSFUSIONAL E REA\u00c7\u00d5ES ADVERSAS<\/strong><\/a><\/li>\n<li><a href=\"https:\/\/ciencianews.com.br\/arquivos\/ACET\/IMAGENS\/biblioteca-digital\/hemoterapia\/banco-sangue\/2026_Reacoes_transfusionais_Classificacao_prevencao_e_atua%C3%A7%C3%A3o_do_biomedico.pdf\" target=\"_blank\" rel=\"noopener\"><strong>REA\u00c7\u00d5ES TRANSFUSIONAIS: CLASSIFICA\u00c7\u00c3O, PREVEN\u00c7\u00c3O E ATUA\u00c7\u00c3O DO BIOM\u00c9DICO<\/strong><\/a><\/li>\n<li><a href=\"https:\/\/ciencianews.com.br\/arquivos\/ACET\/IMAGENS\/biblioteca-digital\/hemoterapia\/banco-sangue\/2026_Reacoes_Transfusionais_classificacoes.pdf\" target=\"_blank\" rel=\"noopener\"><strong>REA\u00c7\u00d5ES TRANSFUSIONAIS: ESTUDO SOBRE SUAS CLASSIFICA\u00c7\u00d5ES E ABORDAGEM CL\u00cdNICA<\/strong><\/a><\/li>\n<li><a href=\"https:\/\/ciencianews.com.br\/arquivos\/ACET\/IMAGENS\/biblioteca-digital\/hemoterapia\/banco-sangue\/2026_INOVACOES_TECNOLOGICAS_NA_SEGURANCA_TRANSFUSIONAL.pdf\" target=\"_blank\" rel=\"noopener\"><strong>INOVA\u00c7\u00d5ES TECNOL\u00d3GICAS NA SEGURAN\u00c7A TRANSFUSIONAL: ABORDAGENS AVAN\u00c7ADAS NA INATIVA\u00c7\u00c3O PATOG\u00caNICA EM HEMOCOMPONENTES<\/strong><\/a><\/li>\n<li><a href=\"https:\/\/ciencianews.com.br\/arquivos\/ACET\/IMAGENS\/biblioteca-digital\/hemoterapia\/banco-sangue\/2026_Importacia_do_banco_de_sangue_para_a_seguran%C3%A7a_transfucional_e_a_gest%C3%A3o_hemoter%C3%A1pica.pdf\" target=\"_blank\" rel=\"noopener\"><strong>A IMPORT\u00c2NCIA DO BANCO DE DADOS DE SANGUE PARA A SEGURAN\u00c7A TRANSFUSIONAL E A GEST\u00c3O HEMOTER\u00c1PICA<\/strong><\/a><\/li>\n<li><a href=\"https:\/\/ciencianews.com.br\/arquivos\/ACET\/IMAGENS\/biblioteca-digital\/hemoterapia\/banco-sangue\/2026_Doa%C3%A7%C3%A3o_sanguinea_por_aferese_importancia_indicacoes_e_impactos_na_hemoterapia_moderna.pdf\" target=\"_blank\" rel=\"noopener\"><strong>DOA\u00c7\u00c3O SANGU\u00cdNEA POR AF\u00c9RESE: IMPORT\u00c2NCIA, INDICA\u00c7\u00d5ES E IMPACTOS NA HEMOTERAPIA MODERNA<\/strong><\/a><\/li>\n<\/ol>\n<\/li>\n<\/ol>\n<div style=\"text-align: center;\">\n<p>[ezcol_1third]<br \/>\n<a href=\"http:\/\/www.ciencianews.com.br\/index.php\/home\/biblioteca_digital\/biblioteca-digital-hemoterapia\/b-d-hemoterapia-banco-de-sangue\/\"> <img loading=\"lazy\" decoding=\"async\" class=\"alignnone size-thumbnail wp-image-4997\" src=\"http:\/\/www.ciencianews.com.br\/wp-content\/uploads\/2019\/08\/voltar-150x150.png\" alt=\"voltar\" width=\"70\" height=\"70\" srcset=\"https:\/\/www.ciencianews.com.br\/wp-content\/uploads\/2019\/08\/voltar-150x150.png 150w, https:\/\/www.ciencianews.com.br\/wp-content\/uploads\/2019\/08\/voltar-250x250.png 250w, https:\/\/www.ciencianews.com.br\/wp-content\/uploads\/2019\/08\/voltar.png 256w\" sizes=\"auto, (max-width: 70px) 100vw, 70px\" \/> <\/a><\/p>\n<div style=\"color: #000000; text-align: center; font-size: 15px; font-weight: bold;\"><a href=\"http:\/\/www.ciencianews.com.br\/index.php\/home\/biblioteca_digital\/biblioteca-digital-hemoterapia\/b-d-hemoterapia-banco-de-sangue\/\">Voltar<\/a><\/div>\n<p>[\/ezcol_1third]<br \/>\n[ezcol_1third]<br \/>\n<a href=\"http:\/\/www.ciencianews.com.br\/index.php\/home\/biblioteca_digital\/\"> <img loading=\"lazy\" decoding=\"async\" class=\"alignnone size-thumbnail wp-image-4996\" src=\"http:\/\/www.ciencianews.com.br\/wp-content\/uploads\/2019\/08\/home-150x150.jpg\" alt=\"home\" width=\"70\" height=\"70\" srcset=\"https:\/\/www.ciencianews.com.br\/wp-content\/uploads\/2019\/08\/home-150x150.jpg 150w, https:\/\/www.ciencianews.com.br\/wp-content\/uploads\/2019\/08\/home.jpg 225w\" sizes=\"auto, (max-width: 70px) 100vw, 70px\" \/> <\/a><\/p>\n<div style=\"color: #000000; text-align: center; font-size: 15px; font-weight: bold;\"><a href=\"http:\/\/www.ciencianews.com.br\/index.php\/home\/biblioteca_digital\/\">Biblioteca Digital<\/a><\/div>\n<p>[\/ezcol_1third]<br \/>\n[ezcol_1third_end]<br \/>\n<a href=\"http:\/\/www.ciencianews.com.br\/index.php\/home\/biblioteca_digital\/biblioteca-digital-hemoterapia\/b-d-hemoterapia-transplante-de-medula-ossea\/\"> <img loading=\"lazy\" decoding=\"async\" class=\"alignnone size-thumbnail wp-image-4995\" src=\"http:\/\/www.ciencianews.com.br\/wp-content\/uploads\/2019\/08\/avancar-150x150.png\" alt=\"avancar\" width=\"70\" height=\"70\" srcset=\"https:\/\/www.ciencianews.com.br\/wp-content\/uploads\/2019\/08\/avancar-150x150.png 150w, https:\/\/www.ciencianews.com.br\/wp-content\/uploads\/2019\/08\/avancar-250x250.png 250w, https:\/\/www.ciencianews.com.br\/wp-content\/uploads\/2019\/08\/avancar.png 256w\" sizes=\"auto, (max-width: 70px) 100vw, 70px\" \/> <\/a><\/p>\n<div style=\"color: #000000; text-align: center; font-size: 15px; font-weight: bold;\"><a href=\"http:\/\/www.ciencianews.com.br\/index.php\/home\/biblioteca_digital\/biblioteca-digital-hemoterapia\/b-d-hemoterapia-transplante-de-medula-ossea\/\">Pr\u00f3ximo T\u00f3pico: &#8220;TRANSPLANTE DE MEDULA \u00d3SSEA&#8221;<\/a><\/div>\n<p>[\/ezcol_1third_end]<\/p>\n<\/div>\n","protected":false},"excerpt":{"rendered":"<p>ARTIGOS &#8211; BANCO DE SANGUE Escolha o tema de sua prefer\u00eancia: CRIOPRESERVA\u00c7\u00c3O DE PLAQUETAS INCIDENTES TRANSFUSIONAIS &#8211; REA\u00c7OES IMEDIATAS E TARDIAS O USO DO TESTE DE \u00c1CIDOS NUCLEICOS FREQU\u00caNCIA ABO E FATOR RH EM DOADORES DE BANCO DE SANGUE CONTAMINA\u00c7\u00c3O [&hellip;]<\/p>\n","protected":false},"author":1,"featured_media":0,"parent":5025,"menu_order":0,"comment_status":"closed","ping_status":"closed","template":"","meta":{"_uag_custom_page_level_css":"","_joinchat":[],"footnotes":""},"class_list":["post-5029","page","type-page","status-publish","hentry"],"uagb_featured_image_src":{"full":false,"thumbnail":false,"medium":false,"medium_large":false,"large":false,"1536x1536":false,"2048x2048":false,"post-thumbnail":false,"business-hub-blog":false,"business-hub-work":false},"uagb_author_info":{"display_name":"real","author_link":"https:\/\/www.ciencianews.com.br\/index.php\/author\/real\/"},"uagb_comment_info":0,"uagb_excerpt":"ARTIGOS &#8211; BANCO DE SANGUE Escolha o tema de sua prefer\u00eancia: CRIOPRESERVA\u00c7\u00c3O DE PLAQUETAS INCIDENTES TRANSFUSIONAIS &#8211; REA\u00c7OES IMEDIATAS E TARDIAS O USO DO TESTE DE \u00c1CIDOS NUCLEICOS FREQU\u00caNCIA ABO E FATOR RH EM DOADORES DE BANCO DE SANGUE CONTAMINA\u00c7\u00c3O [&hellip;]","_links":{"self":[{"href":"https:\/\/www.ciencianews.com.br\/index.php\/wp-json\/wp\/v2\/pages\/5029","targetHints":{"allow":["GET"]}}],"collection":[{"href":"https:\/\/www.ciencianews.com.br\/index.php\/wp-json\/wp\/v2\/pages"}],"about":[{"href":"https:\/\/www.ciencianews.com.br\/index.php\/wp-json\/wp\/v2\/types\/page"}],"author":[{"embeddable":true,"href":"https:\/\/www.ciencianews.com.br\/index.php\/wp-json\/wp\/v2\/users\/1"}],"replies":[{"embeddable":true,"href":"https:\/\/www.ciencianews.com.br\/index.php\/wp-json\/wp\/v2\/comments?post=5029"}],"version-history":[{"count":23,"href":"https:\/\/www.ciencianews.com.br\/index.php\/wp-json\/wp\/v2\/pages\/5029\/revisions"}],"predecessor-version":[{"id":8084,"href":"https:\/\/www.ciencianews.com.br\/index.php\/wp-json\/wp\/v2\/pages\/5029\/revisions\/8084"}],"up":[{"embeddable":true,"href":"https:\/\/www.ciencianews.com.br\/index.php\/wp-json\/wp\/v2\/pages\/5025"}],"wp:attachment":[{"href":"https:\/\/www.ciencianews.com.br\/index.php\/wp-json\/wp\/v2\/media?parent=5029"}],"curies":[{"name":"wp","href":"https:\/\/api.w.org\/{rel}","templated":true}]}}