{"id":5170,"date":"2019-08-21T13:13:21","date_gmt":"2019-08-21T13:13:21","guid":{"rendered":"http:\/\/www.ciencianews.com.br\/?page_id=5170"},"modified":"2019-08-23T11:37:41","modified_gmt":"2019-08-23T11:37:41","slug":"biblioteca-digital-microbiologia","status":"publish","type":"page","link":"https:\/\/www.ciencianews.com.br\/index.php\/home\/biblioteca_digital\/biblioteca-digital-microbiologia\/","title":{"rendered":"Biblioteca Digital &#8211; MICROBIOLOGIA"},"content":{"rendered":"<h1 align=\"center\"><span style=\"color: #000000;\"><strong> MICROBIOLOGIA<\/strong><\/span><\/h1>\n<div style=\"text-align: center;\">\n<p>[ezcol_1third]<br \/>\n<a href=\"http:\/\/www.ciencianews.com.br\/index.php\/home\/biblioteca_digital\/biblioteca-digital-microbiologia\/b-d-microbiologia-avaliacoes-especificas-em-microbiologia\/\"><img loading=\"lazy\" decoding=\"async\" src=\"http:\/\/www.ciencianews.com.br\/wp-content\/uploads\/2019\/08\/subtema1-150x150.png\" alt=\"subtema1\" width=\"150\" height=\"150\" class=\"alignnone size-thumbnail wp-image-5010\" srcset=\"https:\/\/www.ciencianews.com.br\/wp-content\/uploads\/2019\/08\/subtema1-150x150.png 150w, https:\/\/www.ciencianews.com.br\/wp-content\/uploads\/2019\/08\/subtema1-300x300.png 300w, https:\/\/www.ciencianews.com.br\/wp-content\/uploads\/2019\/08\/subtema1-500x500.png 500w, https:\/\/www.ciencianews.com.br\/wp-content\/uploads\/2019\/08\/subtema1-250x250.png 250w, https:\/\/www.ciencianews.com.br\/wp-content\/uploads\/2019\/08\/subtema1-680x680.png 680w, https:\/\/www.ciencianews.com.br\/wp-content\/uploads\/2019\/08\/subtema1-940x940.png 940w, https:\/\/www.ciencianews.com.br\/wp-content\/uploads\/2019\/08\/subtema1.png 1024w\" sizes=\"auto, (max-width: 150px) 100vw, 150px\" \/><\/p>\n<div style=\"color: #000000; text-align: center; font-size: 15px; font-weight: bold;\">Avalia\u00e7\u00f5es espec\u00edficas em Microbiologia<\/a><\/p>\n<\/div>\n<p>[\/ezcol_1third]<br \/>\n[ezcol_1third]<br \/>\n<a href=\"http:\/\/www.ciencianews.com.br\/index.php\/home\/biblioteca_digital\/biblioteca-digital-microbiologia\/b-d-microbiologia-hepatites-e-outras-viroses\/\"><img loading=\"lazy\" decoding=\"async\" src=\"http:\/\/www.ciencianews.com.br\/wp-content\/uploads\/2019\/08\/subtema2-150x150.png\" alt=\"subtema2\" width=\"150\" height=\"150\" class=\"alignnone size-thumbnail wp-image-5021\" srcset=\"https:\/\/www.ciencianews.com.br\/wp-content\/uploads\/2019\/08\/subtema2-150x150.png 150w, https:\/\/www.ciencianews.com.br\/wp-content\/uploads\/2019\/08\/subtema2-300x300.png 300w, https:\/\/www.ciencianews.com.br\/wp-content\/uploads\/2019\/08\/subtema2-500x500.png 500w, https:\/\/www.ciencianews.com.br\/wp-content\/uploads\/2019\/08\/subtema2-250x250.png 250w, https:\/\/www.ciencianews.com.br\/wp-content\/uploads\/2019\/08\/subtema2-680x680.png 680w, https:\/\/www.ciencianews.com.br\/wp-content\/uploads\/2019\/08\/subtema2-940x940.png 940w, https:\/\/www.ciencianews.com.br\/wp-content\/uploads\/2019\/08\/subtema2.png 1024w\" sizes=\"auto, (max-width: 150px) 100vw, 150px\" \/><\/p>\n<div style=\"color: #000000; text-align: center; font-size: 15px; font-weight: bold;\">Hepatites e outras viroses<\/a><\/p>\n<\/div>\n<p>[\/ezcol_1third]<\/p>\n<p>[ezcol_1third_end]<br \/>\n<a href=\"http:\/\/www.ciencianews.com.br\/index.php\/home\/biblioteca_digital\/biblioteca-digital-microbiologia\/b-d-microbiologia-resistencia-bacteriana\/\"><img loading=\"lazy\" decoding=\"async\" src=\"http:\/\/www.ciencianews.com.br\/wp-content\/uploads\/2019\/08\/subtema3-150x150.png\" alt=\"subtema3\" width=\"150\" height=\"150\" class=\"alignnone size-thumbnail wp-image-5011\" srcset=\"https:\/\/www.ciencianews.com.br\/wp-content\/uploads\/2019\/08\/subtema3-150x150.png 150w, https:\/\/www.ciencianews.com.br\/wp-content\/uploads\/2019\/08\/subtema3-300x300.png 300w, https:\/\/www.ciencianews.com.br\/wp-content\/uploads\/2019\/08\/subtema3-500x500.png 500w, https:\/\/www.ciencianews.com.br\/wp-content\/uploads\/2019\/08\/subtema3-250x250.png 250w, https:\/\/www.ciencianews.com.br\/wp-content\/uploads\/2019\/08\/subtema3-680x680.png 680w, https:\/\/www.ciencianews.com.br\/wp-content\/uploads\/2019\/08\/subtema3-940x940.png 940w, https:\/\/www.ciencianews.com.br\/wp-content\/uploads\/2019\/08\/subtema3.png 1024w\" sizes=\"auto, (max-width: 150px) 100vw, 150px\" \/><\/p>\n<div style=\"color: #000000; text-align: center; font-size: 15px; font-weight: bold;\">Microbiologia da resist\u00eancia bacteriana<\/a><\/p>\n<\/div>\n<p>[\/ezcol_1third_end]<\/p>\n<p>[ezcol_1third]<br \/>\n<a href=\"http:\/\/www.ciencianews.com.br\/index.php\/home\/biblioteca_digital\/biblioteca-digital-microbiologia\/b-d-microbiologia-microbiologia-das-infeccoes\/\"><img loading=\"lazy\" decoding=\"async\" src=\"http:\/\/www.ciencianews.com.br\/wp-content\/uploads\/2019\/08\/microbiologia-150x150.png\" alt=\"microbiologia\" width=\"150\" height=\"150\" class=\"alignnone size-thumbnail wp-image-5006\" srcset=\"https:\/\/www.ciencianews.com.br\/wp-content\/uploads\/2019\/08\/microbiologia-150x150.png 150w, https:\/\/www.ciencianews.com.br\/wp-content\/uploads\/2019\/08\/microbiologia-300x300.png 300w, https:\/\/www.ciencianews.com.br\/wp-content\/uploads\/2019\/08\/microbiologia-500x500.png 500w, https:\/\/www.ciencianews.com.br\/wp-content\/uploads\/2019\/08\/microbiologia-250x250.png 250w, https:\/\/www.ciencianews.com.br\/wp-content\/uploads\/2019\/08\/microbiologia-680x680.png 680w, https:\/\/www.ciencianews.com.br\/wp-content\/uploads\/2019\/08\/microbiologia-940x940.png 940w, https:\/\/www.ciencianews.com.br\/wp-content\/uploads\/2019\/08\/microbiologia.png 1024w\" sizes=\"auto, (max-width: 150px) 100vw, 150px\" \/><\/p>\n<div style=\"color: #000000; text-align: center; font-size: 15px; font-weight: bold;\">Microbiologia das infec\u00e7\u00f5es<\/a><\/p>\n<\/div>\n<p>[\/ezcol_1third]<br \/>\n[ezcol_1third]<br \/>\n<a href=\"http:\/\/www.ciencianews.com.br\/index.php\/home\/biblioteca_digital\/biblioteca-digital-microbiologia\/b-d-microbiologia-microbiologia-em-saude-publica\/\"><img loading=\"lazy\" decoding=\"async\" src=\"http:\/\/www.ciencianews.com.br\/wp-content\/uploads\/2019\/08\/principal1-150x150.png\" alt=\"principal1\" width=\"150\" height=\"150\" class=\"alignnone size-thumbnail wp-image-5051\" srcset=\"https:\/\/www.ciencianews.com.br\/wp-content\/uploads\/2019\/08\/principal1-150x150.png 150w, https:\/\/www.ciencianews.com.br\/wp-content\/uploads\/2019\/08\/principal1-300x300.png 300w, https:\/\/www.ciencianews.com.br\/wp-content\/uploads\/2019\/08\/principal1-500x500.png 500w, https:\/\/www.ciencianews.com.br\/wp-content\/uploads\/2019\/08\/principal1-250x250.png 250w, https:\/\/www.ciencianews.com.br\/wp-content\/uploads\/2019\/08\/principal1-680x680.png 680w, https:\/\/www.ciencianews.com.br\/wp-content\/uploads\/2019\/08\/principal1-940x940.png 940w, https:\/\/www.ciencianews.com.br\/wp-content\/uploads\/2019\/08\/principal1.png 1024w\" sizes=\"auto, (max-width: 150px) 100vw, 150px\" \/><\/p>\n<div style=\"color: #000000; text-align: center; font-size: 15px; font-weight: bold;\">Microbiologia em sa\u00fade p\u00fablica<\/a><\/p>\n<\/div>\n<p>[\/ezcol_1third]<\/p>\n<p>[ezcol_1third_end]<\/p>\n<p>[\/ezcol_1third_end]<\/p>\n<\/div>\n<p>&nbsp;<br \/>\n&nbsp;<\/p>\n<div style=\"text-align: center;\">\n<p>[ezcol_1third]<br \/>\n<a href=\"http:\/\/www.ciencianews.com.br\/index.php\/home\/biblioteca_digital\/\"> <img loading=\"lazy\" decoding=\"async\" src=\"http:\/\/www.ciencianews.com.br\/wp-content\/uploads\/2019\/08\/voltar-150x150.png\" alt=\"voltar\" width=\"70\" height=\"70\" class=\"alignnone size-thumbnail wp-image-4997\" srcset=\"https:\/\/www.ciencianews.com.br\/wp-content\/uploads\/2019\/08\/voltar-150x150.png 150w, https:\/\/www.ciencianews.com.br\/wp-content\/uploads\/2019\/08\/voltar-250x250.png 250w, https:\/\/www.ciencianews.com.br\/wp-content\/uploads\/2019\/08\/voltar.png 256w\" sizes=\"auto, (max-width: 70px) 100vw, 70px\" \/> <\/p>\n<div style=\"color: #000000; text-align: center; font-size: 15px; font-weight: bold;\">Voltar<\/a><\/p>\n<\/div>\n<p>[\/ezcol_1third]<br \/>\n[ezcol_1third]<br \/>\n<a href=\"http:\/\/www.ciencianews.com.br\/index.php\/home\/biblioteca_digital\/\"> <img loading=\"lazy\" decoding=\"async\" src=\"http:\/\/www.ciencianews.com.br\/wp-content\/uploads\/2019\/08\/home-150x150.jpg\" alt=\"home\" width=\"70\" height=\"70\" class=\"alignnone size-thumbnail wp-image-4996\" srcset=\"https:\/\/www.ciencianews.com.br\/wp-content\/uploads\/2019\/08\/home-150x150.jpg 150w, https:\/\/www.ciencianews.com.br\/wp-content\/uploads\/2019\/08\/home.jpg 225w\" sizes=\"auto, (max-width: 70px) 100vw, 70px\" \/> <\/p>\n<div style=\"color: #000000; text-align: center; font-size: 15px; font-weight: bold;\">Biblioteca Digital<\/a><\/p>\n<\/div>\n<p>[\/ezcol_1third]<\/p>\n<p>[ezcol_1third_end]<br \/>\n[\/ezcol_1third_end]<\/p>\n<\/div>\n","protected":false},"excerpt":{"rendered":"<p>MICROBIOLOGIA [ezcol_1third] Avalia\u00e7\u00f5es espec\u00edficas em Microbiologia [\/ezcol_1third] [ezcol_1third] Hepatites e outras viroses [\/ezcol_1third] [ezcol_1third_end] Microbiologia da resist\u00eancia bacteriana [\/ezcol_1third_end] [ezcol_1third] Microbiologia das infec\u00e7\u00f5es [\/ezcol_1third] [ezcol_1third] Microbiologia em sa\u00fade p\u00fablica [\/ezcol_1third] [ezcol_1third_end] [\/ezcol_1third_end] &nbsp; &nbsp; [ezcol_1third] Voltar [\/ezcol_1third] [ezcol_1third] Biblioteca Digital [&hellip;]<\/p>\n","protected":false},"author":1,"featured_media":0,"parent":4969,"menu_order":0,"comment_status":"closed","ping_status":"closed","template":"","meta":{"_uag_custom_page_level_css":"","_joinchat":[],"footnotes":""},"class_list":["post-5170","page","type-page","status-publish","hentry"],"uagb_featured_image_src":{"full":false,"thumbnail":false,"medium":false,"medium_large":false,"large":false,"1536x1536":false,"2048x2048":false,"post-thumbnail":false,"business-hub-blog":false,"business-hub-work":false},"uagb_author_info":{"display_name":"real","author_link":"https:\/\/www.ciencianews.com.br\/index.php\/author\/real\/"},"uagb_comment_info":0,"uagb_excerpt":"MICROBIOLOGIA [ezcol_1third] Avalia\u00e7\u00f5es espec\u00edficas em Microbiologia [\/ezcol_1third] [ezcol_1third] Hepatites e outras viroses [\/ezcol_1third] [ezcol_1third_end] Microbiologia da resist\u00eancia bacteriana [\/ezcol_1third_end] [ezcol_1third] Microbiologia das infec\u00e7\u00f5es [\/ezcol_1third] [ezcol_1third] Microbiologia em sa\u00fade p\u00fablica [\/ezcol_1third] [ezcol_1third_end] [\/ezcol_1third_end] &nbsp; &nbsp; [ezcol_1third] Voltar [\/ezcol_1third] [ezcol_1third] Biblioteca Digital [&hellip;]","_links":{"self":[{"href":"https:\/\/www.ciencianews.com.br\/index.php\/wp-json\/wp\/v2\/pages\/5170","targetHints":{"allow":["GET"]}}],"collection":[{"href":"https:\/\/www.ciencianews.com.br\/index.php\/wp-json\/wp\/v2\/pages"}],"about":[{"href":"https:\/\/www.ciencianews.com.br\/index.php\/wp-json\/wp\/v2\/types\/page"}],"author":[{"embeddable":true,"href":"https:\/\/www.ciencianews.com.br\/index.php\/wp-json\/wp\/v2\/users\/1"}],"replies":[{"embeddable":true,"href":"https:\/\/www.ciencianews.com.br\/index.php\/wp-json\/wp\/v2\/comments?post=5170"}],"version-history":[{"count":8,"href":"https:\/\/www.ciencianews.com.br\/index.php\/wp-json\/wp\/v2\/pages\/5170\/revisions"}],"predecessor-version":[{"id":5227,"href":"https:\/\/www.ciencianews.com.br\/index.php\/wp-json\/wp\/v2\/pages\/5170\/revisions\/5227"}],"up":[{"embeddable":true,"href":"https:\/\/www.ciencianews.com.br\/index.php\/wp-json\/wp\/v2\/pages\/4969"}],"wp:attachment":[{"href":"https:\/\/www.ciencianews.com.br\/index.php\/wp-json\/wp\/v2\/media?parent=5170"}],"curies":[{"name":"wp","href":"https:\/\/api.w.org\/{rel}","templated":true}]}}