{"id":5190,"date":"2019-08-22T12:23:48","date_gmt":"2019-08-22T12:23:48","guid":{"rendered":"http:\/\/www.ciencianews.com.br\/?page_id=5190"},"modified":"2023-11-24T22:05:12","modified_gmt":"2023-11-24T22:05:12","slug":"biblioteca-digital-microbiologia-hepatites-e-outras-viroses","status":"publish","type":"page","link":"https:\/\/www.ciencianews.com.br\/index.php\/home\/biblioteca_digital\/biblioteca-digital-microbiologia\/b-d-microbiologia-hepatites-e-outras-viroses\/biblioteca-digital-microbiologia-hepatites-e-outras-viroses\/","title":{"rendered":"Biblioteca Digital \u2013 Microbiologia \u2013 Hepatites e outras viroses"},"content":{"rendered":"<h1 align=\"center\"><span style=\"color: #000000;\"><strong> ARTIGOS <\/strong><\/span><\/h1>\n<p><strong>Escolha o tema de sua prefer\u00eancia:<\/strong><\/p>\n<ol>\n<li style=\"list-style-type: none;\">\n<ol>\n<li>\n<h4><em><strong><a title=\"DENGUE: DIAGN\u00d3STICO CL\u00cdNICO E LABORATORIAL\" href=\"http:\/\/www.ciencianews.com.br\/arquivos\/ACET\/IMAGENS\/biblioteca-digital\/microbiologia\/hepatites_outras_viroses\/1-Dengue-diagnostico-clinico-e-laboratorial.pdf\" target=\"_blank\" rel=\"noopener noreferrer\"> DENGUE: DIAGN\u00d3STICO CL\u00cdNICO E LABORATORIAL <\/a><\/strong><\/em><\/h4>\n<\/li>\n<li>\n<h4><em><strong><a title=\"ALTERA\u00c7\u00d5ES HEMATOL\u00d3GICAS EM PACIENTES COM DENGUE \" href=\"http:\/\/www.ciencianews.com.br\/arquivos\/ACET\/IMAGENS\/biblioteca-digital\/microbiologia\/hepatites_outras_viroses\/2-Alteracoes-hematologicas-em-pacientes-com-dengue.pdf\" target=\"_blank\" rel=\"noopener noreferrer\"> ALTERA\u00c7\u00d5ES HEMATOL\u00d3GICAS EM PACIENTES COM DENGUE <\/a><\/strong><\/em><\/h4>\n<\/li>\n<li>\n<h4><em><strong><a title=\"DENGUE: ALTERA\u00c7\u00d5ES NO HEMOGRAMA, SINTOMAS E TRATAMENTO\" href=\"http:\/\/www.ciencianews.com.br\/arquivos\/ACET\/IMAGENS\/biblioteca-digital\/microbiologia\/hepatites_outras_viroses\/3-Alteracoes-no-hemograma-sintomas-e-tratamento.pdf\" target=\"_blank\" rel=\"noopener noreferrer\"> DENGUE: ALTERA\u00c7\u00d5ES NO HEMOGRAMA, SINTOMAS E TRATAMENTO<\/a><\/strong><\/em><\/h4>\n<\/li>\n<li>\n<h4><em><strong><a title=\"CONTRIBUI\u00c7\u00c3O AO DIAGN\u00d3STICO LABORATORIAL DA DENGUE\" href=\"http:\/\/www.ciencianews.com.br\/arquivos\/ACET\/IMAGENS\/biblioteca-digital\/microbiologia\/hepatites_outras_viroses\/4-Contribuicao-ao-diagnostico-laboratorial-da-dengue.pdf\" target=\"_blank\" rel=\"noopener noreferrer\"> CONTRIBUI\u00c7\u00c3O AO DIAGN\u00d3STICO LABORATORIAL DA DENGUE <\/a><\/strong><\/em><\/h4>\n<\/li>\n<li>\n<h4><em><strong><a title=\"HEMOGRAMA: CARACTER\u00cdSTICAS DIAGN\u00d3STICAS FRENTE A SUSPEITA DE DENGUE\" href=\"http:\/\/www.ciencianews.com.br\/arquivos\/ACET\/IMAGENS\/biblioteca-digital\/microbiologia\/hepatites_outras_viroses\/5-Hemograma-caracteristicas-diagnosticas-frente-a-suspeita-de-dengue.pdf\" target=\"_blank\" rel=\"noopener noreferrer\"> HEMOGRAMA: CARACTER\u00cdSTICAS DIAGN\u00d3STICAS FRENTE A SUSPEITA DE DENGUE <\/a><\/strong><\/em><\/h4>\n<\/li>\n<li>\n<h4><em><strong><a title=\"ASPECTOS CL\u00cdNICOS E LABORATORIAIS DA DENGUE\" href=\"http:\/\/www.ciencianews.com.br\/arquivos\/ACET\/IMAGENS\/biblioteca-digital\/microbiologia\/hepatites_outras_viroses\/6-Aspectos-clinicos-e-laboratoriais-da-dengue.pdf\" target=\"_blank\" rel=\"noopener noreferrer\"> ASPECTOS CL\u00cdNICOS E LABORATORIAIS DA DENGUE <\/a><\/strong><\/em><\/h4>\n<\/li>\n<li>\n<h4><em><strong><a title=\"SUSPEITA DE FEBRE AMARELA DE PACIENTE INTERNADO NO HOSPITAL SANTA LUZIA EM BRAS\u00cdLIA \u2013 DF COM (FORMA MALIGNA)\" href=\"http:\/\/www.ciencianews.com.br\/arquivos\/ACET\/IMAGENS\/biblioteca-digital\/microbiologia\/hepatites_outras_viroses\/7-SUSP.pdf\" target=\"_blank\" rel=\"noopener noreferrer\"> SUSPEITA DE FEBRE AMARELA DE PACIENTE INTERNADO NO HOSPITAL SANTA LUZIA EM BRAS\u00cdLIA \u2013 DF COM (FORMA MALIGNA) <\/a><\/strong><\/em><\/h4>\n<\/li>\n<li>\n<h4><em><strong><a title=\"HEPATITE C: UM GRAVE PROBLEMA DE SA\u00daDE P\u00daBLICA NO BRASIL\" href=\"http:\/\/www.ciencianews.com.br\/arquivos\/ACET\/IMAGENS\/biblioteca-digital\/microbiologia\/hepatites_outras_viroses\/8-Hepatite-C-um-grave-problema-de-saude-publica-no-Brasil.pdf\" target=\"_blank\" rel=\"noopener noreferrer\"> HEPATITE C: UM GRAVE PROBLEMA DE SA\u00daDE P\u00daBLICA NO BRASIL <\/a><\/strong><\/em><\/h4>\n<\/li>\n<li>\n<h4><em><strong><a title=\"HEPATITE C: INFORMA\u00c7\u00d5ES ATUALIZADAS\" href=\"http:\/\/www.ciencianews.com.br\/arquivos\/ACET\/IMAGENS\/biblioteca-digital\/microbiologia\/hepatites_outras_viroses\/9-Hepatite-C-informacoes-atualizadas.pdf\" target=\"_blank\" rel=\"noopener noreferrer\"> HEPATITE C: INFORMA\u00c7\u00d5ES ATUALIZADAS<\/a><\/strong><\/em><\/h4>\n<\/li>\n<li>\n<h4><em><strong><a title=\"HEPATITE C \" href=\"http:\/\/www.ciencianews.com.br\/arquivos\/ACET\/IMAGENS\/biblioteca-digital\/microbiologia\/hepatites_outras_viroses\/10-Hepatite-C.pdf\" target=\"_blank\" rel=\"noopener noreferrer\"> HEPATITE C <\/a><\/strong><\/em><\/h4>\n<\/li>\n<li>\n<h4><em><strong><a title=\" DIAGN\u00d3STICO LABORATORIAL DA DENGUE\" href=\"http:\/\/www.ciencianews.com.br\/arquivos\/ACET\/IMAGENS\/biblioteca-digital\/microbiologia\/hepatites_outras_viroses\/11-Diagnostico-laboratorial-da-dengue.pdf\" target=\"_blank\" rel=\"noopener noreferrer\"> DIAGN\u00d3STICO LABORATORIAL DA DENGUE <\/a><\/strong><\/em><\/h4>\n<\/li>\n<li>\n<h4><em><strong><a title=\"Altera\u00e7\u00f5es Laboratoriais no Diagn\u00f3stico de Dengue no Alto Oeste Potiguar\" href=\"http:\/\/www.ciencianews.com.br\/arquivos\/ACET\/IMAGENS\/biblioteca-digital\/microbiologia\/hepatites_outras_viroses\/12-Alteracoes-laboratoriais-no-diagnostico-de-dengue-no-alto-oeste-Potiguar.pdf\" target=\"_blank\" rel=\"noopener noreferrer\"> Altera\u00e7\u00f5es Laboratoriais no Diagn\u00f3stico de Dengue no Alto Oeste Potiguar <\/a><\/strong><\/em><\/h4>\n<\/li>\n<li>\n<h4><em><strong><a title=\"COMPLICA\u00c7\u00d5ES HEMATOL\u00d3GICAS EM CASOS CONFIRMADOS DE DENGUE NO LABORAT\u00d3RIO DO HOSPITAL DAS CL\u00cdNICAS DE MINEIROS-GOI\u00c1S\" href=\"http:\/\/www.ciencianews.com.br\/arquivos\/ACET\/IMAGENS\/biblioteca-digital\/microbiologia\/hepatites_outras_viroses\/13-COM.pdf\" target=\"_blank\" rel=\"noopener noreferrer\"> COMPLICA\u00c7\u00d5ES HEMATOL\u00d3GICAS EM CASOS CONFIRMADOS DE DENGUE NO LABORAT\u00d3RIO DO HOSPITAL DAS CL\u00cdNICAS DE MINEIROS-GOI\u00c1S <\/a><\/strong><\/em><\/h4>\n<\/li>\n<li>\n<h4><em><strong><a title=\"ALTERA\u00c7\u00d5ES HEMATOL\u00d3GICAS: DENGUE, CHIKUNGUNYA E ZIKA\" href=\"http:\/\/www.ciencianews.com.br\/arquivos\/ACET\/IMAGENS\/biblioteca-digital\/microbiologia\/hepatites_outras_viroses\/14-Alteracoes-hematologicas-na-dengue-chikungunya-e-zika.pdf\" target=\"_blank\" rel=\"noopener noreferrer\"> ALTERA\u00c7\u00d5ES HEMATOL\u00d3GICAS: DENGUE, CHIKUNGUNYA E ZIKA <\/a><\/strong><\/em><\/h4>\n<\/li>\n<li>\n<h4><em><strong><a title=\"COMPARATIVOS EM GERAL DE INFEC\u00c7\u00c3O PELO ARBOV\u00cdRUS DA DENGUE, COM BASE DE DADOS IMUNOCROMATOGR\u00c1FICOS NO PER\u00cdODO DE JUNHO A JULHO DE 2007 EM UM LABORAT\u00d3RIO DE AN\u00c1LISES CLINICAS DE S\u00c3O JOS\u00c9 DO RIO PRETO \u2013 SP\" href=\"http:\/\/www.ciencianews.com.br\/arquivos\/ACET\/IMAGENS\/biblioteca-digital\/microbiologia\/hepatites_outras_viroses\/15-Comparativos-de-infeccao-pelo-arbovirus-da-dengue-com-base.pdf\" target=\"_blank\" rel=\"noopener noreferrer\"> COMPARATIVOS EM GERAL DE INFEC\u00c7\u00c3O PELO ARBOV\u00cdRUS DA DENGUE, COM BASE DE DADOS IMUNOCROMATOGR\u00c1FICOS NO PER\u00cdODO DE JUNHO A JULHO DE 2007 EM UM LABORAT\u00d3RIO DE AN\u00c1LISES CLINICAS DE S\u00c3O JOS\u00c9 DO RIO PRETO \u2013 SP <\/a><\/strong><\/em><\/h4>\n<\/li>\n<li>\n<h4><em><strong><a title=\"ALTERA\u00c7\u00d5ES HEMAT\u00d3LOGICAS NO DENGUE\" href=\"http:\/\/www.ciencianews.com.br\/arquivos\/ACET\/IMAGENS\/biblioteca-digital\/microbiologia\/hepatites_outras_viroses\/16-Alteracoes-Hematologicas-da-dengue.pdf\" target=\"_blank\" rel=\"noopener noreferrer\"> ALTERA\u00c7\u00d5ES HEMAT\u00d3LOGICAS NO DENGUE<\/a><\/strong><\/em><\/h4>\n<\/li>\n<li>\n<h4><em><strong><a title=\"DENGUE E ALTERA\u00c7\u00d5ES HEMATOLOGICAS\" href=\"http:\/\/www.ciencianews.com.br\/arquivos\/ACET\/IMAGENS\/biblioteca-digital\/microbiologia\/hepatites_outras_viroses\/17-Dengue-e-alteracoes-hematologicas.pdf\" target=\"_blank\" rel=\"noopener noreferrer\"> DENGUE E ALTERA\u00c7\u00d5ES HEMATOLOGICAS<\/a><\/strong><\/em><\/h4>\n<\/li>\n<li>\n<h4><em><strong><a title=\"HEMOGRAMA E O DIAGN\u00d3STICO DA DENGUE\" href=\"http:\/\/www.ciencianews.com.br\/arquivos\/ACET\/IMAGENS\/biblioteca-digital\/microbiologia\/hepatites_outras_viroses\/18-Hemograma-e-o-diagnostico-da-dengue.pdf\" target=\"_blank\" rel=\"noopener noreferrer\"> HEMOGRAMA E O DIAGN\u00d3STICO DA DENGUE<\/a><\/strong><\/em><\/h4>\n<\/li>\n<li>\n<h4><em><strong><a title=\"FEBRE AMARELA \u2013 A CL\u00c1SSICA FEBRE HEMORR\u00c1GICA\" href=\"http:\/\/www.ciencianews.com.br\/arquivos\/ACET\/IMAGENS\/biblioteca-digital\/microbiologia\/hepatites_outras_viroses\/19-Febre-amarela-a-classica-febre-hemorragica.pdf\" target=\"_blank\" rel=\"noopener noreferrer\"> FEBRE AMARELA \u2013 A CL\u00c1SSICA FEBRE HEMORR\u00c1GICA<\/a><\/strong><\/em><\/h4>\n<\/li>\n<li>\n<h4><em><strong><a title=\"ALTERA\u00c7\u00d5ES HEMATOL\u00d3GICAS E FISIOL\u00d3GICAS PROVOCADAS PELA INFEC\u00c7\u00c3O DO V\u00cdRUS DA DENGUE\" href=\"http:\/\/www.ciencianews.com.br\/arquivos\/ACET\/IMAGENS\/biblioteca-digital\/microbiologia\/hepatites_outras_viroses\/20-ALt.pdf\" target=\"_blank\" rel=\"noopener noreferrer\"> ALTERA\u00c7\u00d5ES HEMATOL\u00d3GICAS E FISIOL\u00d3GICAS PROVOCADAS PELA INFEC\u00c7\u00c3O DO V\u00cdRUS DA DENGUE <\/a><\/strong><\/em><\/h4>\n<\/li>\n<li>\n<h4><em><strong><a title=\" PLAQUETOPENIA E LINF\u00d3CITOS AT\u00cdPICOS FRENTE A SUSPEITA DE DENGUE\" href=\"http:\/\/www.ciencianews.com.br\/arquivos\/ACET\/IMAGENS\/biblioteca-digital\/microbiologia\/hepatites_outras_viroses\/21-Plaquetopenia-e-linfocitos-atipicos-frente-a-suspeita-de-dengue.pdf\" target=\"_blank\" rel=\"noopener noreferrer\"> PLAQUETOPENIA E LINF\u00d3CITOS AT\u00cdPICOS FRENTE A SUSPEITA DE DENGUE<\/a><\/strong><\/em><\/h4>\n<\/li>\n<li>\n<h4><em><strong><a title=\"PRINCIPAIS ASPECTOS DO DIAGN\u00d3STICO LABORATORIAL DA FEBRE AMARELA\" href=\"http:\/\/www.ciencianews.com.br\/arquivos\/ACET\/IMAGENS\/biblioteca-digital\/microbiologia\/hepatites_outras_viroses\/22-Principais-aspectos-do-diagnostico-laboratorial-da-febre-amarela.pdf\" target=\"_blank\" rel=\"noopener noreferrer\"> PRINCIPAIS ASPECTOS DO DIAGN\u00d3STICO LABORATORIAL DA FEBRE AMARELA <\/a><\/strong><\/em><\/h4>\n<\/li>\n<li>\n<h4><em><strong><a title=\"PERFIL HEMATOL\u00d3GICO DA DENGUE\" href=\"http:\/\/www.ciencianews.com.br\/arquivos\/ACET\/IMAGENS\/biblioteca-digital\/microbiologia\/hepatites_outras_viroses\/23-Perfil-hematologico-da-dengue.pdf\" target=\"_blank\" rel=\"noopener noreferrer\"> PERFIL HEMATOL\u00d3GICO DA DENGUE <\/a><\/strong><\/em><\/h4>\n<\/li>\n<li>\n<h4><em><strong><a title=\"FREQU\u00caNCIA DE LEUCOPENIA E PLAQUETOPENIA EM PACIENTES COM DIAGN\u00d3STICO DE DENGUE FABIANE DEGASPERI\" href=\"http:\/\/www.ciencianews.com.br\/arquivos\/ACET\/IMAGENS\/biblioteca-digital\/microbiologia\/hepatites_outras_viroses\/24-Frequencia-de-leucopenia-e-plaquetopenia-na-dengue.pdf\" target=\"_blank\" rel=\"noopener noreferrer\"> FREQU\u00caNCIA DE LEUCOPENIA E PLAQUETOPENIA EM PACIENTES COM DIAGN\u00d3STICO DE DENGUE FABIANE DEGASPERI <\/a><\/strong><\/em><\/h4>\n<\/li>\n<li>\n<h4><em><strong><a title=\"PERFIL LABORATORIAL DE ALTERA\u00c7\u00d5ES HEMATOL\u00d3GICAS COMO AUXILIAR NO DIAGNOSTICO DA DENGUE\" href=\"http:\/\/www.ciencianews.com.br\/arquivos\/ACET\/IMAGENS\/biblioteca-digital\/microbiologia\/hepatites_outras_viroses\/25-Perfil-laboratorial-de-alteracoes-hematologicas-na-dengue.pdf\" target=\"_blank\" rel=\"noopener noreferrer\"> PERFIL LABORATORIAL DE ALTERA\u00c7\u00d5ES HEMATOL\u00d3GICAS COMO AUXILIAR NO DIAGNOSTICO DA DENGUE <\/a><\/strong><\/em><\/h4>\n<\/li>\n<li>\n<h4><em><strong><a title=\"ALTERA\u00c7\u00d5ES HEMATOL\u00d3GICAS OCASIONADAS PELA PATOLOGIA DENGUE NO HEMOGRAMA\" href=\"http:\/\/www.ciencianews.com.br\/arquivos\/ACET\/IMAGENS\/biblioteca-digital\/microbiologia\/hepatites_outras_viroses\/26-Alteracoes-hemorragicas-causadas-pela-dengue-hemorragica.pdf\" target=\"_blank\" rel=\"noopener noreferrer\"> ALTERA\u00c7\u00d5ES HEMATOL\u00d3GICAS OCASIONADAS PELA PATOLOGIA DENGUE NO HEMOGRAMA <\/a><\/strong><\/em><\/h4>\n<\/li>\n<li>\n<h4><em><strong><a title=\"ALTERA\u00c7\u00d5ES CL\u00cdNICAS E HEMATOL\u00d3GICAS CAUSADAS PELOS VIRUS DA DENGUE, ZIKA E CHIKUNGUNYA\" href=\"http:\/\/www.ciencianews.com.br\/arquivos\/ACET\/IMAGENS\/biblioteca-digital\/microbiologia\/hepatites_outras_viroses\/27-Alteracoes-hematologicas-causadas-pelos-virus-da-dengue-zika-e-chikungunya.pdf\" target=\"_blank\" rel=\"noopener noreferrer\"> ALTERA\u00c7\u00d5ES CL\u00cdNICAS E HEMATOL\u00d3GICAS CAUSADAS PELOS VIRUS DA DENGUE, ZIKA E CHIKUNGUNYA <\/a><\/strong><\/em><\/h4>\n<\/li>\n<li>\n<h4><em><strong><a title=\"AN\u00c1LISE DA CONTAGEM DE PLAQUETAS NO DIAGN\u00d3STICO DA DENGUE\" href=\"http:\/\/www.ciencianews.com.br\/arquivos\/ACET\/IMAGENS\/biblioteca-digital\/microbiologia\/hepatites_outras_viroses\/28-Analise-da-contagem-de-plaquetas-no-diagnostico-da-dengue.pdf\" target=\"_blank\" rel=\"noopener noreferrer\"> AN\u00c1LISE DA CONTAGEM DE PLAQUETAS NO DIAGN\u00d3STICO DA DENGUE <\/a><\/strong><\/em><\/h4>\n<\/li>\n<li>\n<h4><em><strong><a title=\"PERFIL HEMATOL\u00d3GICO E BIOQU\u00cdMICO DE PACIENTES DIAGNOSTICADOS COM DENGUE NO MUNIC\u00cdPIO DE IPIRANGA-PR\" href=\"http:\/\/www.ciencianews.com.br\/arquivos\/ACET\/IMAGENS\/biblioteca-digital\/microbiologia\/hepatites_outras_viroses\/29-Perfil-hematologico-e-bioquimico-em-pacientes-com-dengue.pdf\" target=\"_blank\" rel=\"noopener noreferrer\"> PERFIL HEMATOL\u00d3GICO E BIOQU\u00cdMICO DE PACIENTES DIAGNOSTICADOS COM DENGUE NO MUNIC\u00cdPIO DE IPIRANGA-PR <\/a><\/strong><\/em><\/h4>\n<\/li>\n<li>\n<h4><em><strong><a title=\"ALTERA\u00c7\u00d5ES HEMATOL\u00d3GICAS EM PACIENTES INFECTADOS PELO V\u00cdRUS DA HEPATITE C TRATADOS COM ALFAPEGINTERFERONA E RIBAVIRINA\" href=\"http:\/\/www.ciencianews.com.br\/arquivos\/ACET\/IMAGENS\/biblioteca-digital\/microbiologia\/hepatites_outras_viroses\/30-Alteracoes-hematologicas-em-pacientes-infectados-pelo-virus-da-hepatite-C....pdf\" target=\"_blank\" rel=\"noopener noreferrer\"> ALTERA\u00c7\u00d5ES HEMATOL\u00d3GICAS EM PACIENTES INFECTADOS PELO V\u00cdRUS DA HEPATITE C TRATADOS COM ALFAPEGINTERFERONA E RIBAVIRINA<\/a><\/strong><\/em><\/h4>\n<\/li>\n<li>\n<h4><a href=\"https:\/\/www.ciencianews.com.br\/arquivos\/ACET\/IMAGENS\/biblioteca-digital\/microbiologia\/hepatites_outras_viroses\/ASARS-CoV-2%20E%20INFEC%C3%87%C3%95ES%20F%C3%9ANGICAS%20SIST%C3%8AMICAS%20-%20Ingrid%20Estrauzulas%20Pires.pdf\"><em><strong>SARS-CoV-2 E INFEC\u00c7\u00d5ES F\u00daNGICAS SIST\u00caMICAS<\/strong><\/em><\/a><\/h4>\n<\/li>\n<li>\n<h4><a href=\"https:\/\/www.ciencianews.com.br\/arquivos\/ACET\/IMAGENS\/biblioteca-digital\/microbiologia\/hepatites_outras_viroses\/DOEN%C3%87AS%20F%C3%9ANGICAS%20P%C3%93S%20COVID-19%20-%20Jaine%20Cardoso%20Corr%C3%AAa.pdf\"><em><strong>DOEN\u00c7AS F\u00daNGICAS P\u00d3S COVID-19<\/strong><\/em><\/a><\/h4>\n<\/li>\n<li>\n<h4><a href=\"https:\/\/www.ciencianews.com.br\/arquivos\/ACET\/IMAGENS\/biblioteca-digital\/microbiologia\/hepatites_outras_viroses\/INFEC%C3%87%C3%95ES%20BACTERIANAS%20ADQUIRIDAS%20EM%20HOSPITAIS%20DURANTE%20A%20PANDEMIA%20DE%20COVID-19%20UMA%20REVIS%C3%83O%20-%20Valdin%C3%A9ia%20Gomes%20de%20Melo.pdf\"><em><strong>INFEC\u00c7\u00d5ES BACTERIANAS ADQUIRIDAS EM HOSPITAIS DURANTE A PANDEMIA DE COVID-19: UMA REVIS\u00c3O<\/strong><\/em><\/a><\/h4>\n<\/li>\n<li>\n<h4><a href=\"https:\/\/www.ciencianews.com.br\/arquivos\/ACET\/IMAGENS\/biblioteca-digital\/microbiologia\/hepatites_outras_viroses\/INTERA%C3%87%C3%83O%20DE%20TUBERCULOSE%20COM%20A%20COVID-19%20-%20Alessessandra%20Fontenelle.pdf\"><em><strong>INTERA\u00c7\u00c3O DE TUBERCULOSE COM A COVID-19<\/strong><\/em><\/a><\/h4>\n<\/li>\n<li>\n<h4><a href=\"https:\/\/ciencianews.com.br\/arquivos\/ACET\/IMAGENS\/biblioteca-digital\/microbiologia\/hepatites_outras_viroses\/2023-Coinfec%C3%A7%C3%B5es%20bacterianas%20e%20o%20uso%20de%20antibi%C3%B3ticos%20em%20pacientes%20com%20COVID-19%20em%20ambiente%20hospitalar%20-%20Beatriz%20Pimenta%20Pereira.pdf\"><em><strong>COINFEC\u00c7\u00d5ES BACTERIANAS E O USO DE ANTIBI\u00d3TICOS EM PACIENTES COM COVID-19 EM AMBIENTE HOSPITALAR<\/strong><\/em><\/a><\/h4>\n<\/li>\n<\/ol>\n<\/li>\n<\/ol>\n<div style=\"text-align: center;\">\n<p>[ezcol_1third]<br \/>\n<a href=\"http:\/\/www.ciencianews.com.br\/index.php\/home\/biblioteca_digital\/biblioteca-digital-microbiologia\/b-d-microbiologia-hepatites-e-outras-viroses\/\"> <img loading=\"lazy\" decoding=\"async\" class=\"alignnone size-thumbnail wp-image-4997\" src=\"http:\/\/www.ciencianews.com.br\/wp-content\/uploads\/2019\/08\/voltar-150x150.png\" alt=\"voltar\" width=\"70\" height=\"70\" srcset=\"https:\/\/www.ciencianews.com.br\/wp-content\/uploads\/2019\/08\/voltar-150x150.png 150w, https:\/\/www.ciencianews.com.br\/wp-content\/uploads\/2019\/08\/voltar-250x250.png 250w, https:\/\/www.ciencianews.com.br\/wp-content\/uploads\/2019\/08\/voltar.png 256w\" sizes=\"auto, (max-width: 70px) 100vw, 70px\" \/> <\/a><\/p>\n<div style=\"color: #000000; text-align: center; font-size: 15px; font-weight: bold;\"><a href=\"http:\/\/www.ciencianews.com.br\/index.php\/home\/biblioteca_digital\/biblioteca-digital-microbiologia\/b-d-microbiologia-hepatites-e-outras-viroses\/\">Voltar<\/a><\/p>\n<\/div>\n<p>[\/ezcol_1third]<br \/>\n[ezcol_1third]<br \/>\n<a href=\"http:\/\/www.ciencianews.com.br\/index.php\/home\/biblioteca_digital\/\"> <img loading=\"lazy\" decoding=\"async\" class=\"alignnone size-thumbnail wp-image-4996\" src=\"http:\/\/www.ciencianews.com.br\/wp-content\/uploads\/2019\/08\/home-150x150.jpg\" alt=\"home\" width=\"70\" height=\"70\" srcset=\"https:\/\/www.ciencianews.com.br\/wp-content\/uploads\/2019\/08\/home-150x150.jpg 150w, https:\/\/www.ciencianews.com.br\/wp-content\/uploads\/2019\/08\/home.jpg 225w\" sizes=\"auto, (max-width: 70px) 100vw, 70px\" \/> <\/a><\/p>\n<div style=\"color: #000000; text-align: center; font-size: 15px; font-weight: bold;\"><a href=\"http:\/\/www.ciencianews.com.br\/index.php\/home\/biblioteca_digital\/\">Biblioteca Digital<\/a><\/p>\n<\/div>\n<p>[\/ezcol_1third]<br \/>\n[ezcol_1third_end]<br \/>\n<a href=\"http:\/\/www.ciencianews.com.br\/index.php\/home\/biblioteca_digital\/biblioteca-digital-microbiologia\/b-d-microbiologia-resistencia-bacteriana\/\"> <img loading=\"lazy\" decoding=\"async\" class=\"alignnone size-thumbnail wp-image-4995\" src=\"http:\/\/www.ciencianews.com.br\/wp-content\/uploads\/2019\/08\/avancar-150x150.png\" alt=\"avancar\" width=\"70\" height=\"70\" srcset=\"https:\/\/www.ciencianews.com.br\/wp-content\/uploads\/2019\/08\/avancar-150x150.png 150w, https:\/\/www.ciencianews.com.br\/wp-content\/uploads\/2019\/08\/avancar-250x250.png 250w, https:\/\/www.ciencianews.com.br\/wp-content\/uploads\/2019\/08\/avancar.png 256w\" sizes=\"auto, (max-width: 70px) 100vw, 70px\" \/> <\/a><\/p>\n<div style=\"color: #000000; text-align: center; font-size: 15px; font-weight: bold;\"><a href=\"http:\/\/www.ciencianews.com.br\/index.php\/home\/biblioteca_digital\/biblioteca-digital-microbiologia\/b-d-microbiologia-resistencia-bacteriana\/\">Pr\u00f3ximo T\u00f3pico: &#8220;Resist\u00eancia Bacteriana&#8221;<\/a><\/p>\n<\/div>\n<p>[\/ezcol_1third_end]<\/p>\n<\/div>\n","protected":false},"excerpt":{"rendered":"<p>ARTIGOS Escolha o tema de sua prefer\u00eancia: DENGUE: DIAGN\u00d3STICO CL\u00cdNICO E LABORATORIAL ALTERA\u00c7\u00d5ES HEMATOL\u00d3GICAS EM PACIENTES COM DENGUE DENGUE: ALTERA\u00c7\u00d5ES NO HEMOGRAMA, SINTOMAS E TRATAMENTO CONTRIBUI\u00c7\u00c3O AO DIAGN\u00d3STICO LABORATORIAL DA DENGUE HEMOGRAMA: CARACTER\u00cdSTICAS DIAGN\u00d3STICAS FRENTE A SUSPEITA DE DENGUE ASPECTOS [&hellip;]<\/p>\n","protected":false},"author":1,"featured_media":0,"parent":5186,"menu_order":0,"comment_status":"closed","ping_status":"closed","template":"","meta":{"_uag_custom_page_level_css":"","_joinchat":[],"footnotes":""},"class_list":["post-5190","page","type-page","status-publish","hentry"],"uagb_featured_image_src":{"full":false,"thumbnail":false,"medium":false,"medium_large":false,"large":false,"1536x1536":false,"2048x2048":false,"post-thumbnail":false,"business-hub-blog":false,"business-hub-work":false},"uagb_author_info":{"display_name":"real","author_link":"https:\/\/www.ciencianews.com.br\/index.php\/author\/real\/"},"uagb_comment_info":0,"uagb_excerpt":"ARTIGOS Escolha o tema de sua prefer\u00eancia: DENGUE: DIAGN\u00d3STICO CL\u00cdNICO E LABORATORIAL ALTERA\u00c7\u00d5ES HEMATOL\u00d3GICAS EM PACIENTES COM DENGUE DENGUE: ALTERA\u00c7\u00d5ES NO HEMOGRAMA, SINTOMAS E TRATAMENTO CONTRIBUI\u00c7\u00c3O AO DIAGN\u00d3STICO LABORATORIAL DA DENGUE HEMOGRAMA: CARACTER\u00cdSTICAS DIAGN\u00d3STICAS FRENTE A SUSPEITA DE DENGUE ASPECTOS [&hellip;]","_links":{"self":[{"href":"https:\/\/www.ciencianews.com.br\/index.php\/wp-json\/wp\/v2\/pages\/5190","targetHints":{"allow":["GET"]}}],"collection":[{"href":"https:\/\/www.ciencianews.com.br\/index.php\/wp-json\/wp\/v2\/pages"}],"about":[{"href":"https:\/\/www.ciencianews.com.br\/index.php\/wp-json\/wp\/v2\/types\/page"}],"author":[{"embeddable":true,"href":"https:\/\/www.ciencianews.com.br\/index.php\/wp-json\/wp\/v2\/users\/1"}],"replies":[{"embeddable":true,"href":"https:\/\/www.ciencianews.com.br\/index.php\/wp-json\/wp\/v2\/comments?post=5190"}],"version-history":[{"count":6,"href":"https:\/\/www.ciencianews.com.br\/index.php\/wp-json\/wp\/v2\/pages\/5190\/revisions"}],"predecessor-version":[{"id":7320,"href":"https:\/\/www.ciencianews.com.br\/index.php\/wp-json\/wp\/v2\/pages\/5190\/revisions\/7320"}],"up":[{"embeddable":true,"href":"https:\/\/www.ciencianews.com.br\/index.php\/wp-json\/wp\/v2\/pages\/5186"}],"wp:attachment":[{"href":"https:\/\/www.ciencianews.com.br\/index.php\/wp-json\/wp\/v2\/media?parent=5190"}],"curies":[{"name":"wp","href":"https:\/\/api.w.org\/{rel}","templated":true}]}}