{"id":5201,"date":"2019-08-22T12:48:56","date_gmt":"2019-08-22T12:48:56","guid":{"rendered":"http:\/\/www.ciencianews.com.br\/?page_id=5201"},"modified":"2025-05-16T19:16:23","modified_gmt":"2025-05-16T19:16:23","slug":"biblioteca-digital-microbiologia-resistencia-bacteriana","status":"publish","type":"page","link":"https:\/\/www.ciencianews.com.br\/index.php\/home\/biblioteca_digital\/biblioteca-digital-microbiologia\/b-d-microbiologia-resistencia-bacteriana\/biblioteca-digital-microbiologia-resistencia-bacteriana\/","title":{"rendered":"Biblioteca Digital \u2013 Microbiologia \u2013 Resist\u00eancia Bacteriana"},"content":{"rendered":"<h1 align=\"center\"><span style=\"color: #000000;\"><strong> ARTIGOS <\/strong><\/span><\/h1>\n<p><strong>Escolha o tema de sua prefer\u00eancia:<\/strong><\/p>\n<ol>\n<li style=\"list-style-type: none;\">\n<ol>\n<li>\n<h4><em><strong><a title=\"DETEC\u00c7\u00c3O DE MECANISMOS DE RESIST\u00caNCIA\" href=\"http:\/\/www.ciencianews.com.br\/arquivos\/ACET\/IMAGENS\/biblioteca-digital\/microbiologia\/resistencia_bacteriana\/1-Deteccao-de-mecanismos-de-resistencia.pdf\" target=\"_blank\" rel=\"noopener noreferrer\"> DETEC\u00c7\u00c3O DE MECANISMOS DE RESIST\u00caNCIA <\/a><\/strong><\/em><\/h4>\n<\/li>\n<li>\n<h4><em><strong><a title=\"AVALIA\u00c7\u00c3O DO PERFIL DE RESIST\u00caNCIA ANTIMICROBIANA DE ENTEROBACT\u00c9RIAS PRODUTORAS DE BETALACTAMASE DE ESPECTRO ESTENDIDO (ESBL) ISOLADAS EM HEMOCULTURAS DE PACIENTES NA CIDADE DE PARNA\u00cdBA, PIAU\u00cd \" href=\"http:\/\/www.ciencianews.com.br\/arquivos\/ACET\/IMAGENS\/biblioteca-digital\/microbiologia\/resistencia_bacteriana\/2-AVA.PDF\" target=\"_blank\" rel=\"noopener noreferrer\"> AVALIA\u00c7\u00c3O DO PERFIL DE RESIST\u00caNCIA ANTIMICROBIANA DE ENTEROBACT\u00c9RIAS PRODUTORAS DE BETALACTAMASE DE ESPECTRO ESTENDIDO (ESBL) ISOLADAS EM HEMOCULTURAS DE PACIENTES NA CIDADE DE PARNA\u00cdBA, PIAU\u00cd <\/a><\/strong><\/em><\/h4>\n<\/li>\n<li>\n<h4><em><strong><a title=\"RESIST\u00caNCIA BACTERIANA\" href=\"http:\/\/www.ciencianews.com.br\/arquivos\/ACET\/IMAGENS\/biblioteca-digital\/microbiologia\/resistencia_bacteriana\/3-Resistencia-bacteriana.pdf\" target=\"_blank\" rel=\"noopener noreferrer\"> RESIST\u00caNCIA BACTERIANA<\/a><\/strong><\/em><\/h4>\n<\/li>\n<li>\n<h4><em><strong><a title=\"USO DE LINEZOLIDA NA TERAPIA MEDICAMENTOSA CONTRA BACT\u00c9RIAS MULTIRRESISTENTES\" href=\"http:\/\/www.ciencianews.com.br\/arquivos\/ACET\/IMAGENS\/biblioteca-digital\/microbiologia\/resistencia_bacteriana\/4-USO.PDF\" target=\"_blank\" rel=\"noopener noreferrer\"> USO DE LINEZOLIDA NA TERAPIA MEDICAMENTOSA CONTRA BACT\u00c9RIAS MULTIRRESISTENTES <\/a><\/strong><\/em><\/h4>\n<\/li>\n<li>\n<h4><em><strong><a title=\"MECANISMOS DE RESIST\u00caNCIA\" href=\"http:\/\/www.ciencianews.com.br\/arquivos\/ACET\/IMAGENS\/biblioteca-digital\/microbiologia\/resistencia_bacteriana\/5-Mecanismos-de-resistencia.pdf\" target=\"_blank\" rel=\"noopener noreferrer\"> MECANISMOS DE RESIST\u00caNCIA<\/a><\/strong><\/em><\/h4>\n<\/li>\n<li>\n<h4><em><strong><a title=\"PERFIL DE RESIST\u00caNCIA A ANTIMICROBIANOS DE Escherichia coli Uberl\u00e2ndia\" href=\"http:\/\/www.ciencianews.com.br\/arquivos\/ACET\/IMAGENS\/biblioteca-digital\/microbiologia\/resistencia_bacteriana\/6-PER.pdf\" target=\"_blank\" rel=\"noopener noreferrer\"> PERFIL DE RESIST\u00caNCIA A ANTIMICROBIANOS DE Escherichia coli Uberl\u00e2ndia <\/a><\/strong><\/em><\/h4>\n<\/li>\n<li>\n<h4><em><strong><a title=\"RESIST\u00caNCIA AOS CARBAPEN\u00caMICOS- AN\u00c1LISE QUANTITATIVA\" href=\"http:\/\/www.ciencianews.com.br\/arquivos\/ACET\/IMAGENS\/biblioteca-digital\/microbiologia\/resistencia_bacteriana\/7-Resistencia-aos-carbapenemicos.pdf\" target=\"_blank\" rel=\"noopener noreferrer\"> RESIST\u00caNCIA AOS CARBAPEN\u00caMICOS- AN\u00c1LISE QUANTITATIVA <\/a><\/strong><\/em><\/h4>\n<\/li>\n<li>\n<h4><em><strong><a title=\"FITOTER\u00c1PICOS COMO ESTRAT\u00c9GIA PARA SUPERAR A RESIST\u00caNCIA AOS ANTIMICROBIANOS\" href=\"http:\/\/www.ciencianews.com.br\/arquivos\/ACET\/IMAGENS\/biblioteca-digital\/microbiologia\/resistencia_bacteriana\/8-Fitoterapicos-como-estrategia-contra-resistencia.pdf\" target=\"_blank\" rel=\"noopener noreferrer\"> FITOTER\u00c1PICOS COMO ESTRAT\u00c9GIA PARA SUPERAR A RESIST\u00caNCIA AOS ANTIMICROBIANOS<\/a><\/strong><\/em><\/h4>\n<\/li>\n<li>\n<h4><a href=\"https:\/\/www.ciencianews.com.br\/arquivos\/ACET\/IMAGENS\/biblioteca-digital\/microbiologia\/resistencia_bacteriana\/CONSEQU%C3%8ANCIAS%20DO%20USO%20INADEQUADO%20OU%20SEM%20PRESCRI%C3%87%C3%83O%20%20M%C3%89DICA%20DE%20ANTIBI%C3%93TICOS%20-%20Marina_Gon%C3%A7alves_da_Silva.pdf\"><em><strong>CONSEQU\u00caNCIAS DO USO INADEQUADO OU SEM PRESCRI\u00c7\u00c3O M\u00c9DICA DE ANTIBI\u00d3TICOS<\/strong><\/em><\/a><\/h4>\n<\/li>\n<li>\n<h4><a href=\"https:\/\/www.ciencianews.com.br\/arquivos\/ACET\/IMAGENS\/biblioteca-digital\/microbiologia\/resistencia_bacteriana\/CONSEQU%C3%8ANCIAS%20DO%20USO%20INDISCRIMINADO%20DE%20ANTIMICROBIANOS%20AP%C3%93S%20A%20PANDEMIA%20DE%20COVID-19%20-%20Ariany%20Cristina%20Marques%20Silva1.pdf\"><em><strong>CONSEQU\u00caNCIAS DO USO INDISCRIMINADO DE ANTIMICROBIANOS AP\u00d3S A PANDEMIA DE COVID-19<\/strong><\/em><\/a><\/h4>\n<\/li>\n<li>\n<h4><a href=\"https:\/\/www.ciencianews.com.br\/arquivos\/ACET\/IMAGENS\/biblioteca-digital\/microbiologia\/resistencia_bacteriana\/MECANISMOS%20BACTERIANOS%20DE%20RESIST%C3%8ANCIA%20A%20ANTIMICROBIANOS%20-%20%20Camila%20Zulato.pdf\"><em><strong>MECANISMOS BACTERIANOS DE RESIST\u00caNCIA A ANTIMICROBIANOS<\/strong><\/em><\/a><\/h4>\n<\/li>\n<li>\n<h4><a href=\"https:\/\/www.ciencianews.com.br\/arquivos\/ACET\/IMAGENS\/biblioteca-digital\/microbiologia\/resistencia_bacteriana\/O%20aumento%20da%20resist%C3%AAncia%20bacteriana%20durante%20a%20pandemia%20por%20Covid-19%20-%20Artigo%20amanda%20Feitosa.pdf\"><em><strong>O AUMENTO DA RESIST\u00caNCIA BACTERIANA DURANTE A PANDEMIA POR COVID-19<\/strong><\/em><\/a><\/h4>\n<\/li>\n<li>\n<h4><a href=\"https:\/\/www.ciencianews.com.br\/arquivos\/ACET\/IMAGENS\/biblioteca-digital\/microbiologia\/resistencia_bacteriana\/PADR%C3%83O%20MICROBIANO%20DE%20RESIST%C3%8ANCIA%20DE%20SENSIBILIDADE%20A%20ANTIMICROBIANOS%20EVIDENCIADOS%20EM%20UROCULTURAS%20-%20VANESSA%20DOS%20SANTOS%20PINTO.pdf\"><em><strong>PADR\u00c3O MICROBIANO DE RESIST\u00caNCIA DE SENSIBILIDADE A ANTIMICROBIANOS EVIDENCIADOS EM UROCULTURAS<\/strong><\/em><\/a><\/h4>\n<\/li>\n<li>\n<h4><a href=\"https:\/\/www.ciencianews.com.br\/arquivos\/ACET\/IMAGENS\/biblioteca-digital\/microbiologia\/resistencia_bacteriana\/PERFIL%20DE%20RESIST%C3%8ANCIA%20BACTERIANA%20ISOLADO%20EM%20UROCULTURA%20DE%20PACIENTES%20DE%20UM%20LABORAT%C3%93RIO%20DO%20LESTE%20DE%20MINAS%20NO%20ANO%202021%20-+%20Ricardo%20da%20Cruz%20Santos.pdf\"><em><strong>PERFIL DE RESIST\u00caNCIA BACTERIANA ISOLADO EM UROCULTURA DE PACIENTES DE UM LABORAT\u00d3RIO DO LESTE DE MINAS NO ANO 2021<\/strong><\/em><\/a><\/h4>\n<\/li>\n<li>\n<h4><a href=\"https:\/\/www.ciencianews.com.br\/arquivos\/ACET\/IMAGENS\/biblioteca-digital\/microbiologia\/resistencia_bacteriana\/Recombina%C3%A7%C3%A3o%20gen%C3%A9tica%20em%20bact%C3%A9rias%20multirresistentes%20-%20Caroline%20Taiane%20de%20Souza%20Rodrigues.pdf\"><em><strong>RECOMBINA\u00c7\u00c3O GEN\u00c9TICA EM BACT\u00c9RIAS MULTIRRESISTENTES<\/strong><\/em><\/a><\/h4>\n<\/li>\n<li>\n<h4><a href=\"https:\/\/www.ciencianews.com.br\/arquivos\/ACET\/IMAGENS\/biblioteca-digital\/microbiologia\/resistencia_bacteriana\/Staphylococcus%20aureus%20E%20SEU%20PERFIL%20DE%20SUSCEPTIBILIDADE%20A%20ANTIMICROBIANOS%20EM%20CHUPETAS%20DE%20CRIAN%C3%87AS%20EM%20IDADE%20PR%C3%89-ESCOLAR%20-%20DANIELLY%20EMARIANE.pdf\"><em><strong>Staphylococcus aureus E SEU PERFIL DE SUSCEPTIBILIDADE A ANTIMICROBIANOS EM CHUPETAS DE CRIAN\u00c7AS EM IDADE PR\u00c9-ESCOLAR<\/strong><\/em><\/a><\/h4>\n<\/li>\n<li>\n<h4><a href=\"https:\/\/ciencianews.com.br\/arquivos\/ACET\/IMAGENS\/biblioteca-digital\/microbiologia\/resistencia_bacteriana\/2023-A%20import%C3%A2ncia%20da%20Sensibilidade%20Colateral%20no%20combate%20a%20Resist%C3%AAncia%20Bacteriana%20-%20Alessandra%20Pontes%20Cavalcante%20Microbiologia.pdf\"><em><strong>A IMPORT\u00c2NCIA DA SENSIBILIDADE COLATERAL NO COMBATE A RESIST\u00caNCIA BACTERIANA<\/strong><\/em><\/a><\/h4>\n<\/li>\n<li>\n<h4><a href=\"https:\/\/ciencianews.com.br\/arquivos\/ACET\/IMAGENS\/biblioteca-digital\/microbiologia\/resistencia_bacteriana\/2023-A_importancia%20do%20estudo%20das%20betalactames%20-%20Jessica%20Ferreira%20Barros.pdf\"><em><strong>A IMPORT\u00c2NCIA DO ESTUDO DAS BETALACTAMASES E SUA RELA\u00c7\u00c3O COM A SELE\u00c7\u00c3O DE SUPERBACT\u00c9RIAS<\/strong><\/em><\/a><\/h4>\n<\/li>\n<li>\n<h4><a href=\"https:\/\/ciencianews.com.br\/arquivos\/ACET\/IMAGENS\/biblioteca-digital\/microbiologia\/resistencia_bacteriana\/2023-Multirresist%C3%AAncia%20dos%20microrganismos%20provocada%20pelo%20uso%20indiscriminado%20de%20antimicrobiano%20-%20uma%20revis%C3%A3o%20-%20Vict%C3%B3ria%20dos%20Santos%20Abritta%20Ferreira.pdf\"><em><strong>MULTIRRESIST\u00caNCIA DOS MICRORGANISMOS PROVOCADA PELO USO INDISCRIMINADO DE ANTIMICROBIANOS: UMA REVIS\u00c3O<\/strong><\/em><\/a><\/h4>\n<\/li>\n<li>\n<h4><a href=\"https:\/\/ciencianews.com.br\/arquivos\/ACET\/IMAGENS\/biblioteca-digital\/microbiologia\/resistencia_bacteriana\/2023-Perspectivas%20sobre%20a%20resist%C3%AAncia%20antimicrobiana%20uma%20breve%20revis%C3%A3o%20bibliogr%C3%A1fica%20-%20%20Bianca%20Trabach%20Zuccon.pdf\"><em><strong>PERSPECTIVAS SOBRE A RESIST\u00caNCIA ANTIMICROBIANA: UMA REVIS\u00c3O BIBLIOGR\u00c1FICA<\/strong><\/em><\/a><\/h4>\n<\/li>\n<li>\n<h4><a href=\"https:\/\/ciencianews.com.br\/arquivos\/ACET\/IMAGENS\/biblioteca-digital\/microbiologia\/resistencia_bacteriana\/21_Dexter%20Gabriel.pdf\"><em><strong>RESIST\u00caNCIA DOS STAPHYLOCCUS AUREUS AOS<br \/>\nANTIBI\u00d3TICOS<\/strong><\/em><\/a><\/h4>\n<\/li>\n<li>\n<h4><a href=\"https:\/\/ciencianews.com.br\/arquivos\/ACET\/IMAGENS\/biblioteca-digital\/microbiologia\/resistencia_bacteriana\/22_Giovanna%20Martins.pdf\"><em><strong>A RESIST\u00caNCIA DE STAPHYLOCOCCUS AUREUS \u00c0 MRSA NA<br \/>\nCOMUNIDADE E NO MEIO HOSPITALAR, UMA RETROSPECTIVA DOS<br \/>\n\u00daLTIMOS 20 ANOS<\/strong><\/em><\/a><\/h4>\n<\/li>\n<li>\n<h4><a href=\"https:\/\/ciencianews.com.br\/arquivos\/ACET\/IMAGENS\/biblioteca-digital\/microbiologia\/resistencia_bacteriana\/23_handressa.pdf\"><em><strong>A RESIST\u00caNCIA DO STAPHYLOCOCCUS A ANTOBI\u00d3TICOS NA UNIDADE DE TERAPIA INTENSIVA: UMA REVIS\u00c3O SISTEM\u00c1TICA DA LITERATURA<\/strong><\/em><\/a><\/h4>\n<\/li>\n<li>\n<h4><a href=\"https:\/\/ciencianews.com.br\/arquivos\/ACET\/IMAGENS\/biblioteca-digital\/microbiologia\/resistencia_bacteriana\/24_Isabele%20cordeiro.pdf\"><em><strong>ANTIBI\u00d3TICOS BETA-LACT\u00c2MICOS E A RESIST\u00caNCIA BACTERIANA<\/strong><\/em><\/a><\/h4>\n<\/li>\n<li>\n<h4><a href=\"https:\/\/ciencianews.com.br\/arquivos\/ACET\/IMAGENS\/biblioteca-digital\/microbiologia\/resistencia_bacteriana\/25_Izabel%20Chamma.pdf\"><em><strong>RESIST\u00caNCIA BACTERIANA EM AMBIENTE HOSPITALAR<\/strong><\/em><\/a><\/h4>\n<\/li>\n<li>\n<h4><a href=\"https:\/\/ciencianews.com.br\/arquivos\/ACET\/IMAGENS\/biblioteca-digital\/microbiologia\/resistencia_bacteriana\/26_Jessica%20Roberta.pdf\"><em><strong>PAPEL DO MICROBIOMA INTESTINAL NA HOMEOSTASE<br \/>\nDO HOSPEDEIRO E AS CONSEQU\u00caNCIAS DO USO<br \/>\nINDISCRIMINADO DE ANTIBI\u00d3TICOS<\/strong><\/em><\/a><\/h4>\n<\/li>\n<li>\n<h4><a href=\"https:\/\/ciencianews.com.br\/arquivos\/ACET\/IMAGENS\/biblioteca-digital\/microbiologia\/resistencia_bacteriana\/27_Mona%20RESIST%C3%8ANCIA%20BACTERIANA%20E%20A%20PERSPECTIVA%20DO%20DESENVOLVIMENTO%20DE%20NOVOS%20ANTIMICROBIANOS.pdf\"><em><strong>RESIST\u00caNCIA BACTERIANA E A PERSPECTIVA DO DESENVOLVIMENTO DE<br \/>\nNOVOS ANTIMICROBIANOS<\/strong><\/em><\/a><\/h4>\n<\/li>\n<\/ol>\n<\/li>\n<\/ol>\n<div style=\"text-align: center;\">\n<p>[ezcol_1third]<br \/>\n<a href=\"http:\/\/www.ciencianews.com.br\/index.php\/home\/biblioteca_digital\/biblioteca-digital-microbiologia\/b-d-microbiologia-resistencia-bacteriana\/\"> <img loading=\"lazy\" decoding=\"async\" class=\"alignnone size-thumbnail wp-image-4997\" src=\"http:\/\/www.ciencianews.com.br\/wp-content\/uploads\/2019\/08\/voltar-150x150.png\" alt=\"voltar\" width=\"70\" height=\"70\" srcset=\"https:\/\/www.ciencianews.com.br\/wp-content\/uploads\/2019\/08\/voltar-150x150.png 150w, https:\/\/www.ciencianews.com.br\/wp-content\/uploads\/2019\/08\/voltar-250x250.png 250w, https:\/\/www.ciencianews.com.br\/wp-content\/uploads\/2019\/08\/voltar.png 256w\" sizes=\"auto, (max-width: 70px) 100vw, 70px\" \/> <\/a><\/p>\n<div style=\"color: #000000; text-align: center; font-size: 15px; font-weight: bold;\"><a href=\"http:\/\/www.ciencianews.com.br\/index.php\/home\/biblioteca_digital\/biblioteca-digital-microbiologia\/b-d-microbiologia-resistencia-bacteriana\/\">Voltar<\/a><\/p>\n<\/div>\n<p>[\/ezcol_1third]<br \/>\n[ezcol_1third]<br \/>\n<a href=\"http:\/\/www.ciencianews.com.br\/index.php\/home\/biblioteca_digital\/\"> <img loading=\"lazy\" decoding=\"async\" class=\"alignnone size-thumbnail wp-image-4996\" src=\"http:\/\/www.ciencianews.com.br\/wp-content\/uploads\/2019\/08\/home-150x150.jpg\" alt=\"home\" width=\"70\" height=\"70\" srcset=\"https:\/\/www.ciencianews.com.br\/wp-content\/uploads\/2019\/08\/home-150x150.jpg 150w, https:\/\/www.ciencianews.com.br\/wp-content\/uploads\/2019\/08\/home.jpg 225w\" sizes=\"auto, (max-width: 70px) 100vw, 70px\" \/> <\/a><\/p>\n<div style=\"color: #000000; text-align: center; font-size: 15px; font-weight: bold;\"><a href=\"http:\/\/www.ciencianews.com.br\/index.php\/home\/biblioteca_digital\/\">Biblioteca Digital<\/a><\/p>\n<\/div>\n<p>[\/ezcol_1third]<br \/>\n[ezcol_1third_end]<br \/>\n<a href=\"http:\/\/www.ciencianews.com.br\/index.php\/home\/biblioteca_digital\/biblioteca-digital-microbiologia\/b-d-microbiologia-microbiologia-das-infeccoes\/\"> <img loading=\"lazy\" decoding=\"async\" class=\"alignnone size-thumbnail wp-image-4995\" src=\"http:\/\/www.ciencianews.com.br\/wp-content\/uploads\/2019\/08\/avancar-150x150.png\" alt=\"avancar\" width=\"70\" height=\"70\" srcset=\"https:\/\/www.ciencianews.com.br\/wp-content\/uploads\/2019\/08\/avancar-150x150.png 150w, https:\/\/www.ciencianews.com.br\/wp-content\/uploads\/2019\/08\/avancar-250x250.png 250w, https:\/\/www.ciencianews.com.br\/wp-content\/uploads\/2019\/08\/avancar.png 256w\" sizes=\"auto, (max-width: 70px) 100vw, 70px\" \/> <\/a><\/p>\n<div style=\"color: #000000; text-align: center; font-size: 15px; font-weight: bold;\"><a href=\"http:\/\/www.ciencianews.com.br\/index.php\/home\/biblioteca_digital\/biblioteca-digital-microbiologia\/b-d-microbiologia-microbiologia-das-infeccoes\/\">Pr\u00f3ximo T\u00f3pico: &#8220;Microbiologia das Infec\u00e7\u00f5es&#8221;<\/a><\/p>\n<\/div>\n<p>[\/ezcol_1third_end]<\/p>\n<\/div>\n","protected":false},"excerpt":{"rendered":"<p>ARTIGOS Escolha o tema de sua prefer\u00eancia: DETEC\u00c7\u00c3O DE MECANISMOS DE RESIST\u00caNCIA AVALIA\u00c7\u00c3O DO PERFIL DE RESIST\u00caNCIA ANTIMICROBIANA DE ENTEROBACT\u00c9RIAS PRODUTORAS DE BETALACTAMASE DE ESPECTRO ESTENDIDO (ESBL) ISOLADAS EM HEMOCULTURAS DE PACIENTES NA CIDADE DE PARNA\u00cdBA, PIAU\u00cd RESIST\u00caNCIA BACTERIANA USO [&hellip;]<\/p>\n","protected":false},"author":1,"featured_media":0,"parent":5199,"menu_order":0,"comment_status":"closed","ping_status":"closed","template":"","meta":{"_uag_custom_page_level_css":"","_joinchat":[],"footnotes":""},"class_list":["post-5201","page","type-page","status-publish","hentry"],"uagb_featured_image_src":{"full":false,"thumbnail":false,"medium":false,"medium_large":false,"large":false,"1536x1536":false,"2048x2048":false,"post-thumbnail":false,"business-hub-blog":false,"business-hub-work":false},"uagb_author_info":{"display_name":"real","author_link":"https:\/\/www.ciencianews.com.br\/index.php\/author\/real\/"},"uagb_comment_info":0,"uagb_excerpt":"ARTIGOS Escolha o tema de sua prefer\u00eancia: DETEC\u00c7\u00c3O DE MECANISMOS DE RESIST\u00caNCIA AVALIA\u00c7\u00c3O DO PERFIL DE RESIST\u00caNCIA ANTIMICROBIANA DE ENTEROBACT\u00c9RIAS PRODUTORAS DE BETALACTAMASE DE ESPECTRO ESTENDIDO (ESBL) ISOLADAS EM HEMOCULTURAS DE PACIENTES NA CIDADE DE PARNA\u00cdBA, PIAU\u00cd RESIST\u00caNCIA BACTERIANA USO [&hellip;]","_links":{"self":[{"href":"https:\/\/www.ciencianews.com.br\/index.php\/wp-json\/wp\/v2\/pages\/5201","targetHints":{"allow":["GET"]}}],"collection":[{"href":"https:\/\/www.ciencianews.com.br\/index.php\/wp-json\/wp\/v2\/pages"}],"about":[{"href":"https:\/\/www.ciencianews.com.br\/index.php\/wp-json\/wp\/v2\/types\/page"}],"author":[{"embeddable":true,"href":"https:\/\/www.ciencianews.com.br\/index.php\/wp-json\/wp\/v2\/users\/1"}],"replies":[{"embeddable":true,"href":"https:\/\/www.ciencianews.com.br\/index.php\/wp-json\/wp\/v2\/comments?post=5201"}],"version-history":[{"count":8,"href":"https:\/\/www.ciencianews.com.br\/index.php\/wp-json\/wp\/v2\/pages\/5201\/revisions"}],"predecessor-version":[{"id":7706,"href":"https:\/\/www.ciencianews.com.br\/index.php\/wp-json\/wp\/v2\/pages\/5201\/revisions\/7706"}],"up":[{"embeddable":true,"href":"https:\/\/www.ciencianews.com.br\/index.php\/wp-json\/wp\/v2\/pages\/5199"}],"wp:attachment":[{"href":"https:\/\/www.ciencianews.com.br\/index.php\/wp-json\/wp\/v2\/media?parent=5201"}],"curies":[{"name":"wp","href":"https:\/\/api.w.org\/{rel}","templated":true}]}}