{"id":531,"date":"2013-07-31T13:00:05","date_gmt":"2013-07-31T13:00:05","guid":{"rendered":"http:\/\/localhost\/wordpress\/?page_id=531"},"modified":"2013-08-12T21:05:42","modified_gmt":"2013-08-12T21:05:42","slug":"hormonio-a-arte-em-cristais","status":"publish","type":"page","link":"https:\/\/www.ciencianews.com.br\/index.php\/publicacoes\/artigos-cientificos\/hormonio-a-arte-em-cristais\/","title":{"rendered":"HORM\u00d4NIO &#8211; A ARTE EM CRISTAIS"},"content":{"rendered":"<p style=\"text-align: justify;\">A palavra horm\u00f4nio \u00e9 derivada do verbo grego horman que significa \u201cagitar\u201d ou \u201cexcitar\u201d. Os horm\u00f4nios s\u00e3o secretados por c\u00e9lulas espec\u00edficas conhecidas por c\u00e9lulas end\u00f3crinas. A composi\u00e7\u00e3o dos horm\u00f4nios \u00e9 predominantemente qu\u00edmica e por isso s\u00e3o classificados em tr\u00eas grupos: pept\u00eddicos, am\u00ednicos e ester\u00f3ides.<\/p>\n<p style=\"text-align: justify;\">Os horm\u00f4nios pept\u00eddicos podem ter de 3 a 200 res\u00edduos de amino\u00e1cidos. Os horm\u00f4nios am\u00ednicos s\u00e3o derivados do amino\u00e1cido tirosina. Os horm\u00f4nios ester\u00f3ides s\u00e3o derivados do colesterol.<\/p>\n<p style=\"text-align: justify;\">Muitos tipos de horm\u00f4nios s\u00e3o atualmente sintetizados em laborat\u00f3rio e, pelo fato de serem subst\u00e2ncias qu\u00edmicas, s\u00e3o cristaliz\u00e1veis.<\/p>\n<p style=\"text-align: justify;\">As fotos que se seguem foram obtidas por microscopia de polariza\u00e7\u00e3o e colorizadas por computador.<\/p>\n<figure id=\"attachment_920\" aria-describedby=\"caption-attachment-920\" style=\"width: 190px\" class=\"wp-caption aligncenter\"><img loading=\"lazy\" decoding=\"async\" class=\"size-full wp-image-920 \" alt=\"Cristais de horm\u00f4nio cortisona produzido sinteticamente.  O cortisona \u00e9 produzido na cortex adrenal, e \u00e9 secretado quando a pessoa est\u00e1 exposta a estresse, principalmente.\" src=\"http:\/\/www.ciencianews.com.br\/homologacao\/wp-content\/uploads\/2013\/08\/hormonio1.jpg\" width=\"190\" height=\"178\" \/><figcaption id=\"caption-attachment-920\" class=\"wp-caption-text\">Cristais de horm\u00f4nio cortisona produzido sinteticamente.<br \/>O cortisona \u00e9 produzido na cortex adrenal, e \u00e9 secretado quando a pessoa est\u00e1 exposta a estresse, principalmente.<\/figcaption><\/figure>\n<figure id=\"attachment_921\" aria-describedby=\"caption-attachment-921\" style=\"width: 200px\" class=\"wp-caption aligncenter\"><img loading=\"lazy\" decoding=\"async\" class=\"size-full wp-image-921 \" alt=\"Cristais de Estriol. O estriol \u00e9 um horm\u00f4nio feminino excretado na urina durante o est\u00e1gio final de gesta\u00e7\u00e3o.\" src=\"http:\/\/www.ciencianews.com.br\/homologacao\/wp-content\/uploads\/2013\/08\/hormonio2.jpg\" width=\"200\" height=\"183\" \/><figcaption id=\"caption-attachment-921\" class=\"wp-caption-text\">Cristais de Estriol. O estriol \u00e9 um horm\u00f4nio feminino excretado na urina durante o est\u00e1gio final de gesta\u00e7\u00e3o.<\/figcaption><\/figure>\n<figure id=\"attachment_922\" aria-describedby=\"caption-attachment-922\" style=\"width: 200px\" class=\"wp-caption aligncenter\"><img loading=\"lazy\" decoding=\"async\" class=\"size-full wp-image-922\" alt=\"Cristais de Estrona. A estrona \u00e9 um horm\u00f4nio estrog\u00eanico produzido pelas c\u00e9lulas foliculares do ov\u00e1rio. \" src=\"http:\/\/www.ciencianews.com.br\/homologacao\/wp-content\/uploads\/2013\/08\/hormonio3.jpg\" width=\"200\" height=\"189\" \/><figcaption id=\"caption-attachment-922\" class=\"wp-caption-text\">Cristais de Estrona. A estrona \u00e9 um horm\u00f4nio estrog\u00eanico produzido pelas c\u00e9lulas foliculares do ov\u00e1rio.<\/figcaption><\/figure>\n<figure id=\"attachment_923\" aria-describedby=\"caption-attachment-923\" style=\"width: 200px\" class=\"wp-caption aligncenter\"><img loading=\"lazy\" decoding=\"async\" class=\"size-full wp-image-923\" alt=\"Horm\u00f4nio Progesterona \u00e9 um ester\u00f3ide produzido no corpo l\u00fateo, placenta, test\u00edculo e adrenais. Tem importante fun\u00e7\u00e3o na fase l\u00fatea do ciclo menstrual e na manuten\u00e7\u00e3o da gesta\u00e7\u00e3o. \u00c9 um produto intermedi\u00e1rio na bios\u00edntese de androg\u00eanio, estrog\u00eanio e cortic\u00f3ides\" src=\"http:\/\/www.ciencianews.com.br\/homologacao\/wp-content\/uploads\/2013\/08\/hormonio4.jpg\" width=\"200\" height=\"163\" \/><figcaption id=\"caption-attachment-923\" class=\"wp-caption-text\">Horm\u00f4nio Progesterona \u00e9 um ester\u00f3ide produzido no corpo l\u00fateo, placenta, test\u00edculo e adrenais. Tem importante fun\u00e7\u00e3o na fase l\u00fatea do ciclo menstrual e na manuten\u00e7\u00e3o da gesta\u00e7\u00e3o. \u00c9 um produto intermedi\u00e1rio na bios\u00edntese de androg\u00eanio, estrog\u00eanio e cortic\u00f3ides<\/figcaption><\/figure>\n<figure id=\"attachment_924\" aria-describedby=\"caption-attachment-924\" style=\"width: 205px\" class=\"wp-caption aligncenter\"><img loading=\"lazy\" decoding=\"async\" class=\"size-full wp-image-924\" alt=\"Cristais de Testosterona. O horm\u00f4nio testosterona \u00e9 produzido na matura\u00e7\u00e3o sexual. Sua s\u00edntese \u00e9 estimulada por certos horm\u00f4nios gonadotr\u00f3picos. Ap\u00f3s a s\u00edntese, a testosterona sofre mudan\u00e7as no f\u00edgado, onde \u00e9 convertido no horm\u00f4nio androsterona e outras subst\u00e2ncias. \" src=\"http:\/\/www.ciencianews.com.br\/homologacao\/wp-content\/uploads\/2013\/08\/Hormonio5.jpg\" width=\"205\" height=\"150\" \/><figcaption id=\"caption-attachment-924\" class=\"wp-caption-text\">Cristais de Testosterona. O horm\u00f4nio testosterona \u00e9 produzido na matura\u00e7\u00e3o sexual. Sua s\u00edntese \u00e9 estimulada por certos horm\u00f4nios gonadotr\u00f3picos. Ap\u00f3s a s\u00edntese, a testosterona sofre mudan\u00e7as no f\u00edgado, onde \u00e9 convertido no horm\u00f4nio androsterona e outras subst\u00e2ncias.<\/figcaption><\/figure>\n<figure id=\"attachment_925\" aria-describedby=\"caption-attachment-925\" style=\"width: 200px\" class=\"wp-caption aligncenter\"><img loading=\"lazy\" decoding=\"async\" class=\"size-full wp-image-925\" alt=\"Horm\u00f4nio Tiroxina produzido pela gl\u00e2ndula tire\u00f3ide. A tiroxina participa na regula\u00e7\u00e3o do metabolismo e do crescimento. A diminui\u00e7\u00e3o da fun\u00e7\u00e3o da tire\u00f3ide reduz a atividade metab\u00f3lica, causando dist\u00farbios mentais. O aumento da fun\u00e7\u00e3o da tiroxina eleva o grau de atividade metab\u00f3lica. \" src=\"http:\/\/www.ciencianews.com.br\/homologacao\/wp-content\/uploads\/2013\/08\/hormonio6.jpg\" width=\"200\" height=\"186\" \/><figcaption id=\"caption-attachment-925\" class=\"wp-caption-text\">Horm\u00f4nio Tiroxina produzido pela gl\u00e2ndula tire\u00f3ide. A tiroxina participa na regula\u00e7\u00e3o do metabolismo e do crescimento. A diminui\u00e7\u00e3o da fun\u00e7\u00e3o da tire\u00f3ide reduz a atividade metab\u00f3lica, causando dist\u00farbios mentais. O aumento da fun\u00e7\u00e3o da tiroxina eleva o grau de atividade metab\u00f3lica.<\/figcaption><\/figure>\n<figure id=\"attachment_926\" aria-describedby=\"caption-attachment-926\" style=\"width: 200px\" class=\"wp-caption aligncenter\"><img loading=\"lazy\" decoding=\"async\" class=\"size-full wp-image-926\" alt=\"Cristais do horm\u00f4nio Noradrenalina. A noradrenalina \u00e9 produzida na medula adrenal, estimula o cora\u00e7\u00e3o contraindo as paredes dos vasos, inibe os movimentos intestinais, e tem discreto efeito na atividade metab\u00f3lica. \" src=\"http:\/\/www.ciencianews.com.br\/homologacao\/wp-content\/uploads\/2013\/08\/hormonio7.jpg\" width=\"200\" height=\"162\" \/><figcaption id=\"caption-attachment-926\" class=\"wp-caption-text\">Cristais do horm\u00f4nio Noradrenalina. A noradrenalina \u00e9 produzida na medula adrenal, estimula o cora\u00e7\u00e3o contraindo as paredes dos vasos, inibe os movimentos intestinais, e tem discreto efeito na atividade metab\u00f3lica.<\/figcaption><\/figure>\n<figure id=\"attachment_927\" aria-describedby=\"caption-attachment-927\" style=\"width: 200px\" class=\"wp-caption aligncenter\"><img loading=\"lazy\" decoding=\"async\" class=\"size-full wp-image-927\" alt=\"Cristais do horm\u00f4nio insulina produzido sinteticamente. A insulina \u00e9 produzida no p\u00e2ncreas e \u00e9 necess\u00e1ria para o metabolismo de a\u00e7\u00facar. Altera\u00e7\u00f5es na produ\u00e7\u00e3o de insulina est\u00e1 relacionada com diabetes.\" src=\"http:\/\/www.ciencianews.com.br\/homologacao\/wp-content\/uploads\/2013\/08\/hormonio8.jpg\" width=\"200\" height=\"162\" \/><figcaption id=\"caption-attachment-927\" class=\"wp-caption-text\">Cristais do horm\u00f4nio insulina produzido sinteticamente. A insulina \u00e9 produzida no p\u00e2ncreas e \u00e9 necess\u00e1ria para o metabolismo de a\u00e7\u00facar. Altera\u00e7\u00f5es na produ\u00e7\u00e3o de insulina est\u00e1 relacionada com diabetes.<\/figcaption><\/figure>\n<p><strong>Prof. Dr. Paulo Cesar Naoum<br \/>\n<\/strong>Professor Titular da Universidade Estadual Paulista-UNESP<\/p>\n","protected":false},"excerpt":{"rendered":"<p>A palavra horm\u00f4nio \u00e9 derivada do verbo grego horman que significa \u201cagitar\u201d ou \u201cexcitar\u201d. Os horm\u00f4nios s\u00e3o secretados por c\u00e9lulas espec\u00edficas conhecidas por c\u00e9lulas end\u00f3crinas. A composi\u00e7\u00e3o dos horm\u00f4nios \u00e9 predominantemente qu\u00edmica e por isso s\u00e3o classificados em tr\u00eas grupos: [&hellip;]<\/p>\n","protected":false},"author":2,"featured_media":0,"parent":130,"menu_order":0,"comment_status":"closed","ping_status":"closed","template":"","meta":{"_uag_custom_page_level_css":"","_joinchat":[],"footnotes":""},"class_list":["post-531","page","type-page","status-publish","hentry"],"uagb_featured_image_src":{"full":false,"thumbnail":false,"medium":false,"medium_large":false,"large":false,"1536x1536":false,"2048x2048":false,"post-thumbnail":false,"business-hub-blog":false,"business-hub-work":false},"uagb_author_info":{"display_name":"admin","author_link":"https:\/\/www.ciencianews.com.br\/index.php\/author\/admin\/"},"uagb_comment_info":0,"uagb_excerpt":"A palavra horm\u00f4nio \u00e9 derivada do verbo grego horman que significa \u201cagitar\u201d ou \u201cexcitar\u201d. Os horm\u00f4nios s\u00e3o secretados por c\u00e9lulas espec\u00edficas conhecidas por c\u00e9lulas end\u00f3crinas. A composi\u00e7\u00e3o dos horm\u00f4nios \u00e9 predominantemente qu\u00edmica e por isso s\u00e3o classificados em tr\u00eas grupos: [&hellip;]","_links":{"self":[{"href":"https:\/\/www.ciencianews.com.br\/index.php\/wp-json\/wp\/v2\/pages\/531","targetHints":{"allow":["GET"]}}],"collection":[{"href":"https:\/\/www.ciencianews.com.br\/index.php\/wp-json\/wp\/v2\/pages"}],"about":[{"href":"https:\/\/www.ciencianews.com.br\/index.php\/wp-json\/wp\/v2\/types\/page"}],"author":[{"embeddable":true,"href":"https:\/\/www.ciencianews.com.br\/index.php\/wp-json\/wp\/v2\/users\/2"}],"replies":[{"embeddable":true,"href":"https:\/\/www.ciencianews.com.br\/index.php\/wp-json\/wp\/v2\/comments?post=531"}],"version-history":[{"count":9,"href":"https:\/\/www.ciencianews.com.br\/index.php\/wp-json\/wp\/v2\/pages\/531\/revisions"}],"predecessor-version":[{"id":1143,"href":"https:\/\/www.ciencianews.com.br\/index.php\/wp-json\/wp\/v2\/pages\/531\/revisions\/1143"}],"up":[{"embeddable":true,"href":"https:\/\/www.ciencianews.com.br\/index.php\/wp-json\/wp\/v2\/pages\/130"}],"wp:attachment":[{"href":"https:\/\/www.ciencianews.com.br\/index.php\/wp-json\/wp\/v2\/media?parent=531"}],"curies":[{"name":"wp","href":"https:\/\/api.w.org\/{rel}","templated":true}]}}