{"id":6003,"date":"2020-09-06T23:11:12","date_gmt":"2020-09-06T23:11:12","guid":{"rendered":"http:\/\/www.ciencianews.com.br\/?page_id=6003"},"modified":"2022-09-03T22:11:20","modified_gmt":"2022-09-03T22:11:20","slug":"novos-cursos-de-pos-graduacao","status":"publish","type":"page","link":"https:\/\/www.ciencianews.com.br\/index.php\/novos-cursos-de-pos-graduacao\/","title":{"rendered":"Nossos cursos de P\u00f3s- Gradua\u00e7\u00e3o"},"content":{"rendered":"\n<div style=\"height:46px\" aria-hidden=\"true\" class=\"wp-block-spacer\"><\/div>\n\n\n\n<h1 class=\"has-text-align-center wp-block-heading\"><strong><strong>HEMATOLOGIA E BANCO DE SANGUE<\/strong><\/strong><\/h1>\n\n\n\n<p><\/p>\n\n\n\n<h4 class=\"has-text-align-center wp-block-heading\"><strong>14\u00aa TURMA<\/strong><\/h4>\n\n\n\n<div style=\"height:45px\" aria-hidden=\"true\" class=\"wp-block-spacer\"><\/div>\n\n\n\n<div class=\"wp-block-image\"><figure class=\"aligncenter size-large\"><img decoding=\"async\" src=\"https:\/\/www.ciencianews.com.br\/wp-content\/uploads\/2021\/06\/Divulgacao-HBS-1.png\" alt=\"\" class=\"wp-image-6693\"\/><\/figure><\/div>\n\n\n\n<p class=\"has-text-align-center has-medium-font-size\"><strong><strong><span class=\"has-inline-color has-vivid-red-color\">EM ANDAMENTO<\/span><\/strong><\/strong><\/p>\n\n\n\n<div class=\"wp-block-columns is-layout-flex wp-container-core-columns-is-layout-9d6595d7 wp-block-columns-is-layout-flex\">\n<div class=\"wp-block-column is-layout-flow wp-block-column-is-layout-flow\"><\/div>\n\n\n\n<div class=\"wp-block-column is-layout-flow wp-block-column-is-layout-flow\"><\/div>\n<\/div>\n\n\n\n<hr class=\"wp-block-separator\"\/>\n\n\n\n<h1 class=\"has-text-align-center wp-block-heading\"><strong>HEMATOLOGIA CL\u00cdNICA E LABORATORIAL<\/strong><\/h1>\n\n\n\n<p><\/p>\n\n\n\n<h4 class=\"has-text-align-center wp-block-heading\"><strong>22\u00aa TURMA<\/strong><\/h4>\n\n\n\n<div style=\"height:45px\" aria-hidden=\"true\" class=\"wp-block-spacer\"><\/div>\n\n\n\n<div class=\"wp-block-image\"><figure class=\"aligncenter size-large is-resized\"><img loading=\"lazy\" decoding=\"async\" src=\"https:\/\/www.ciencianews.com.br\/wp-content\/uploads\/2021\/11\/hematologia-clinica-e-laboratorial-1024x576.png\" alt=\"\" class=\"wp-image-6898\" width=\"650\" height=\"400\"\/><\/figure><\/div>\n\n\n\n<p class=\"has-text-align-center has-medium-font-size\"><strong><strong><span class=\"has-inline-color has-vivid-red-color\">EM ANDAMENTO<\/span><\/strong><\/strong><\/p>\n\n\n\n<div class=\"wp-block-columns is-layout-flex wp-container-core-columns-is-layout-9d6595d7 wp-block-columns-is-layout-flex\">\n<div class=\"wp-block-column is-layout-flow wp-block-column-is-layout-flow\"><\/div>\n\n\n\n<div class=\"wp-block-column is-layout-flow wp-block-column-is-layout-flow\"><\/div>\n<\/div>\n\n\n\n<hr class=\"wp-block-separator\"\/>\n\n\n\n<h1 class=\"has-text-align-center wp-block-heading\"><strong>MICROBIOLOGIA CL\u00cdNICA E LABORATORIAL<\/strong><\/h1>\n\n\n\n<p><\/p>\n\n\n\n<h4 class=\"has-text-align-center wp-block-heading\"><strong>11\u00aa TURMA<\/strong><\/h4>\n\n\n\n<div style=\"height:45px\" aria-hidden=\"true\" class=\"wp-block-spacer\"><\/div>\n\n\n\n<div class=\"wp-block-image\"><figure class=\"aligncenter size-large is-resized\"><img loading=\"lazy\" decoding=\"async\" src=\"https:\/\/www.ciencianews.com.br\/wp-content\/uploads\/2021\/11\/micro-azul-clinica-e-laboratorial-1024x576.png\" alt=\"\" class=\"wp-image-6897\" width=\"650\" height=\"400\"\/><\/figure><\/div>\n\n\n\n<p class=\"has-text-align-center has-medium-font-size\"><strong><strong><span class=\"has-inline-color has-vivid-red-color\">EM ANDAMENTO<\/span><\/strong><\/strong><\/p>\n\n\n\n<div class=\"wp-block-columns is-layout-flex wp-container-core-columns-is-layout-9d6595d7 wp-block-columns-is-layout-flex\">\n<div class=\"wp-block-column is-layout-flow wp-block-column-is-layout-flow\"><\/div>\n\n\n\n<div class=\"wp-block-column is-layout-flow wp-block-column-is-layout-flow\"><\/div>\n<\/div>\n\n\n\n<div style=\"height:21px\" aria-hidden=\"true\" class=\"wp-block-spacer\"><\/div>\n\n\n\n<hr class=\"wp-block-separator\"\/>\n\n\n\n<div style=\"height:21px\" aria-hidden=\"true\" class=\"wp-block-spacer\"><\/div>\n\n\n\n<h1 class=\"has-text-align-center wp-block-heading\"><strong>FISIOTERAPIA EM UROGINECOLOGIA, PROCTOLOGIA E OBSTETR\u00cdCIA<\/strong><\/h1>\n\n\n\n<h4 class=\"has-text-align-center wp-block-heading\"><strong>2\u00aa TURMA<\/strong><\/h4>\n\n\n\n<div class=\"wp-block-image\"><figure class=\"aligncenter size-large is-resized\"><a href=\"https:\/\/www.anapaulagallonaoum.com.br\/\" target=\"_blank\" rel=\"noopener noreferrer\"><img loading=\"lazy\" decoding=\"async\" src=\"http:\/\/www.ciencianews.com.br\/wp-content\/uploads\/2017\/09\/UROPROCTOLOGIA-E-OBSTETRICIA.jpg\" alt=\"UROPROCTOLOGIA-E-OBSTETRICIA\" class=\"wp-image-5856\" width=\"316\" height=\"575\" srcset=\"https:\/\/www.ciencianews.com.br\/wp-content\/uploads\/2017\/09\/UROPROCTOLOGIA-E-OBSTETRICIA.jpg 400w, https:\/\/www.ciencianews.com.br\/wp-content\/uploads\/2017\/09\/UROPROCTOLOGIA-E-OBSTETRICIA-165x300.jpg 165w, https:\/\/www.ciencianews.com.br\/wp-content\/uploads\/2017\/09\/UROPROCTOLOGIA-E-OBSTETRICIA-250x454.jpg 250w, https:\/\/www.ciencianews.com.br\/wp-content\/uploads\/2017\/09\/UROPROCTOLOGIA-E-OBSTETRICIA-300x545.jpg 300w\" sizes=\"auto, (max-width: 316px) 100vw, 316px\" \/><\/a><\/figure><\/div>\n\n\n\n<p class=\"has-text-align-center has-medium-font-size\"><strong><span class=\"has-inline-color has-vivid-red-color\">EM ANDAMENTO<\/span><\/strong><\/p>\n\n\n\n<div class=\"wp-block-columns is-layout-flex wp-container-core-columns-is-layout-9d6595d7 wp-block-columns-is-layout-flex\">\n<div class=\"wp-block-column is-layout-flow wp-block-column-is-layout-flow\"><\/div>\n\n\n\n<div class=\"wp-block-column is-layout-flow wp-block-column-is-layout-flow\"><\/div>\n<\/div>\n","protected":false},"excerpt":{"rendered":"<p>HEMATOLOGIA E BANCO DE SANGUE 14\u00aa TURMA EM ANDAMENTO HEMATOLOGIA CL\u00cdNICA E LABORATORIAL 22\u00aa TURMA EM ANDAMENTO MICROBIOLOGIA CL\u00cdNICA E LABORATORIAL 11\u00aa TURMA EM ANDAMENTO FISIOTERAPIA EM UROGINECOLOGIA, PROCTOLOGIA E OBSTETR\u00cdCIA 2\u00aa TURMA EM ANDAMENTO<\/p>\n","protected":false},"author":1,"featured_media":0,"parent":0,"menu_order":0,"comment_status":"closed","ping_status":"closed","template":"","meta":{"_uag_custom_page_level_css":"","_joinchat":[],"footnotes":""},"class_list":["post-6003","page","type-page","status-publish","hentry"],"uagb_featured_image_src":{"full":false,"thumbnail":false,"medium":false,"medium_large":false,"large":false,"1536x1536":false,"2048x2048":false,"post-thumbnail":false,"business-hub-blog":false,"business-hub-work":false},"uagb_author_info":{"display_name":"real","author_link":"https:\/\/www.ciencianews.com.br\/index.php\/author\/real\/"},"uagb_comment_info":0,"uagb_excerpt":"HEMATOLOGIA E BANCO DE SANGUE 14\u00aa TURMA EM ANDAMENTO HEMATOLOGIA CL\u00cdNICA E LABORATORIAL 22\u00aa TURMA EM ANDAMENTO MICROBIOLOGIA CL\u00cdNICA E LABORATORIAL 11\u00aa TURMA EM ANDAMENTO FISIOTERAPIA EM UROGINECOLOGIA, PROCTOLOGIA E OBSTETR\u00cdCIA 2\u00aa TURMA EM ANDAMENTO","_links":{"self":[{"href":"https:\/\/www.ciencianews.com.br\/index.php\/wp-json\/wp\/v2\/pages\/6003","targetHints":{"allow":["GET"]}}],"collection":[{"href":"https:\/\/www.ciencianews.com.br\/index.php\/wp-json\/wp\/v2\/pages"}],"about":[{"href":"https:\/\/www.ciencianews.com.br\/index.php\/wp-json\/wp\/v2\/types\/page"}],"author":[{"embeddable":true,"href":"https:\/\/www.ciencianews.com.br\/index.php\/wp-json\/wp\/v2\/users\/1"}],"replies":[{"embeddable":true,"href":"https:\/\/www.ciencianews.com.br\/index.php\/wp-json\/wp\/v2\/comments?post=6003"}],"version-history":[{"count":20,"href":"https:\/\/www.ciencianews.com.br\/index.php\/wp-json\/wp\/v2\/pages\/6003\/revisions"}],"predecessor-version":[{"id":6977,"href":"https:\/\/www.ciencianews.com.br\/index.php\/wp-json\/wp\/v2\/pages\/6003\/revisions\/6977"}],"wp:attachment":[{"href":"https:\/\/www.ciencianews.com.br\/index.php\/wp-json\/wp\/v2\/media?parent=6003"}],"curies":[{"name":"wp","href":"https:\/\/api.w.org\/{rel}","templated":true}]}}