{"id":6593,"date":"2021-02-27T20:07:58","date_gmt":"2021-02-27T20:07:58","guid":{"rendered":"http:\/\/www.ciencianews.com.br\/?page_id=6593"},"modified":"2021-02-27T20:16:57","modified_gmt":"2021-02-27T20:16:57","slug":"livro-desafios-de-um-biomedico","status":"publish","type":"page","link":"https:\/\/www.ciencianews.com.br\/index.php\/livro-desafios-de-um-biomedico\/","title":{"rendered":"Livro: Desafios de um Biom\u00e9dico"},"content":{"rendered":"\n<blockquote class=\"wp-block-quote is-layout-flow wp-block-quote-is-layout-flow\"><p>Relatos de um cientista sobre suas pesquisas  em doen\u00e7as do sangue e ambientais<\/p><\/blockquote>\n\n\n\n<div class=\"wp-block-columns is-layout-flex wp-container-core-columns-is-layout-9d6595d7 wp-block-columns-is-layout-flex\">\n<div class=\"wp-block-column is-layout-flow wp-block-column-is-layout-flow\">\n<div class=\"wp-block-image\"><figure class=\"aligncenter size-large\"><img loading=\"lazy\" decoding=\"async\" width=\"450\" height=\"639\" src=\"http:\/\/www.ciencianews.com.br\/wp-content\/uploads\/2021\/02\/capa.png\" alt=\"\" class=\"wp-image-6591\" srcset=\"https:\/\/www.ciencianews.com.br\/wp-content\/uploads\/2021\/02\/capa.png 450w, https:\/\/www.ciencianews.com.br\/wp-content\/uploads\/2021\/02\/capa-211x300.png 211w, https:\/\/www.ciencianews.com.br\/wp-content\/uploads\/2021\/02\/capa-261x370.png 261w\" sizes=\"auto, (max-width: 450px) 100vw, 450px\" \/><\/figure><\/div>\n\n\n\n<p class=\"has-text-align-center has-vivid-cyan-blue-color has-text-color has-medium-font-size\"><strong><span class=\"has-inline-color has-black-color\">Sum\u00e1rio<\/span><\/strong><\/p>\n\n\n\n<p class=\"has-text-align-center has-medium-font-size\"><a href=\"https:\/\/www.ciencianews.com.br\/arquivos\/ACET\/IMAGENS\/livro\/capa-dedicatoria.pdf\" target=\"_blank\" rel=\"noreferrer noopener\">Capa e dedicat\u00f3rias<\/a><\/p>\n\n\n\n<p class=\"has-text-align-center has-medium-font-size\"><a href=\"https:\/\/www.ciencianews.com.br\/arquivos\/ACET\/IMAGENS\/livro\/introducao.pdf\" target=\"_blank\" rel=\"noreferrer noopener\">Introdu\u00e7\u00e3o<\/a><\/p>\n\n\n\n<p class=\"has-text-align-center has-medium-font-size\"><a href=\"https:\/\/www.ciencianews.com.br\/arquivos\/ACET\/IMAGENS\/livro\/cap1.pdf\" target=\"_blank\" rel=\"noreferrer noopener\">Meu maior desafio<\/a><\/p>\n\n\n\n<p class=\"has-text-align-center has-medium-font-size\"><a href=\"https:\/\/www.ciencianews.com.br\/arquivos\/ACET\/IMAGENS\/livro\/cap2.pdf\" target=\"_blank\" rel=\"noreferrer noopener\">Como me tornei cientista<\/a><\/p>\n\n\n\n<p class=\"has-text-align-center has-medium-font-size\"><a href=\"https:\/\/www.ciencianews.com.br\/arquivos\/ACET\/IMAGENS\/livro\/cap3.pdf\" target=\"_blank\" rel=\"noreferrer noopener\">Uma bronca definiu o meu futuro cient\u00edfico<\/a><\/p>\n\n\n\n<p class=\"has-text-align-center has-medium-font-size\"><a href=\"https:\/\/www.ciencianews.com.br\/arquivos\/ACET\/IMAGENS\/livro\/cap4.pdf\" target=\"_blank\" rel=\"noreferrer noopener\">Durante o desemprego uma descoberta importante<\/a><\/p>\n\n\n\n<p class=\"has-text-align-center has-medium-font-size\"><a href=\"https:\/\/www.ciencianews.com.br\/arquivos\/ACET\/IMAGENS\/livro\/cap5.pdf\" target=\"_blank\" rel=\"noreferrer noopener\">Eletroforese na selva amaz\u00f4nica<\/a><\/p>\n\n\n\n<p class=\"has-text-align-center has-medium-font-size\"><a href=\"https:\/\/www.ciencianews.com.br\/arquivos\/ACET\/IMAGENS\/livro\/cap6.pdf\" target=\"_blank\" rel=\"noreferrer noopener\">Na Venezuela, o pulo do gato<\/a><\/p>\n\n\n\n<p class=\"has-text-align-center has-medium-font-size\"><a href=\"https:\/\/www.ciencianews.com.br\/arquivos\/ACET\/IMAGENS\/livro\/cap7.pdf\" target=\"_blank\" rel=\"noreferrer noopener\">O coment\u00e1rio que fez surgir a minha tese<\/a><\/p>\n\n\n\n<p class=\"has-text-align-center has-medium-font-size\"><a href=\"https:\/\/www.ciencianews.com.br\/arquivos\/ACET\/IMAGENS\/livro\/cap8.pdf\" target=\"_blank\" rel=\"noreferrer noopener\">30 de Novembro de 1972<\/a><\/p>\n\n\n\n<p class=\"has-text-align-center has-medium-font-size\"><a href=\"https:\/\/www.ciencianews.com.br\/arquivos\/ACET\/IMAGENS\/livro\/cap9.pdf\" target=\"_blank\" rel=\"noreferrer noopener\">Conhecimentos que prolongam vidas<\/a><\/p>\n\n\n\n<p class=\"has-text-align-center has-medium-font-size\"><a href=\"https:\/\/www.ciencianews.com.br\/arquivos\/ACET\/IMAGENS\/livro\/cap10.pdf\" target=\"_blank\" rel=\"noreferrer noopener\">O Centro de Refer\u00eancia de Hemoglobinas<\/a><\/p>\n\n\n\n<p class=\"has-text-align-center has-medium-font-size\"><a href=\"https:\/\/www.ciencianews.com.br\/arquivos\/ACET\/IMAGENS\/livro\/cap11.pdf\" target=\"_blank\" rel=\"noreferrer noopener\">Um convite que fez a diferen\u00e7a<\/a><\/p>\n\n\n\n<p class=\"has-text-align-center has-medium-font-size\"><a href=\"https:\/\/www.ciencianews.com.br\/arquivos\/ACET\/IMAGENS\/livro\/cap12.pdf\" target=\"_blank\" rel=\"noreferrer noopener\">O bon-vivant, o anjo da guarda e a Inglaterra<\/a><\/p>\n\n\n\n<p class=\"has-text-align-center has-medium-font-size\"><a href=\"https:\/\/www.ciencianews.com.br\/arquivos\/ACET\/IMAGENS\/livro\/cap13.pdf\" target=\"_blank\" rel=\"noreferrer noopener\">Cambridge foi o meu ponto de viragem<\/a><\/p>\n\n\n\n<p class=\"has-text-align-center has-medium-font-size\"><a href=\"https:\/\/www.ciencianews.com.br\/arquivos\/ACET\/IMAGENS\/livro\/cap14.pdf\" target=\"_blank\" rel=\"noreferrer noopener\">A pesquisa que alavancou as hemoglobinopatias no Brasil<\/a><\/p>\n\n\n\n<p class=\"has-text-align-center has-medium-font-size\"><a href=\"https:\/\/www.ciencianews.com.br\/arquivos\/ACET\/IMAGENS\/livro\/cap15.pdf\" target=\"_blank\" rel=\"noreferrer noopener\">Como expliquei a causa da anencefalia no \u201cvale da morte\u201d<\/a><\/p>\n\n\n\n<p class=\"has-text-align-center has-medium-font-size\"><a href=\"https:\/\/www.ciencianews.com.br\/arquivos\/ACET\/IMAGENS\/livro\/cap16.pdf\" target=\"_blank\" rel=\"noreferrer noopener\">O laborat\u00f3rio que constru\u00ed e doei para a Unesp<\/a><\/p>\n\n\n\n<p class=\"has-text-align-center has-medium-font-size\"><a href=\"https:\/\/www.ciencianews.com.br\/arquivos\/ACET\/IMAGENS\/livro\/cap17.pdf\">O programa de preven\u00e7\u00e3o que me levou a Roma e \u00e0 OMS<\/a><\/p>\n\n\n\n<p class=\"has-text-align-center has-medium-font-size\"><a href=\"https:\/\/www.ciencianews.com.br\/arquivos\/ACET\/IMAGENS\/livro\/cap18.pdf\" target=\"_blank\" rel=\"noreferrer noopener\">O incr\u00edvel CDA \u2013 Centro Diagn\u00f3stico de Anemias<\/a><\/p>\n\n\n\n<p class=\"has-text-align-center has-medium-font-size\"><a href=\"https:\/\/www.ciencianews.com.br\/arquivos\/ACET\/IMAGENS\/livro\/cap19.pdf\" target=\"_blank\" rel=\"noreferrer noopener\">Tornei-me diretor da Unesp por um voto de vantagem<\/a><\/p>\n\n\n\n<p class=\"has-text-align-center has-medium-font-size\"><a href=\"https:\/\/www.ciencianews.com.br\/arquivos\/ACET\/IMAGENS\/livro\/cap20.pdf\" target=\"_blank\" rel=\"noreferrer noopener\">A Academia de Ci\u00eancia e Tecnologia \u2013 AC&amp;T<\/a><\/p>\n\n\n\n<p class=\"has-text-align-center has-medium-font-size\"><a href=\"https:\/\/www.ciencianews.com.br\/arquivos\/ACET\/IMAGENS\/livro\/epilogo.pdf\" target=\"_blank\" rel=\"noreferrer noopener\">Ep\u00edlogo<\/a><\/p>\n\n\n\n<p class=\"has-text-align-center has-medium-font-size\"><a href=\"https:\/\/www.ciencianews.com.br\/arquivos\/ACET\/IMAGENS\/livro\/sobre.pdf\" target=\"_blank\" rel=\"noreferrer noopener\">Sobre o Autor<\/a><\/p>\n<\/div>\n<\/div>\n","protected":false},"excerpt":{"rendered":"<p>Relatos de um cientista sobre suas pesquisas em doen\u00e7as do sangue e ambientais Sum\u00e1rio Capa e dedicat\u00f3rias Introdu\u00e7\u00e3o Meu maior desafio Como me tornei cientista Uma bronca definiu o meu futuro cient\u00edfico Durante o desemprego uma descoberta importante Eletroforese na [&hellip;]<\/p>\n","protected":false},"author":1,"featured_media":0,"parent":0,"menu_order":0,"comment_status":"closed","ping_status":"closed","template":"","meta":{"_uag_custom_page_level_css":"","_joinchat":[],"footnotes":""},"class_list":["post-6593","page","type-page","status-publish","hentry"],"uagb_featured_image_src":{"full":false,"thumbnail":false,"medium":false,"medium_large":false,"large":false,"1536x1536":false,"2048x2048":false,"post-thumbnail":false,"business-hub-blog":false,"business-hub-work":false},"uagb_author_info":{"display_name":"real","author_link":"https:\/\/www.ciencianews.com.br\/index.php\/author\/real\/"},"uagb_comment_info":0,"uagb_excerpt":"Relatos de um cientista sobre suas pesquisas em doen\u00e7as do sangue e ambientais Sum\u00e1rio Capa e dedicat\u00f3rias Introdu\u00e7\u00e3o Meu maior desafio Como me tornei cientista Uma bronca definiu o meu futuro cient\u00edfico Durante o desemprego uma descoberta importante Eletroforese na [&hellip;]","_links":{"self":[{"href":"https:\/\/www.ciencianews.com.br\/index.php\/wp-json\/wp\/v2\/pages\/6593","targetHints":{"allow":["GET"]}}],"collection":[{"href":"https:\/\/www.ciencianews.com.br\/index.php\/wp-json\/wp\/v2\/pages"}],"about":[{"href":"https:\/\/www.ciencianews.com.br\/index.php\/wp-json\/wp\/v2\/types\/page"}],"author":[{"embeddable":true,"href":"https:\/\/www.ciencianews.com.br\/index.php\/wp-json\/wp\/v2\/users\/1"}],"replies":[{"embeddable":true,"href":"https:\/\/www.ciencianews.com.br\/index.php\/wp-json\/wp\/v2\/comments?post=6593"}],"version-history":[{"count":12,"href":"https:\/\/www.ciencianews.com.br\/index.php\/wp-json\/wp\/v2\/pages\/6593\/revisions"}],"predecessor-version":[{"id":6605,"href":"https:\/\/www.ciencianews.com.br\/index.php\/wp-json\/wp\/v2\/pages\/6593\/revisions\/6605"}],"wp:attachment":[{"href":"https:\/\/www.ciencianews.com.br\/index.php\/wp-json\/wp\/v2\/media?parent=6593"}],"curies":[{"name":"wp","href":"https:\/\/api.w.org\/{rel}","templated":true}]}}