{"id":6799,"date":"2021-09-11T17:34:26","date_gmt":"2021-09-11T17:34:26","guid":{"rendered":"https:\/\/www.ciencianews.com.br\/?page_id=6799"},"modified":"2021-09-11T17:39:51","modified_gmt":"2021-09-11T17:39:51","slug":"livro-doencas-dos-eritrocitos","status":"publish","type":"page","link":"https:\/\/www.ciencianews.com.br\/index.php\/livro-doencas-dos-eritrocitos\/","title":{"rendered":"Livro: Doen\u00e7as dos Eritr\u00f3citos"},"content":{"rendered":"\n<h2 class=\"wp-block-heading\"><a href=\"https:\/\/ciencianews.com.br\/arquivos\/ACET\/IMAGENS\/cds_livros\/DoencaEritrocitos\/Cap1.pdf\" target=\"_blank\" rel=\"noreferrer noopener\">Cap\u00edtulo 1: Estrutura e fun\u00e7\u00f5es dos eritr\u00f3citos<\/a><\/h2>\n\n\n\n<h2 class=\"wp-block-heading\"><a rel=\"noreferrer noopener\" href=\"https:\/\/ciencianews.com.br\/arquivos\/ACET\/IMAGENS\/cds_livros\/DoencaEritrocitos\/Cap2.pdf\" target=\"_blank\">Cap\u00edtulo 2: Medula, hematopoiese e eritropoiese<\/a><\/h2>\n\n\n\n<h2 class=\"wp-block-heading\"><a rel=\"noreferrer noopener\" href=\"https:\/\/ciencianews.com.br\/arquivos\/ACET\/IMAGENS\/cds_livros\/DoencaEritrocitos\/Cap3.pdf\" target=\"_blank\">Cap\u00edtulo 3: Altera\u00e7oes que causam anemia e policitemia vera<\/a><\/h2>\n\n\n\n<h2 class=\"wp-block-heading\"><a href=\"https:\/\/ciencianews.com.br\/arquivos\/ACET\/IMAGENS\/cds_livros\/DoencaEritrocitos\/Cap4.pdf\" target=\"_blank\" rel=\"noreferrer noopener\">Cap\u00edtulo 4: Hemograma, eritrograma, anemias<\/a><\/h2>\n\n\n\n<h2 class=\"wp-block-heading\"><a rel=\"noreferrer noopener\" href=\"https:\/\/ciencianews.com.br\/arquivos\/ACET\/IMAGENS\/cds_livros\/DoencaEritrocitos\/Cap5.pdf\" target=\"_blank\">Cap\u00edtulo 5: Morfologias alteradas dos eritr\u00f3citos<\/a><\/h2>\n\n\n\n<h2 class=\"wp-block-heading\"><a rel=\"noreferrer noopener\" href=\"https:\/\/ciencianews.com.br\/arquivos\/ACET\/IMAGENS\/cds_livros\/DoencaEritrocitos\/Cap6.pdf\" target=\"_blank\">Cap\u00edtulo 6: Exames laboratoriais espec\u00edficos para anemias<\/a><\/h2>\n","protected":false},"excerpt":{"rendered":"<p>Cap\u00edtulo 1: Estrutura e fun\u00e7\u00f5es dos eritr\u00f3citos Cap\u00edtulo 2: Medula, hematopoiese e eritropoiese Cap\u00edtulo 3: Altera\u00e7oes que causam anemia e policitemia vera Cap\u00edtulo 4: Hemograma, eritrograma, anemias Cap\u00edtulo 5: Morfologias alteradas dos eritr\u00f3citos Cap\u00edtulo 6: Exames laboratoriais espec\u00edficos para anemias<\/p>\n","protected":false},"author":3,"featured_media":0,"parent":0,"menu_order":0,"comment_status":"closed","ping_status":"closed","template":"","meta":{"_uag_custom_page_level_css":"","_joinchat":[],"footnotes":""},"class_list":["post-6799","page","type-page","status-publish","hentry"],"uagb_featured_image_src":{"full":false,"thumbnail":false,"medium":false,"medium_large":false,"large":false,"1536x1536":false,"2048x2048":false,"post-thumbnail":false,"business-hub-blog":false,"business-hub-work":false},"uagb_author_info":{"display_name":"Academia de Ci\u00eancia e Tecnologia","author_link":"https:\/\/www.ciencianews.com.br\/index.php\/author\/administrador\/"},"uagb_comment_info":0,"uagb_excerpt":"Cap\u00edtulo 1: Estrutura e fun\u00e7\u00f5es dos eritr\u00f3citos Cap\u00edtulo 2: Medula, hematopoiese e eritropoiese Cap\u00edtulo 3: Altera\u00e7oes que causam anemia e policitemia vera Cap\u00edtulo 4: Hemograma, eritrograma, anemias Cap\u00edtulo 5: Morfologias alteradas dos eritr\u00f3citos Cap\u00edtulo 6: Exames laboratoriais espec\u00edficos para anemias","_links":{"self":[{"href":"https:\/\/www.ciencianews.com.br\/index.php\/wp-json\/wp\/v2\/pages\/6799","targetHints":{"allow":["GET"]}}],"collection":[{"href":"https:\/\/www.ciencianews.com.br\/index.php\/wp-json\/wp\/v2\/pages"}],"about":[{"href":"https:\/\/www.ciencianews.com.br\/index.php\/wp-json\/wp\/v2\/types\/page"}],"author":[{"embeddable":true,"href":"https:\/\/www.ciencianews.com.br\/index.php\/wp-json\/wp\/v2\/users\/3"}],"replies":[{"embeddable":true,"href":"https:\/\/www.ciencianews.com.br\/index.php\/wp-json\/wp\/v2\/comments?post=6799"}],"version-history":[{"count":5,"href":"https:\/\/www.ciencianews.com.br\/index.php\/wp-json\/wp\/v2\/pages\/6799\/revisions"}],"predecessor-version":[{"id":7957,"href":"https:\/\/www.ciencianews.com.br\/index.php\/wp-json\/wp\/v2\/pages\/6799\/revisions\/7957"}],"wp:attachment":[{"href":"https:\/\/www.ciencianews.com.br\/index.php\/wp-json\/wp\/v2\/media?parent=6799"}],"curies":[{"name":"wp","href":"https:\/\/api.w.org\/{rel}","templated":true}]}}