{"id":6847,"date":"2021-10-22T14:16:04","date_gmt":"2021-10-22T14:16:04","guid":{"rendered":"https:\/\/www.ciencianews.com.br\/?page_id=6847"},"modified":"2024-02-21T12:12:38","modified_gmt":"2024-02-21T12:12:38","slug":"smartbook-de-plaquetas","status":"publish","type":"page","link":"https:\/\/www.ciencianews.com.br\/index.php\/smartbook-de-plaquetas\/","title":{"rendered":"Formul\u00e1rio para acesso ao livro &#8220;SMARTBOOK DE PLAQUETAS&#8221;"},"content":{"rendered":"<div class=\"wpforms-container wpforms-container-full wpforms-block\" id=\"wpforms-7480\"><form id=\"wpforms-form-7480\" class=\"wpforms-validate wpforms-form\" data-formid=\"7480\" method=\"post\" enctype=\"multipart\/form-data\" action=\"\/index.php\/wp-json\/wp\/v2\/pages\/6847\" data-token=\"b69c5dd0e4cf50e01fb126b644bcb061\" data-token-time=\"1777472175\"><noscript class=\"wpforms-error-noscript\">Ative o JavaScript no seu navegador para preencher este formul\u00e1rio.<\/noscript><div class=\"wpforms-field-container\"><div id=\"wpforms-7480-field_0-container\" class=\"wpforms-field wpforms-field-name\" data-field-id=\"0\"><label class=\"wpforms-field-label\">Nome <span class=\"wpforms-required-label\">*<\/span><\/label><div class=\"wpforms-field-row wpforms-field-medium\"><div class=\"wpforms-field-row-block wpforms-first wpforms-one-half\"><input type=\"text\" id=\"wpforms-7480-field_0\" class=\"wpforms-field-name-first wpforms-field-required\" name=\"wpforms[fields][0][first]\" required><label for=\"wpforms-7480-field_0\" class=\"wpforms-field-sublabel after\">Nome<\/label><\/div><div class=\"wpforms-field-row-block wpforms-one-half\"><input type=\"text\" id=\"wpforms-7480-field_0-last\" class=\"wpforms-field-name-last wpforms-field-required\" name=\"wpforms[fields][0][last]\" required><label for=\"wpforms-7480-field_0-last\" class=\"wpforms-field-sublabel after\">Sobrenome<\/label><\/div><\/div><\/div><div id=\"wpforms-7480-field_1-container\" class=\"wpforms-field wpforms-field-email\" data-field-id=\"1\"><label class=\"wpforms-field-label\" for=\"wpforms-7480-field_1\">E-mail <span class=\"wpforms-required-label\">*<\/span><\/label><input type=\"email\" id=\"wpforms-7480-field_1\" class=\"wpforms-field-medium wpforms-field-required\" name=\"wpforms[fields][1]\" spellcheck=\"false\" required><\/div><div id=\"wpforms-7480-field_5-container\" class=\"wpforms-field wpforms-field-text\" data-field-id=\"5\"><label class=\"wpforms-field-label\" for=\"wpforms-7480-field_5\">Celular (whatsapp) <span class=\"wpforms-required-label\">*<\/span><\/label><input type=\"text\" id=\"wpforms-7480-field_5\" class=\"wpforms-field-medium wpforms-field-required\" name=\"wpforms[fields][5]\" required><\/div><div id=\"wpforms-7480-field_4-container\" class=\"wpforms-field wpforms-field-checkbox\" data-field-id=\"4\"><label class=\"wpforms-field-label\">Em quais desses cursos voc\u00ea teria interesse? <span class=\"wpforms-required-label\">*<\/span><\/label><ul id=\"wpforms-7480-field_4\" class=\"wpforms-field-required\"><li class=\"choice-1 depth-1\"><input type=\"checkbox\" id=\"wpforms-7480-field_4_1\" name=\"wpforms[fields][4][]\" value=\"P\u00f3s-Gradua\u00e7\u00e3o em An\u00e1lises Cl\u00ednicas\" required ><label class=\"wpforms-field-label-inline\" for=\"wpforms-7480-field_4_1\">P\u00f3s-Gradua\u00e7\u00e3o em An\u00e1lises Cl\u00ednicas<\/label><\/li><li class=\"choice-2 depth-1\"><input type=\"checkbox\" id=\"wpforms-7480-field_4_2\" name=\"wpforms[fields][4][]\" value=\"P\u00f3s-Gradua\u00e7\u00e3o em Hematologia e Banco de Sangue\" required ><label class=\"wpforms-field-label-inline\" for=\"wpforms-7480-field_4_2\">P\u00f3s-Gradua\u00e7\u00e3o em Hematologia e Banco de Sangue<\/label><\/li><li class=\"choice-3 depth-1\"><input type=\"checkbox\" id=\"wpforms-7480-field_4_3\" name=\"wpforms[fields][4][]\" value=\"P\u00f3s-Gradua\u00e7\u00e3o em Microbiologia Cl\u00ednica e Laboratorial\" required ><label class=\"wpforms-field-label-inline\" for=\"wpforms-7480-field_4_3\">P\u00f3s-Gradua\u00e7\u00e3o em Microbiologia Cl\u00ednica e Laboratorial<\/label><\/li><li class=\"choice-4 depth-1\"><input type=\"checkbox\" id=\"wpforms-7480-field_4_4\" name=\"wpforms[fields][4][]\" value=\"Preceptoria em Citologia Hematol\u00f3gica Avan\u00e7ada (online)\" required ><label class=\"wpforms-field-label-inline\" for=\"wpforms-7480-field_4_4\">Preceptoria em Citologia Hematol\u00f3gica Avan\u00e7ada (online)<\/label><\/li><li class=\"choice-5 depth-1\"><input type=\"checkbox\" id=\"wpforms-7480-field_4_5\" name=\"wpforms[fields][4][]\" value=\"No momento, n\u00e3o tenho interesse\" required ><label class=\"wpforms-field-label-inline\" for=\"wpforms-7480-field_4_5\">No momento, n\u00e3o tenho interesse<\/label><\/li><\/ul><\/div><\/div><!-- .wpforms-field-container --><div class=\"wpforms-recaptcha-container wpforms-is-recaptcha wpforms-is-recaptcha-type-v2\" ><div class=\"g-recaptcha\" data-sitekey=\"6Ld06MgZAAAAAPJGGgON_CiQkvS9HKr34s-AfXka\"><\/div><input type=\"text\" name=\"g-recaptcha-hidden\" class=\"wpforms-recaptcha-hidden\" style=\"position:absolute!important;clip:rect(0,0,0,0)!important;height:1px!important;width:1px!important;border:0!important;overflow:hidden!important;padding:0!important;margin:0!important;\" data-rule-recaptcha=\"1\"><\/div><div class=\"wpforms-submit-container\" ><input type=\"hidden\" name=\"wpforms[id]\" value=\"7480\"><input type=\"hidden\" name=\"page_title\" value=\"\"><input type=\"hidden\" name=\"page_url\" value=\"https:\/\/www.ciencianews.com.br\/index.php\/wp-json\/wp\/v2\/pages\/6847\"><input type=\"hidden\" name=\"url_referer\" value=\"\"><button type=\"submit\" name=\"wpforms[submit]\" id=\"wpforms-submit-7480\" class=\"wpforms-submit\" data-alt-text=\"Enviando...\" data-submit-text=\"Enviar\" aria-live=\"assertive\" value=\"wpforms-submit\">Enviar<\/button><\/div><\/form><\/div>  <!-- .wpforms-container -->","protected":false},"excerpt":{"rendered":"","protected":false},"author":3,"featured_media":0,"parent":0,"menu_order":0,"comment_status":"closed","ping_status":"closed","template":"","meta":{"_uag_custom_page_level_css":"","_joinchat":[],"footnotes":""},"class_list":["post-6847","page","type-page","status-publish","hentry"],"uagb_featured_image_src":{"full":false,"thumbnail":false,"medium":false,"medium_large":false,"large":false,"1536x1536":false,"2048x2048":false,"post-thumbnail":false,"business-hub-blog":false,"business-hub-work":false},"uagb_author_info":{"display_name":"Academia de Ci\u00eancia e Tecnologia","author_link":"https:\/\/www.ciencianews.com.br\/index.php\/author\/administrador\/"},"uagb_comment_info":0,"uagb_excerpt":null,"_links":{"self":[{"href":"https:\/\/www.ciencianews.com.br\/index.php\/wp-json\/wp\/v2\/pages\/6847","targetHints":{"allow":["GET"]}}],"collection":[{"href":"https:\/\/www.ciencianews.com.br\/index.php\/wp-json\/wp\/v2\/pages"}],"about":[{"href":"https:\/\/www.ciencianews.com.br\/index.php\/wp-json\/wp\/v2\/types\/page"}],"author":[{"embeddable":true,"href":"https:\/\/www.ciencianews.com.br\/index.php\/wp-json\/wp\/v2\/users\/3"}],"replies":[{"embeddable":true,"href":"https:\/\/www.ciencianews.com.br\/index.php\/wp-json\/wp\/v2\/comments?post=6847"}],"version-history":[{"count":12,"href":"https:\/\/www.ciencianews.com.br\/index.php\/wp-json\/wp\/v2\/pages\/6847\/revisions"}],"predecessor-version":[{"id":7482,"href":"https:\/\/www.ciencianews.com.br\/index.php\/wp-json\/wp\/v2\/pages\/6847\/revisions\/7482"}],"wp:attachment":[{"href":"https:\/\/www.ciencianews.com.br\/index.php\/wp-json\/wp\/v2\/media?parent=6847"}],"curies":[{"name":"wp","href":"https:\/\/api.w.org\/{rel}","templated":true}]}}